{"id":976,"date":"2018-09-13T22:25:21","date_gmt":"2018-09-13T22:25:21","guid":{"rendered":"http:\/\/veda.polac.cz\/?page_id=976"},"modified":"2018-10-27T18:56:09","modified_gmt":"2018-10-27T18:56:09","slug":"4-2","status":"publish","type":"page","link":"https:\/\/veda.polac.cz\/?page_id=976","title":{"rendered":""},"content":{"rendered":"<p style=\"text-align: center;\">Resum\u00e9 \u010dl\u00e1nku<\/p>\n<p><strong>Vliv soukrom\u00fdch bezpe\u010dnostn\u00edch spole\u010dnost\u00ed na vn\u00edm\u00e1n\u00ed bezpe\u010dnosti v \u010cesk\u00e9 republice<\/strong><br \/>\n<i>doc. Mgr. Old\u0159ich Bure\u0161, Ph.D., M.A.<\/p>\n<p><\/i>S odkazem na relevantn\u00ed poznatky ze zahrani\u010dn\u00ed literatury jsou v tomto textu p\u0159edstaveny zp\u016fsoby, kter\u00fdmi p\u016fsoben\u00ed soukrom\u00fdch bezpe\u010dnostn\u00edch slu\u017eeb v \u010cesk\u00e9 republice m\u016f\u017ee ovlivnit samotn\u00e9 vn\u00edm\u00e1n\u00ed bezpe\u010dnosti coby ve\u0159ejn\u00e9ho statku zaji\u0161\u0165ovan\u00e9ho st\u00e1tem v\u0161em ob\u010dan\u016fm.<br \/>\n<strong>Kl\u00ed\u010dov\u00e1 slova:<\/strong>\u00a0Soukrom\u00e1 bezpe\u010dnostn\u00ed slu\u017eba, vn\u00edm\u00e1n\u00ed bezpe\u010dnosti, \u010cesk\u00e1 republika.<i><br \/>\n<\/i><\/p>\n<p><a href=\"https:\/\/veda.polac.cz\/?page_id=968\">02\/2013<\/a><\/p>\n","protected":false},"excerpt":{"rendered":"<p>Resum\u00e9 \u010dl\u00e1nku Vliv soukrom\u00fdch bezpe\u010dnostn\u00edch spole\u010dnost\u00ed na vn\u00edm\u00e1n\u00ed bezpe\u010dnosti v \u010cesk\u00e9 republice doc. Mgr. Old\u0159ich Bure\u0161, Ph.D., M.A. S odkazem na relevantn\u00ed poznatky ze zahrani\u010dn\u00ed literatury jsou v tomto textu p\u0159edstaveny zp\u016fsoby, kter\u00fdmi p\u016fsoben\u00ed soukrom\u00fdch bezpe\u010dnostn\u00edch slu\u017eeb v \u010cesk\u00e9 republice m\u016f\u017ee ovlivnit samotn\u00e9 vn\u00edm\u00e1n\u00ed bezpe\u010dnosti coby ve\u0159ejn\u00e9ho statku zaji\u0161\u0165ovan\u00e9ho st\u00e1tem v\u0161em ob\u010dan\u016fm. Kl\u00ed\u010dov\u00e1 slova:\u00a0Soukrom\u00e1 bezpe\u010dnostn\u00ed [&hellip;]<\/p>\n","protected":false},"author":2,"featured_media":0,"parent":968,"menu_order":4,"comment_status":"closed","ping_status":"closed","template":"","meta":{"footnotes":""},"class_list":["post-976","page","type-page","status-publish","hentry"],"_links":{"self":[{"href":"https:\/\/veda.polac.cz\/index.php?rest_route=\/wp\/v2\/pages\/976","targetHints":{"allow":["GET"]}}],"collection":[{"href":"https:\/\/veda.polac.cz\/index.php?rest_route=\/wp\/v2\/pages"}],"about":[{"href":"https:\/\/veda.polac.cz\/index.php?rest_route=\/wp\/v2\/types\/page"}],"author":[{"embeddable":true,"href":"https:\/\/veda.polac.cz\/index.php?rest_route=\/wp\/v2\/users\/2"}],"replies":[{"embeddable":true,"href":"https:\/\/veda.polac.cz\/index.php?rest_route=%2Fwp%2Fv2%2Fcomments&post=976"}],"version-history":[{"count":2,"href":"https:\/\/veda.polac.cz\/index.php?rest_route=\/wp\/v2\/pages\/976\/revisions"}],"predecessor-version":[{"id":999,"href":"https:\/\/veda.polac.cz\/index.php?rest_route=\/wp\/v2\/pages\/976\/revisions\/999"}],"up":[{"embeddable":true,"href":"https:\/\/veda.polac.cz\/index.php?rest_route=\/wp\/v2\/pages\/968"}],"wp:attachment":[{"href":"https:\/\/veda.polac.cz\/index.php?rest_route=%2Fwp%2Fv2%2Fmedia&parent=976"}],"curies":[{"name":"wp","href":"https:\/\/api.w.org\/{rel}","templated":true}]}}