{"id":972,"date":"2018-09-13T22:23:15","date_gmt":"2018-09-13T22:23:15","guid":{"rendered":"http:\/\/veda.polac.cz\/?page_id=972"},"modified":"2018-10-27T18:56:09","modified_gmt":"2018-10-27T18:56:09","slug":"2-2","status":"publish","type":"page","link":"https:\/\/veda.polac.cz\/?page_id=972","title":{"rendered":""},"content":{"rendered":"<p style=\"text-align: center;\">Resum\u00e9 \u010dl\u00e1nku<\/p>\n<p><strong>Vn\u00fatorn\u00fd syst\u00e9m hodnotenia kvality vzdel\u00e1vania Akad\u00e9mie Policajn\u00e9ho zboru v Bratislave<\/strong><br \/>\n<i>doc. JUDr. \u013dubo\u0161 W\u00e4ldl, PhD., prof. Ing. Jozef Hal\u00e1dik, PhD.<\/p>\n<p><\/i>Syst\u00e9m intern\u00e9ho zabezpe\u010dovania kvality vzdel\u00e1vania poskytovan\u00e9ho na akad\u00e9mii sa zameriava na priebe\u017en\u00e9 sledovanie a vyhodnocovanie \u00farovne osvojenia si vedomost\u00ed a rozvoja zru\u010dnost\u00ed \u0161tudentmi dan\u00e9ho \u0161tudijn\u00e9ho programu, pou\u017e\u00edvan\u00fdch met\u00f3d vzdel\u00e1vania, pravidiel overovania nadob\u00fadania vedomost\u00ed a rozvoja zru\u010dnost\u00ed, hodnotenie kvality vzdel\u00e1vania samotn\u00fdmi \u0161tudentmi, realiz\u00e1cie autoevalv\u00e1cie vzdel\u00e1vania na \u00farovni katedier a hodnotenie kvality vzdel\u00e1vania poskytnut\u00e9ho absolventom akad\u00e9mie ich nadriaden\u00fdmi. Autori prezentuj\u00fa v\u00fdstupn\u00e9 inform\u00e1cie z h\u013eadiska jednotliv\u00fdch komponentov v s\u00fa\u010dasnosti uplat\u0148ovan\u00e9ho syst\u00e9mu intern\u00e9ho zabezpe\u010dovania kvality \u010dinnosti akad\u00e9mie v oblasti vzdel\u00e1vania, ktor\u00e9 boli z\u00edskan\u00e9 v\u00fdskumom v akademickom roku 2011\/2012.<br \/>\n<strong>K\u013e\u00fa\u010dov\u00e9 slov\u00e1:\u00a0<\/strong>kvalita vzdel\u00e1vania, syst\u00e9m hodnotenia kvality, sebahodnotenie, krit\u00e9ri\u00e1 na efekt\u00edvne hodnotenie kvality, \u00farove\u0148 vedomost\u00ed, uplatnenie absolventov.<\/p>\n<p><a href=\"https:\/\/veda.polac.cz\/?page_id=968\">02\/2013<\/a><\/p>\n","protected":false},"excerpt":{"rendered":"<p>Resum\u00e9 \u010dl\u00e1nku Vn\u00fatorn\u00fd syst\u00e9m hodnotenia kvality vzdel\u00e1vania Akad\u00e9mie Policajn\u00e9ho zboru v Bratislave doc. JUDr. \u013dubo\u0161 W\u00e4ldl, PhD., prof. Ing. Jozef Hal\u00e1dik, PhD. Syst\u00e9m intern\u00e9ho zabezpe\u010dovania kvality vzdel\u00e1vania poskytovan\u00e9ho na akad\u00e9mii sa zameriava na priebe\u017en\u00e9 sledovanie a vyhodnocovanie \u00farovne osvojenia si vedomost\u00ed a rozvoja zru\u010dnost\u00ed \u0161tudentmi dan\u00e9ho \u0161tudijn\u00e9ho programu, pou\u017e\u00edvan\u00fdch met\u00f3d vzdel\u00e1vania, pravidiel overovania nadob\u00fadania vedomost\u00ed [&hellip;]<\/p>\n","protected":false},"author":2,"featured_media":0,"parent":968,"menu_order":2,"comment_status":"closed","ping_status":"closed","template":"","meta":{"footnotes":""},"class_list":["post-972","page","type-page","status-publish","hentry"],"_links":{"self":[{"href":"https:\/\/veda.polac.cz\/index.php?rest_route=\/wp\/v2\/pages\/972","targetHints":{"allow":["GET"]}}],"collection":[{"href":"https:\/\/veda.polac.cz\/index.php?rest_route=\/wp\/v2\/pages"}],"about":[{"href":"https:\/\/veda.polac.cz\/index.php?rest_route=\/wp\/v2\/types\/page"}],"author":[{"embeddable":true,"href":"https:\/\/veda.polac.cz\/index.php?rest_route=\/wp\/v2\/users\/2"}],"replies":[{"embeddable":true,"href":"https:\/\/veda.polac.cz\/index.php?rest_route=%2Fwp%2Fv2%2Fcomments&post=972"}],"version-history":[{"count":2,"href":"https:\/\/veda.polac.cz\/index.php?rest_route=\/wp\/v2\/pages\/972\/revisions"}],"predecessor-version":[{"id":997,"href":"https:\/\/veda.polac.cz\/index.php?rest_route=\/wp\/v2\/pages\/972\/revisions\/997"}],"up":[{"embeddable":true,"href":"https:\/\/veda.polac.cz\/index.php?rest_route=\/wp\/v2\/pages\/968"}],"wp:attachment":[{"href":"https:\/\/veda.polac.cz\/index.php?rest_route=%2Fwp%2Fv2%2Fmedia&parent=972"}],"curies":[{"name":"wp","href":"https:\/\/api.w.org\/{rel}","templated":true}]}}