{"id":953,"date":"2018-09-13T22:21:44","date_gmt":"2018-09-13T22:21:44","guid":{"rendered":"http:\/\/veda.polac.cz\/?page_id=953"},"modified":"2018-10-27T18:56:09","modified_gmt":"2018-10-27T18:56:09","slug":"1-2","status":"publish","type":"page","link":"https:\/\/veda.polac.cz\/?page_id=953","title":{"rendered":""},"content":{"rendered":"<p style=\"text-align: center;\">Resum\u00e9 \u010dl\u00e1nku<\/p>\n<p><strong>Kointegra\u010dn\u00ed anal\u00fdza ro\u010dn\u00edch \u010dasov\u00fdch \u0159ad vybran\u00fdch statistik Policie \u010cesk\u00e9 republiky<\/strong><br \/>\n<i>Dr. Zden\u011bk Kova\u0159\u00edk, CSc.<\/i><\/p>\n<p>P\u0159edlo\u017een\u00e1 sta\u0165 zkoum\u00e1 vztah po\u010dtu policist\u016f, zji\u0161t\u011bn\u00e9 a objasn\u011bn\u00e9 kriminality v \u010cesk\u00e9 republice. Zam\u011b\u0159uje se na pokro\u010dilej\u0161\u00ed anal\u00fdzu t\u011bchto ukazatel\u016f, kdy je anal\u00fdza pojata komplexn\u011bji a \u010dasov\u00e9 \u0159ady jsou analyzov\u00e1ny ve vz\u00e1jemn\u00fdch vztaz\u00edch i jako jeden syst\u00e9m. Z komplexn\u00ed povahy probl\u00e9mu je z\u0159ejm\u00e9, \u017ee do vztahu dan\u00fdch prom\u011bnn\u00fdch vch\u00e1z\u00ed \u0159ada dal\u0161\u00edch vliv\u016f, kter\u00e9 nejsme schopni ani detailn\u011b rozkr\u00fdt, nato\u017e zabudovat do smyslupln\u00e9ho modelu. Je z\u0159ejm\u00e9, \u017ee nelze pominout p\u0159edev\u0161\u00edm nasazen\u00ed a kvalitu pr\u00e1ce jednotliv\u00fdch policist\u016f a syst\u00e9m \u0159\u00edd\u00edc\u00ed pr\u00e1ce u Policie \u010cesk\u00e9 republiky. Lze p\u0159edpokl\u00e1dat, \u017ee pokud bychom tyto prom\u011bnn\u00e9 za\u0159adili v kvantifikovan\u00e9 podob\u011b do modelu anal\u00fdzy, dostali bychom adekv\u00e1tn\u011bj\u0161\u00ed v\u00fdsledky ne\u017e modely, obsahuj\u00edc\u00ed pouze dva ukazatele.<br \/>\n<strong>Kl\u00ed\u010dov\u00e1 slova:<\/strong>\u00a0po\u010det policist\u016f, objasn\u011bn\u00e1 kriminalita, zji\u0161t\u011bn\u00e1 kriminalita, jednorovnicov\u00fd model, dvourovnicov\u00fd model, trojrovnicov\u00fd model.<\/p>\n<p><a href=\"https:\/\/veda.polac.cz\/?page_id=968\">02\/2013<\/a><\/p>\n","protected":false},"excerpt":{"rendered":"<p>Resum\u00e9 \u010dl\u00e1nku Kointegra\u010dn\u00ed anal\u00fdza ro\u010dn\u00edch \u010dasov\u00fdch \u0159ad vybran\u00fdch statistik Policie \u010cesk\u00e9 republiky Dr. Zden\u011bk Kova\u0159\u00edk, CSc. P\u0159edlo\u017een\u00e1 sta\u0165 zkoum\u00e1 vztah po\u010dtu policist\u016f, zji\u0161t\u011bn\u00e9 a objasn\u011bn\u00e9 kriminality v \u010cesk\u00e9 republice. Zam\u011b\u0159uje se na pokro\u010dilej\u0161\u00ed anal\u00fdzu t\u011bchto ukazatel\u016f, kdy je anal\u00fdza pojata komplexn\u011bji a \u010dasov\u00e9 \u0159ady jsou analyzov\u00e1ny ve vz\u00e1jemn\u00fdch vztaz\u00edch i jako jeden syst\u00e9m. Z komplexn\u00ed [&hellip;]<\/p>\n","protected":false},"author":2,"featured_media":0,"parent":968,"menu_order":1,"comment_status":"closed","ping_status":"closed","template":"","meta":{"footnotes":""},"class_list":["post-953","page","type-page","status-publish","hentry"],"_links":{"self":[{"href":"https:\/\/veda.polac.cz\/index.php?rest_route=\/wp\/v2\/pages\/953","targetHints":{"allow":["GET"]}}],"collection":[{"href":"https:\/\/veda.polac.cz\/index.php?rest_route=\/wp\/v2\/pages"}],"about":[{"href":"https:\/\/veda.polac.cz\/index.php?rest_route=\/wp\/v2\/types\/page"}],"author":[{"embeddable":true,"href":"https:\/\/veda.polac.cz\/index.php?rest_route=\/wp\/v2\/users\/2"}],"replies":[{"embeddable":true,"href":"https:\/\/veda.polac.cz\/index.php?rest_route=%2Fwp%2Fv2%2Fcomments&post=953"}],"version-history":[{"count":3,"href":"https:\/\/veda.polac.cz\/index.php?rest_route=\/wp\/v2\/pages\/953\/revisions"}],"predecessor-version":[{"id":996,"href":"https:\/\/veda.polac.cz\/index.php?rest_route=\/wp\/v2\/pages\/953\/revisions\/996"}],"up":[{"embeddable":true,"href":"https:\/\/veda.polac.cz\/index.php?rest_route=\/wp\/v2\/pages\/968"}],"wp:attachment":[{"href":"https:\/\/veda.polac.cz\/index.php?rest_route=%2Fwp%2Fv2%2Fmedia&parent=953"}],"curies":[{"name":"wp","href":"https:\/\/api.w.org\/{rel}","templated":true}]}}