{"id":951,"date":"2018-09-13T22:12:07","date_gmt":"2018-09-13T22:12:07","guid":{"rendered":"http:\/\/veda.polac.cz\/?page_id=951"},"modified":"2018-10-27T18:56:09","modified_gmt":"2018-10-27T18:56:09","slug":"12-2","status":"publish","type":"page","link":"https:\/\/veda.polac.cz\/?page_id=951","title":{"rendered":""},"content":{"rendered":"<p style=\"text-align: center;\">Resum\u00e9 \u010dl\u00e1nku<\/p>\n<p><strong>Antikonfliktn\u00ed t\u00fdmy a ve\u0159ejn\u00e1 shrom\u00e1\u017ed\u011bn\u00ed extremistick\u00fdch skupin<br \/>\n<\/strong><i>pplk. Mgr. Barbora Vegrichtov\u00e1, MBA<\/p>\n<p><\/i>\u010cl\u00e1nek popisuje aktivity Antikonfliktn\u00edch t\u00fdm\u016f v \u010cesk\u00e9 republice, jejich \u00fa\u010del a roli v r\u00e1mci protiextremistick\u00fdch aktivity bezpe\u010dnostn\u00edch slo\u017eek v \u010cesk\u00e9 republice. D\u00e1le vysv\u011btluje filosofii Antikonfliktn\u00ed t\u00fdm\u016f, z\u00e1kladn\u00ed strategick\u00e9 postupy a hlavn\u00ed pravomoci. D\u00e1le \u010dl\u00e1nek vysv\u011btluje v\u00fdznam Antikonfliktn\u00edch t\u00fdm\u016f a obdobn\u00fdch preventivn\u00edch aktivit, kter\u00e9 tvo\u0159\u00ed \u010d\u00e1st strategie vl\u00e1dy \u010cR v boji proti extremismu.<br \/>\n<strong>Kl\u00ed\u010dov\u00e1 slova:<\/strong>\u00a0Antikonfliktn\u00ed t\u00fdmy, extremismus, policie, prevence.<i><br \/>\n<\/i><\/p>\n<p><a href=\"https:\/\/veda.polac.cz\/?page_id=916\">03\/2013<\/a><\/p>\n","protected":false},"excerpt":{"rendered":"<p>Resum\u00e9 \u010dl\u00e1nku Antikonfliktn\u00ed t\u00fdmy a ve\u0159ejn\u00e1 shrom\u00e1\u017ed\u011bn\u00ed extremistick\u00fdch skupin pplk. Mgr. Barbora Vegrichtov\u00e1, MBA \u010cl\u00e1nek popisuje aktivity Antikonfliktn\u00edch t\u00fdm\u016f v \u010cesk\u00e9 republice, jejich \u00fa\u010del a roli v r\u00e1mci protiextremistick\u00fdch aktivity bezpe\u010dnostn\u00edch slo\u017eek v \u010cesk\u00e9 republice. D\u00e1le vysv\u011btluje filosofii Antikonfliktn\u00ed t\u00fdm\u016f, z\u00e1kladn\u00ed strategick\u00e9 postupy a hlavn\u00ed pravomoci. D\u00e1le \u010dl\u00e1nek vysv\u011btluje v\u00fdznam Antikonfliktn\u00edch t\u00fdm\u016f a obdobn\u00fdch preventivn\u00edch [&hellip;]<\/p>\n","protected":false},"author":2,"featured_media":0,"parent":916,"menu_order":12,"comment_status":"closed","ping_status":"closed","template":"","meta":{"footnotes":""},"class_list":["post-951","page","type-page","status-publish","hentry"],"_links":{"self":[{"href":"https:\/\/veda.polac.cz\/index.php?rest_route=\/wp\/v2\/pages\/951","targetHints":{"allow":["GET"]}}],"collection":[{"href":"https:\/\/veda.polac.cz\/index.php?rest_route=\/wp\/v2\/pages"}],"about":[{"href":"https:\/\/veda.polac.cz\/index.php?rest_route=\/wp\/v2\/types\/page"}],"author":[{"embeddable":true,"href":"https:\/\/veda.polac.cz\/index.php?rest_route=\/wp\/v2\/users\/2"}],"replies":[{"embeddable":true,"href":"https:\/\/veda.polac.cz\/index.php?rest_route=%2Fwp%2Fv2%2Fcomments&post=951"}],"version-history":[{"count":2,"href":"https:\/\/veda.polac.cz\/index.php?rest_route=\/wp\/v2\/pages\/951\/revisions"}],"predecessor-version":[{"id":958,"href":"https:\/\/veda.polac.cz\/index.php?rest_route=\/wp\/v2\/pages\/951\/revisions\/958"}],"up":[{"embeddable":true,"href":"https:\/\/veda.polac.cz\/index.php?rest_route=\/wp\/v2\/pages\/916"}],"wp:attachment":[{"href":"https:\/\/veda.polac.cz\/index.php?rest_route=%2Fwp%2Fv2%2Fmedia&parent=951"}],"curies":[{"name":"wp","href":"https:\/\/api.w.org\/{rel}","templated":true}]}}