{"id":944,"date":"2018-09-13T22:09:08","date_gmt":"2018-09-13T22:09:08","guid":{"rendered":"http:\/\/veda.polac.cz\/?page_id=944"},"modified":"2018-10-27T18:56:09","modified_gmt":"2018-10-27T18:56:09","slug":"9-2","status":"publish","type":"page","link":"https:\/\/veda.polac.cz\/?page_id=944","title":{"rendered":""},"content":{"rendered":"<p style=\"text-align: center;\">Resum\u00e9 \u010dl\u00e1nku<\/p>\n<p><strong>Vstupn\u00e1 anal\u00fdza medzin\u00e1rodnej vedecko-v\u00fdskumnej \u00falohy &#8222;Znalec v pr\u00edpravnom konan\u00ed&#8220;<br \/>\n<\/strong><i>prof. JUDr. Mgr. Jana Viktoryov\u00e1, PhD., JUDr. Jaroslav Blatnick\u00fd, PhD., JUDr. \u0160tefan Ko\u010dan, PhD.<\/p>\n<p><\/i>Autori pod\u00e1vaj\u00fa preh\u013ead o dlhoro\u010dnej medzin\u00e1rodnej vedecko-v\u00fdskumnej \u010dinnosti medzi PA \u010cR v Prahe a Akad\u00e9miou PZ v Bratislave pri rie\u0161en\u00ed dvoch nosn\u00fdch v\u00fdskumn\u00fdch \u00faloh &#8222;Aktu\u00e1lne probl\u00e9my vy\u0161etrovania vybran\u00fdch druhov trestn\u00fdch \u010dinov&#8220; a &#8222;Znalec v pr\u00edpravnom konan\u00ed&#8220;, ktor\u00e9 na seba nadv\u00e4zuj\u00fa pri rie\u0161en\u00ed problematiky znaleck\u00e9ho sk\u00famania. V\u00fdskumn\u00e9 z\u00e1mery sa opieraj\u00fa o aplika\u010dn\u00fa prax, jej postrehy a n\u00e1vrhy, ako zefekt\u00edvni\u0165 a optimalizova\u0165 znaleck\u00e9 dokazovanie. Spojenie te\u00f3rie a praxe je nevyhnutn\u00e9 k dosiahnutiu vyu\u017eite\u013en\u00fdch a zd\u00f4vodnen\u00fdch v\u00fdstupov, ktor\u00e9 bud\u00fa m\u00f4c\u0165 prispie\u0165 aj do pripravovanej noveliz\u00e1cie Trestn\u00e9ho poriadku v Slovenskej republike.<br \/>\n<strong>K\u013e\u00fa\u010dov\u00e9 slov\u00e1:\u00a0<\/strong>d\u00f4kazn\u00e1 hodnota, znalec v pr\u00edpravnom konan\u00ed, znaleck\u00fd posudok, metodika v\u00fdskumu, trestno-procesn\u00e1 prax.<\/p>\n<p><a href=\"https:\/\/veda.polac.cz\/?page_id=916\">03\/2013<\/a><\/p>\n","protected":false},"excerpt":{"rendered":"<p>Resum\u00e9 \u010dl\u00e1nku Vstupn\u00e1 anal\u00fdza medzin\u00e1rodnej vedecko-v\u00fdskumnej \u00falohy &#8222;Znalec v pr\u00edpravnom konan\u00ed&#8220; prof. JUDr. Mgr. Jana Viktoryov\u00e1, PhD., JUDr. Jaroslav Blatnick\u00fd, PhD., JUDr. \u0160tefan Ko\u010dan, PhD. Autori pod\u00e1vaj\u00fa preh\u013ead o dlhoro\u010dnej medzin\u00e1rodnej vedecko-v\u00fdskumnej \u010dinnosti medzi PA \u010cR v Prahe a Akad\u00e9miou PZ v Bratislave pri rie\u0161en\u00ed dvoch nosn\u00fdch v\u00fdskumn\u00fdch \u00faloh &#8222;Aktu\u00e1lne probl\u00e9my vy\u0161etrovania vybran\u00fdch druhov trestn\u00fdch [&hellip;]<\/p>\n","protected":false},"author":2,"featured_media":0,"parent":916,"menu_order":9,"comment_status":"closed","ping_status":"closed","template":"","meta":{"footnotes":""},"class_list":["post-944","page","type-page","status-publish","hentry"],"_links":{"self":[{"href":"https:\/\/veda.polac.cz\/index.php?rest_route=\/wp\/v2\/pages\/944","targetHints":{"allow":["GET"]}}],"collection":[{"href":"https:\/\/veda.polac.cz\/index.php?rest_route=\/wp\/v2\/pages"}],"about":[{"href":"https:\/\/veda.polac.cz\/index.php?rest_route=\/wp\/v2\/types\/page"}],"author":[{"embeddable":true,"href":"https:\/\/veda.polac.cz\/index.php?rest_route=\/wp\/v2\/users\/2"}],"replies":[{"embeddable":true,"href":"https:\/\/veda.polac.cz\/index.php?rest_route=%2Fwp%2Fv2%2Fcomments&post=944"}],"version-history":[{"count":2,"href":"https:\/\/veda.polac.cz\/index.php?rest_route=\/wp\/v2\/pages\/944\/revisions"}],"predecessor-version":[{"id":967,"href":"https:\/\/veda.polac.cz\/index.php?rest_route=\/wp\/v2\/pages\/944\/revisions\/967"}],"up":[{"embeddable":true,"href":"https:\/\/veda.polac.cz\/index.php?rest_route=\/wp\/v2\/pages\/916"}],"wp:attachment":[{"href":"https:\/\/veda.polac.cz\/index.php?rest_route=%2Fwp%2Fv2%2Fmedia&parent=944"}],"curies":[{"name":"wp","href":"https:\/\/api.w.org\/{rel}","templated":true}]}}