{"id":930,"date":"2018-09-13T22:02:10","date_gmt":"2018-09-13T22:02:10","guid":{"rendered":"http:\/\/veda.polac.cz\/?page_id=930"},"modified":"2018-10-27T18:56:09","modified_gmt":"2018-10-27T18:56:09","slug":"2-2","status":"publish","type":"page","link":"https:\/\/veda.polac.cz\/?page_id=930","title":{"rendered":""},"content":{"rendered":"<p style=\"text-align: center;\">Resum\u00e9 \u010dl\u00e1nku<\/p>\n<p><strong>Mezin\u00e1rodn\u00ed srovn\u00e1n\u00ed stavu a trend\u016f v\u00fdvoje kriminality (star\u00e9 a nov\u00e9 probl\u00e9my s jeho vypov\u00eddac\u00ed hodnotou)<br \/>\n<\/strong><i>PhDr. Alena Mare\u0161ov\u00e1, Ph.D.<\/p>\n<p><\/i>Z\u00e1kladn\u00edm momentem efektivnosti srovn\u00e1n\u00ed mezin\u00e1rodn\u00edch statistik o kriminalit\u011b je validita statistick\u00fdch dat pr\u00e1v\u011b s ohledem na jejich srovnatelnost. Nejen metodika zpracov\u00e1n\u00ed statistick\u00fdch dat o kriminalit\u011b, ale i u\u017eit\u00e9 pojmy ozna\u010duj\u00edc\u00ed jednotliv\u00e9 krimin\u00e1ln\u00ed jevy, zp\u016fsoby sb\u011bru dat, kontinuita dat v \u010dase, platn\u00fd trestn\u00ed z\u00e1kon\u2026 atd., to v\u0161e v\u00fdznamn\u011b ovliv\u0148uje informace o st\u00e1vaj\u00edc\u00ed kriminalit\u011b ve sv\u011bt\u011b. V sou\u010dasnosti se mezin\u00e1rodn\u00ed v\u00fdm\u011bna informac\u00ed o kriminalit\u011b ukazuje jako nezbytn\u00e1 a pokusy o harmonizaci krimin\u00e1ln\u00edch statistik v r\u00e1mci EU ji\u017e prob\u00edhaj\u00ed.<br \/>\n<strong>Kl\u00ed\u010dov\u00e1 slova:<\/strong>\u00a0statistika, srovn\u00e1n\u00ed dat, trendy kriminality, trestn\u00ed z\u00e1konod\u00e1rstv\u00ed, mezin\u00e1rodn\u00ed klasifikace trestn\u00fdch \u010din\u016f<\/p>\n<p><a href=\"https:\/\/veda.polac.cz\/?page_id=916\">03\/2013<\/a><\/p>\n","protected":false},"excerpt":{"rendered":"<p>Resum\u00e9 \u010dl\u00e1nku Mezin\u00e1rodn\u00ed srovn\u00e1n\u00ed stavu a trend\u016f v\u00fdvoje kriminality (star\u00e9 a nov\u00e9 probl\u00e9my s jeho vypov\u00eddac\u00ed hodnotou) PhDr. Alena Mare\u0161ov\u00e1, Ph.D. Z\u00e1kladn\u00edm momentem efektivnosti srovn\u00e1n\u00ed mezin\u00e1rodn\u00edch statistik o kriminalit\u011b je validita statistick\u00fdch dat pr\u00e1v\u011b s ohledem na jejich srovnatelnost. Nejen metodika zpracov\u00e1n\u00ed statistick\u00fdch dat o kriminalit\u011b, ale i u\u017eit\u00e9 pojmy ozna\u010duj\u00edc\u00ed jednotliv\u00e9 krimin\u00e1ln\u00ed jevy, zp\u016fsoby [&hellip;]<\/p>\n","protected":false},"author":2,"featured_media":0,"parent":916,"menu_order":2,"comment_status":"closed","ping_status":"closed","template":"","meta":{"footnotes":""},"class_list":["post-930","page","type-page","status-publish","hentry"],"_links":{"self":[{"href":"https:\/\/veda.polac.cz\/index.php?rest_route=\/wp\/v2\/pages\/930","targetHints":{"allow":["GET"]}}],"collection":[{"href":"https:\/\/veda.polac.cz\/index.php?rest_route=\/wp\/v2\/pages"}],"about":[{"href":"https:\/\/veda.polac.cz\/index.php?rest_route=\/wp\/v2\/types\/page"}],"author":[{"embeddable":true,"href":"https:\/\/veda.polac.cz\/index.php?rest_route=\/wp\/v2\/users\/2"}],"replies":[{"embeddable":true,"href":"https:\/\/veda.polac.cz\/index.php?rest_route=%2Fwp%2Fv2%2Fcomments&post=930"}],"version-history":[{"count":2,"href":"https:\/\/veda.polac.cz\/index.php?rest_route=\/wp\/v2\/pages\/930\/revisions"}],"predecessor-version":[{"id":960,"href":"https:\/\/veda.polac.cz\/index.php?rest_route=\/wp\/v2\/pages\/930\/revisions\/960"}],"up":[{"embeddable":true,"href":"https:\/\/veda.polac.cz\/index.php?rest_route=\/wp\/v2\/pages\/916"}],"wp:attachment":[{"href":"https:\/\/veda.polac.cz\/index.php?rest_route=%2Fwp%2Fv2%2Fmedia&parent=930"}],"curies":[{"name":"wp","href":"https:\/\/api.w.org\/{rel}","templated":true}]}}