{"id":905,"date":"2018-09-13T21:47:55","date_gmt":"2018-09-13T21:47:55","guid":{"rendered":"http:\/\/veda.polac.cz\/?page_id=905"},"modified":"2018-10-27T18:54:12","modified_gmt":"2018-10-27T18:54:12","slug":"7-2","status":"publish","type":"page","link":"https:\/\/veda.polac.cz\/?page_id=905","title":{"rendered":""},"content":{"rendered":"<p style=\"text-align: center;\">Resum\u00e9 \u010dl\u00e1nku<\/p>\n<p><strong>Vy\u0161etrovanie dom\u00e1ceho n\u00e1silia v podmienkach SR<br \/>\n<\/strong><i>prof. JUDr. Mgr. Jana Viktoryov\u00e1, PhD., JUDr. Ladislav Vajzer, doc. JUDr. \u0160tefan Ko\u010dan, PhD.,<\/p>\n<p><\/i>Predlo\u017een\u00e1 \u0161t\u00fadia, ktor\u00e1 vych\u00e1dza zo Z\u00e1vere\u010dnej spr\u00e1vy k medzin\u00e1rodnej vedecko-v\u00fdskumnej \u00falohe &#8222;Aktu\u00e1lne probl\u00e9my vy\u0161etrovania vybran\u00fdch druhov trestn\u00fdch \u010dinov&#8220; sa venuje problematike v\u00fdsluchu po\u0161kodenej osoby a svedka v pr\u00edpravnom trestnom konan\u00ed, vedenom v s\u00favislosti s p\u00e1chan\u00edm dom\u00e1ceho n\u00e1silia a s t\u00fdm s\u00favisiacemu riziku sekund\u00e1rnej viktimiz\u00e1cie obete tohto n\u00e1silia. Pozornos\u0165 zameriava na vybran\u00e9 z\u00e1sady, ktor\u00e9 je potrebn\u00e9 pou\u017e\u00edva\u0165 pri uvedenom procesnom \u00fakone ako aj sp\u00f4sob ich aplik\u00e1cie. Okrem toho sa venuje vyhodnoteniu v\u00fdsledkov aplik\u00e1cie opr\u00e1vnenia policajta vyk\u00e1za\u0165 n\u00e1siln\u00fa osobu zo spolo\u010dn\u00e9ho obydlia v policajnej praxi. Zameriava sa predov\u0161etk\u00fdm na pozit\u00edvne sk\u00fasenosti spojen\u00e9 s uplat\u0148ovan\u00edm tohto opr\u00e1vnenia. Vyjadruje taktie\u017e svoj postoj k vyu\u017eitiu met\u00f3dy SARA SK pri vzdel\u00e1van\u00ed policajtov v problematike identifik\u00e1cie dom\u00e1ceho n\u00e1silia.<br \/>\n<strong>K\u013e\u00fa\u010dov\u00e9 slov\u00e1:<\/strong>\u00a0dom\u00e1ce n\u00e1silie, n\u00e1silie p\u00e1chan\u00e9 na \u017een\u00e1ch a de\u0165och, v\u00fdsluch dospelej po\u0161kodenej osoby, v\u00fdsluch maloletej a mladistvej osoby, sekund\u00e1rna viktimiz\u00e1cia, v\u00fdsluch svedka, empatick\u00fd pr\u00edstup, met\u00f3da SARA SK, vyk\u00e1zanie osoby zo spolo\u010dn\u00e9ho obydlia.<\/p>\n<p><a href=\"https:\/\/veda.polac.cz\/?page_id=891\">04\/2013<\/a><\/p>\n","protected":false},"excerpt":{"rendered":"<p>Resum\u00e9 \u010dl\u00e1nku Vy\u0161etrovanie dom\u00e1ceho n\u00e1silia v podmienkach SR prof. JUDr. Mgr. Jana Viktoryov\u00e1, PhD., JUDr. Ladislav Vajzer, doc. JUDr. \u0160tefan Ko\u010dan, PhD., Predlo\u017een\u00e1 \u0161t\u00fadia, ktor\u00e1 vych\u00e1dza zo Z\u00e1vere\u010dnej spr\u00e1vy k medzin\u00e1rodnej vedecko-v\u00fdskumnej \u00falohe &#8222;Aktu\u00e1lne probl\u00e9my vy\u0161etrovania vybran\u00fdch druhov trestn\u00fdch \u010dinov&#8220; sa venuje problematike v\u00fdsluchu po\u0161kodenej osoby a svedka v pr\u00edpravnom trestnom konan\u00ed, vedenom v s\u00favislosti [&hellip;]<\/p>\n","protected":false},"author":2,"featured_media":0,"parent":891,"menu_order":7,"comment_status":"closed","ping_status":"closed","template":"","meta":{"footnotes":""},"class_list":["post-905","page","type-page","status-publish","hentry"],"_links":{"self":[{"href":"https:\/\/veda.polac.cz\/index.php?rest_route=\/wp\/v2\/pages\/905","targetHints":{"allow":["GET"]}}],"collection":[{"href":"https:\/\/veda.polac.cz\/index.php?rest_route=\/wp\/v2\/pages"}],"about":[{"href":"https:\/\/veda.polac.cz\/index.php?rest_route=\/wp\/v2\/types\/page"}],"author":[{"embeddable":true,"href":"https:\/\/veda.polac.cz\/index.php?rest_route=\/wp\/v2\/users\/2"}],"replies":[{"embeddable":true,"href":"https:\/\/veda.polac.cz\/index.php?rest_route=%2Fwp%2Fv2%2Fcomments&post=905"}],"version-history":[{"count":2,"href":"https:\/\/veda.polac.cz\/index.php?rest_route=\/wp\/v2\/pages\/905\/revisions"}],"predecessor-version":[{"id":926,"href":"https:\/\/veda.polac.cz\/index.php?rest_route=\/wp\/v2\/pages\/905\/revisions\/926"}],"up":[{"embeddable":true,"href":"https:\/\/veda.polac.cz\/index.php?rest_route=\/wp\/v2\/pages\/891"}],"wp:attachment":[{"href":"https:\/\/veda.polac.cz\/index.php?rest_route=%2Fwp%2Fv2%2Fmedia&parent=905"}],"curies":[{"name":"wp","href":"https:\/\/api.w.org\/{rel}","templated":true}]}}