{"id":897,"date":"2018-09-13T21:43:51","date_gmt":"2018-09-13T21:43:51","guid":{"rendered":"http:\/\/veda.polac.cz\/?page_id=897"},"modified":"2018-10-27T18:54:12","modified_gmt":"2018-10-27T18:54:12","slug":"3-2","status":"publish","type":"page","link":"https:\/\/veda.polac.cz\/?page_id=897","title":{"rendered":""},"content":{"rendered":"<p style=\"text-align: center;\">Resum\u00e9 \u010dl\u00e1nku<\/p>\n<p><strong>Doru\u010dov\u00e1n\u00ed p\u00edsemnost\u00ed podle spr\u00e1vn\u00edho \u0159\u00e1du elektronickou formou<br \/>\n<\/strong><i>JUDr. Zden\u011bk Fiala, Ph.D.<\/p>\n<p><\/i>V tomto p\u0159\u00edsp\u011bvku je v\u011bnov\u00e1na pozornost elektronick\u00e9mu doru\u010dov\u00e1n\u00ed p\u00edsemnost\u00ed podle spr\u00e1vn\u00edho \u0159\u00e1du mezi jednotliv\u00fdmi subjekty spr\u00e1vn\u00edho \u0159\u00edzen\u00ed navz\u00e1jem. V z\u00e1v\u011bru \u010dl\u00e1nku se autor zab\u00fdv\u00e1 rovn\u011b\u017e elektronickou podobou procesn\u00edch \u00fakon\u016f.<br \/>\n<strong>Kl\u00ed\u010dov\u00e1 slova:<\/strong>\u00a0doru\u010dov\u00e1n\u00ed, datov\u00e1 schr\u00e1nka, elektronick\u00e1 adresa, elektronick\u00e1 \u00fa\u0159edn\u00ed deska.<\/p>\n<p><a href=\"https:\/\/veda.polac.cz\/?page_id=891\">04\/2013<\/a><\/p>\n","protected":false},"excerpt":{"rendered":"<p>Resum\u00e9 \u010dl\u00e1nku Doru\u010dov\u00e1n\u00ed p\u00edsemnost\u00ed podle spr\u00e1vn\u00edho \u0159\u00e1du elektronickou formou JUDr. Zden\u011bk Fiala, Ph.D. V tomto p\u0159\u00edsp\u011bvku je v\u011bnov\u00e1na pozornost elektronick\u00e9mu doru\u010dov\u00e1n\u00ed p\u00edsemnost\u00ed podle spr\u00e1vn\u00edho \u0159\u00e1du mezi jednotliv\u00fdmi subjekty spr\u00e1vn\u00edho \u0159\u00edzen\u00ed navz\u00e1jem. V z\u00e1v\u011bru \u010dl\u00e1nku se autor zab\u00fdv\u00e1 rovn\u011b\u017e elektronickou podobou procesn\u00edch \u00fakon\u016f. Kl\u00ed\u010dov\u00e1 slova:\u00a0doru\u010dov\u00e1n\u00ed, datov\u00e1 schr\u00e1nka, elektronick\u00e1 adresa, elektronick\u00e1 \u00fa\u0159edn\u00ed deska. 04\/2013<\/p>\n","protected":false},"author":2,"featured_media":0,"parent":891,"menu_order":3,"comment_status":"closed","ping_status":"closed","template":"","meta":{"footnotes":""},"class_list":["post-897","page","type-page","status-publish","hentry"],"_links":{"self":[{"href":"https:\/\/veda.polac.cz\/index.php?rest_route=\/wp\/v2\/pages\/897","targetHints":{"allow":["GET"]}}],"collection":[{"href":"https:\/\/veda.polac.cz\/index.php?rest_route=\/wp\/v2\/pages"}],"about":[{"href":"https:\/\/veda.polac.cz\/index.php?rest_route=\/wp\/v2\/types\/page"}],"author":[{"embeddable":true,"href":"https:\/\/veda.polac.cz\/index.php?rest_route=\/wp\/v2\/users\/2"}],"replies":[{"embeddable":true,"href":"https:\/\/veda.polac.cz\/index.php?rest_route=%2Fwp%2Fv2%2Fcomments&post=897"}],"version-history":[{"count":2,"href":"https:\/\/veda.polac.cz\/index.php?rest_route=\/wp\/v2\/pages\/897\/revisions"}],"predecessor-version":[{"id":922,"href":"https:\/\/veda.polac.cz\/index.php?rest_route=\/wp\/v2\/pages\/897\/revisions\/922"}],"up":[{"embeddable":true,"href":"https:\/\/veda.polac.cz\/index.php?rest_route=\/wp\/v2\/pages\/891"}],"wp:attachment":[{"href":"https:\/\/veda.polac.cz\/index.php?rest_route=%2Fwp%2Fv2%2Fmedia&parent=897"}],"curies":[{"name":"wp","href":"https:\/\/api.w.org\/{rel}","templated":true}]}}