{"id":891,"date":"2018-09-13T21:40:31","date_gmt":"2018-09-13T21:40:31","guid":{"rendered":"http:\/\/veda.polac.cz\/?page_id=891"},"modified":"2019-04-18T10:47:18","modified_gmt":"2019-04-18T10:47:18","slug":"04-2013","status":"publish","type":"page","link":"https:\/\/veda.polac.cz\/?page_id=891","title":{"rendered":"04\/2013"},"content":{"rendered":"<p><a href=\"https:\/\/veda.polac.cz\/?page_id=874\"><strong>Koncept Advanced Persistent Threat: jeho u\u017eit\u00ed a p\u0159\u00edpady <\/strong><\/a><br \/>\nAlena Leci\u00e1nov\u00e1, Mgr Martin Bastl, Ph.D.<\/p>\n<hr \/>\n<p><a href=\"https:\/\/veda.polac.cz\/?page_id=895\"><strong>Proces tvorby sc\u00e9n\u00e1\u0159\u016f &#8211; komparace vybran\u00fdch metodik <\/strong><\/a><br \/>\nIng. Stanislav Burian, Ph.D.<\/p>\n<hr \/>\n<p><a href=\"https:\/\/veda.polac.cz\/?page_id=897\"><strong>Doru\u010dov\u00e1n\u00ed p\u00edsemnost\u00ed podle spr\u00e1vn\u00edho \u0159\u00e1du elektronickou formou <\/strong><\/a><br \/>\nJUDr. Zden\u011bk Fiala, PhD.<\/p>\n<hr \/>\n<p><a href=\"https:\/\/veda.polac.cz\/?page_id=899\"><strong>Kybergrooming (2. \u010d\u00e1st) <\/strong><\/a><br \/>\nBc. Lenka Klivandov\u00e1, Mgr. Luk\u00e1\u0161 Urban, Ph.D.<\/p>\n<hr \/>\n<p><a href=\"https:\/\/veda.polac.cz\/?page_id=901\"><strong>Syndrom \u00famrt\u00ed po zadr\u017een\u00ed <\/strong><\/a><br \/>\npplk. Mgr. Tom\u00e1\u0161 Novotn\u00fd<\/p>\n<hr \/>\n<p><a href=\"https:\/\/veda.polac.cz\/?page_id=903\"><strong>Biologick\u00fd terorismus &#8211; extrapolace bezpe\u010dnostn\u00ed hrozby <\/strong><\/a><br \/>\nMgr. Jakub Drmola<\/p>\n<hr \/>\n<p><a href=\"https:\/\/veda.polac.cz\/?page_id=905\"><strong>Vy\u0161etrovanie dom\u00e1ceho n\u00e1silia v podmienkach SR <\/strong><\/a><br \/>\nprof. JUDr. Mgr. Jana Viktoryov\u00e1, PhD., JUDr. Ladislav Vajzer, doc. JUDr. \u0160tefan Ko\u010dan, PhD.<\/p>\n<hr \/>\n<p><a href=\"https:\/\/veda.polac.cz\/?page_id=907\"><strong>V\u00fdvoj kriminalistick\u00fdch aspekt\u016f v trestn\u00edm pr\u00e1vu procesn\u00edm <\/strong><\/a><br \/>\nplk. JUDr. Franti\u0161ek Vavera, Ph.D.<\/p>\n<hr \/>\n<p><a href=\"https:\/\/veda.polac.cz\/?page_id=909\"><strong>Z\u00e1kladn\u00ed bezpe\u010dnostn\u00ed chyby v internetov\u00fdch obchodech <\/strong><\/a><br \/>\nIng. Pavel Hrdli\u010dka, Ph.D.<\/p>\n<hr \/>\n<p><a href=\"https:\/\/veda.polac.cz\/?page_id=911\"><strong>Rozvoj policajnej psychol\u00f3gie <\/strong><\/a><br \/>\nprof. PhDr. J\u00e1n \u010cech, CSc.<\/p>\n<hr \/>\n<p><strong>Recenze publikace: Smol\u00edk, Josef. N\u00e1rodn\u00ed strana v kontextu krajn\u00ed pravice: 2003-2012. <\/strong><br \/>\nMgr. Alena Kajanov\u00e1, Ph.D.<\/p>\n<hr \/>\n<p><strong>Manu\u00e1l postupu p\u0159i anal\u00fdze kriminality <\/strong><br \/>\nRecenze publikace &#8222;Anal\u00fdza kriminality v 60 kroc\u00edch&#8220;<br \/>\nMgr. Bc. Vladim\u00edr Oliberius<\/p>\n<hr \/>\n<p><a href=\"https:\/\/veda.polac.cz\/?page_id=235\">Zp\u011bt<\/a><\/p>\n","protected":false},"excerpt":{"rendered":"<p>Koncept Advanced Persistent Threat: jeho u\u017eit\u00ed a p\u0159\u00edpady Alena Leci\u00e1nov\u00e1, Mgr Martin Bastl, Ph.D. Proces tvorby sc\u00e9n\u00e1\u0159\u016f &#8211; komparace vybran\u00fdch metodik Ing. Stanislav Burian, Ph.D. Doru\u010dov\u00e1n\u00ed p\u00edsemnost\u00ed podle spr\u00e1vn\u00edho \u0159\u00e1du elektronickou formou JUDr. Zden\u011bk Fiala, PhD. Kybergrooming (2. \u010d\u00e1st) Bc. Lenka Klivandov\u00e1, Mgr. Luk\u00e1\u0161 Urban, Ph.D. Syndrom \u00famrt\u00ed po zadr\u017een\u00ed pplk. Mgr. Tom\u00e1\u0161 Novotn\u00fd Biologick\u00fd [&hellip;]<\/p>\n","protected":false},"author":2,"featured_media":0,"parent":235,"menu_order":13,"comment_status":"closed","ping_status":"closed","template":"","meta":{"footnotes":""},"class_list":["post-891","page","type-page","status-publish","hentry"],"_links":{"self":[{"href":"https:\/\/veda.polac.cz\/index.php?rest_route=\/wp\/v2\/pages\/891","targetHints":{"allow":["GET"]}}],"collection":[{"href":"https:\/\/veda.polac.cz\/index.php?rest_route=\/wp\/v2\/pages"}],"about":[{"href":"https:\/\/veda.polac.cz\/index.php?rest_route=\/wp\/v2\/types\/page"}],"author":[{"embeddable":true,"href":"https:\/\/veda.polac.cz\/index.php?rest_route=\/wp\/v2\/users\/2"}],"replies":[{"embeddable":true,"href":"https:\/\/veda.polac.cz\/index.php?rest_route=%2Fwp%2Fv2%2Fcomments&post=891"}],"version-history":[{"count":3,"href":"https:\/\/veda.polac.cz\/index.php?rest_route=\/wp\/v2\/pages\/891\/revisions"}],"predecessor-version":[{"id":2635,"href":"https:\/\/veda.polac.cz\/index.php?rest_route=\/wp\/v2\/pages\/891\/revisions\/2635"}],"up":[{"embeddable":true,"href":"https:\/\/veda.polac.cz\/index.php?rest_route=\/wp\/v2\/pages\/235"}],"wp:attachment":[{"href":"https:\/\/veda.polac.cz\/index.php?rest_route=%2Fwp%2Fv2%2Fmedia&parent=891"}],"curies":[{"name":"wp","href":"https:\/\/api.w.org\/{rel}","templated":true}]}}