{"id":872,"date":"2018-09-13T21:22:36","date_gmt":"2018-09-13T21:22:36","guid":{"rendered":"http:\/\/veda.polac.cz\/?page_id=872"},"modified":"2018-10-27T18:54:12","modified_gmt":"2018-10-27T18:54:12","slug":"12-2","status":"publish","type":"page","link":"https:\/\/veda.polac.cz\/?page_id=872","title":{"rendered":""},"content":{"rendered":"<p style=\"text-align: center;\">Resum\u00e9 \u010dl\u00e1nku<\/p>\n<p><strong>Paradigma bezpe\u010dnostn\u00edho managementu a jeho zm\u011bna<br \/>\n<\/strong><i>doc. Ing. Roman Zuz\u00e1k, Ph.D., Vysok\u00e1 \u0161kola ekonomie a managementu, Praha<\/p>\n<p><\/i>Sou\u010dasn\u00fd glob\u00e1ln\u00ed sv\u011bt a charakter zm\u011bn v n\u011bm sou\u010dasn\u011b vytv\u00e1\u0159\u00ed zm\u011bny v charakteru nebezpe\u010d\u00ed a jeho nov\u00e9 formy. To vyvol\u00e1v\u00e1 po\u017eadavek na vytv\u00e1\u0159en\u00ed syst\u00e9m\u016f, kter\u00e9 budou omezovat mo\u017enost vzniku nebezpe\u010d\u00ed nebo p\u0159i jeho p\u016fsoben\u00ed sni\u017eovat negativn\u00ed dopady. Paradigma bezpe\u010dnostn\u00edho managementu by m\u011blo v\u00e9st k \u0159e\u0161en\u00ed bezpe\u010dnostn\u00edch probl\u00e9m\u016f a ke zpracov\u00e1n\u00ed model\u016f t\u011bchto \u0159e\u0161en\u00ed. P\u0159\u00edsp\u011bvek se zab\u00fdv\u00e1 n\u011bkter\u00fdmi aspekty vytv\u00e1\u0159en\u00ed paradigmatu bezpe\u010dnostn\u00edho managementu a jeho zm\u011bnami v n\u00e1vaznosti na zm\u011bny ve vn\u011bj\u0161\u00edm prost\u0159ed\u00ed.<br \/>\n<strong>Kl\u00ed\u010dov\u00e1 slova:<\/strong>\u00a0paradigma, bezpe\u010dnostn\u00ed management, nebezpe\u010d\u00ed, riziko, krize.<i><br \/>\n<\/i><\/p>\n<p><a href=\"https:\/\/veda.polac.cz\/?page_id=848\">01\/2014<\/a><\/p>\n","protected":false},"excerpt":{"rendered":"<p>Resum\u00e9 \u010dl\u00e1nku Paradigma bezpe\u010dnostn\u00edho managementu a jeho zm\u011bna doc. Ing. Roman Zuz\u00e1k, Ph.D., Vysok\u00e1 \u0161kola ekonomie a managementu, Praha Sou\u010dasn\u00fd glob\u00e1ln\u00ed sv\u011bt a charakter zm\u011bn v n\u011bm sou\u010dasn\u011b vytv\u00e1\u0159\u00ed zm\u011bny v charakteru nebezpe\u010d\u00ed a jeho nov\u00e9 formy. To vyvol\u00e1v\u00e1 po\u017eadavek na vytv\u00e1\u0159en\u00ed syst\u00e9m\u016f, kter\u00e9 budou omezovat mo\u017enost vzniku nebezpe\u010d\u00ed nebo p\u0159i jeho p\u016fsoben\u00ed sni\u017eovat negativn\u00ed [&hellip;]<\/p>\n","protected":false},"author":2,"featured_media":0,"parent":848,"menu_order":12,"comment_status":"closed","ping_status":"closed","template":"","meta":{"footnotes":""},"class_list":["post-872","page","type-page","status-publish","hentry"],"_links":{"self":[{"href":"https:\/\/veda.polac.cz\/index.php?rest_route=\/wp\/v2\/pages\/872","targetHints":{"allow":["GET"]}}],"collection":[{"href":"https:\/\/veda.polac.cz\/index.php?rest_route=\/wp\/v2\/pages"}],"about":[{"href":"https:\/\/veda.polac.cz\/index.php?rest_route=\/wp\/v2\/types\/page"}],"author":[{"embeddable":true,"href":"https:\/\/veda.polac.cz\/index.php?rest_route=\/wp\/v2\/users\/2"}],"replies":[{"embeddable":true,"href":"https:\/\/veda.polac.cz\/index.php?rest_route=%2Fwp%2Fv2%2Fcomments&post=872"}],"version-history":[{"count":2,"href":"https:\/\/veda.polac.cz\/index.php?rest_route=\/wp\/v2\/pages\/872\/revisions"}],"predecessor-version":[{"id":889,"href":"https:\/\/veda.polac.cz\/index.php?rest_route=\/wp\/v2\/pages\/872\/revisions\/889"}],"up":[{"embeddable":true,"href":"https:\/\/veda.polac.cz\/index.php?rest_route=\/wp\/v2\/pages\/848"}],"wp:attachment":[{"href":"https:\/\/veda.polac.cz\/index.php?rest_route=%2Fwp%2Fv2%2Fmedia&parent=872"}],"curies":[{"name":"wp","href":"https:\/\/api.w.org\/{rel}","templated":true}]}}