{"id":824,"date":"2018-09-13T20:58:47","date_gmt":"2018-09-13T20:58:47","guid":{"rendered":"http:\/\/veda.polac.cz\/?page_id=824"},"modified":"2018-10-27T19:01:13","modified_gmt":"2018-10-27T19:01:13","slug":"4-2","status":"publish","type":"page","link":"https:\/\/veda.polac.cz\/?page_id=824","title":{"rendered":""},"content":{"rendered":"<p style=\"text-align: center;\">Resum\u00e9 \u010dl\u00e1nku<\/p>\n<p><strong>Dilema jako eticko-filosofick\u00e9 a psychologick\u00e9 t\u00e9ma<br \/>\n<\/strong><i>PhDr. Petr Nesvadba, CSc., Fakulta bezpe\u010dnostn\u00edho managementu PA \u010cR v Praze, katedra spole\u010densk\u00fdch v\u011bd<\/p>\n<p><\/i>Autor se zab\u00fdv\u00e1 problematikou dilematu. \u00damysln\u011b se pohybuje v\u00fdlu\u010dn\u011b v r\u00e1mci diskursu eticko-filosofick\u00e9ho a psychologick\u00e9ho. Vych\u00e1z\u00ed z v\u00fdkladu pojm\u016f &#8222;probl\u00e9m&#8220; a &#8222;dilema&#8220;, pot\u00e9 navrhuje typologii dilematick\u00fdch situac\u00ed, a to jak podle krit\u00e9ria jejich samotn\u00e9 konstrukce (objektivn\u00ed struktury), tak podle krit\u00e9ria jejich interpretace a \u0159e\u0161en\u00ed subjektem. Specificky zkoum\u00e1 dilematick\u00e9 situace v rovin\u011b mravn\u00ed, mor\u00e1ln\u00ed a etick\u00e9, p\u0159i\u010dem\u017e se pokou\u0161\u00ed uveden\u00e9 druhy situac\u00ed v\u00fdznamov\u011b odli\u0161it.<br \/>\n<strong>Kl\u00ed\u010dov\u00e1 slova:<\/strong>\u00a0Dilema, etika, mor\u00e1lka, mravnost, probl\u00e9m.<\/p>\n<p><a href=\"https:\/\/veda.polac.cz\/?page_id=815\">02\/2014<\/a><\/p>\n","protected":false},"excerpt":{"rendered":"<p>Resum\u00e9 \u010dl\u00e1nku Dilema jako eticko-filosofick\u00e9 a psychologick\u00e9 t\u00e9ma PhDr. Petr Nesvadba, CSc., Fakulta bezpe\u010dnostn\u00edho managementu PA \u010cR v Praze, katedra spole\u010densk\u00fdch v\u011bd Autor se zab\u00fdv\u00e1 problematikou dilematu. \u00damysln\u011b se pohybuje v\u00fdlu\u010dn\u011b v r\u00e1mci diskursu eticko-filosofick\u00e9ho a psychologick\u00e9ho. Vych\u00e1z\u00ed z v\u00fdkladu pojm\u016f &#8222;probl\u00e9m&#8220; a &#8222;dilema&#8220;, pot\u00e9 navrhuje typologii dilematick\u00fdch situac\u00ed, a to jak podle krit\u00e9ria jejich [&hellip;]<\/p>\n","protected":false},"author":2,"featured_media":0,"parent":815,"menu_order":4,"comment_status":"closed","ping_status":"closed","template":"","meta":{"footnotes":""},"class_list":["post-824","page","type-page","status-publish","hentry"],"_links":{"self":[{"href":"https:\/\/veda.polac.cz\/index.php?rest_route=\/wp\/v2\/pages\/824","targetHints":{"allow":["GET"]}}],"collection":[{"href":"https:\/\/veda.polac.cz\/index.php?rest_route=\/wp\/v2\/pages"}],"about":[{"href":"https:\/\/veda.polac.cz\/index.php?rest_route=\/wp\/v2\/types\/page"}],"author":[{"embeddable":true,"href":"https:\/\/veda.polac.cz\/index.php?rest_route=\/wp\/v2\/users\/2"}],"replies":[{"embeddable":true,"href":"https:\/\/veda.polac.cz\/index.php?rest_route=%2Fwp%2Fv2%2Fcomments&post=824"}],"version-history":[{"count":2,"href":"https:\/\/veda.polac.cz\/index.php?rest_route=\/wp\/v2\/pages\/824\/revisions"}],"predecessor-version":[{"id":840,"href":"https:\/\/veda.polac.cz\/index.php?rest_route=\/wp\/v2\/pages\/824\/revisions\/840"}],"up":[{"embeddable":true,"href":"https:\/\/veda.polac.cz\/index.php?rest_route=\/wp\/v2\/pages\/815"}],"wp:attachment":[{"href":"https:\/\/veda.polac.cz\/index.php?rest_route=%2Fwp%2Fv2%2Fmedia&parent=824"}],"curies":[{"name":"wp","href":"https:\/\/api.w.org\/{rel}","templated":true}]}}