{"id":804,"date":"2018-09-13T20:55:01","date_gmt":"2018-09-13T20:55:01","guid":{"rendered":"http:\/\/veda.polac.cz\/?page_id=804"},"modified":"2018-10-27T18:53:26","modified_gmt":"2018-10-27T18:53:26","slug":"1-2","status":"publish","type":"page","link":"https:\/\/veda.polac.cz\/?page_id=804","title":{"rendered":""},"content":{"rendered":"<p style=\"text-align: center;\">Resum\u00e9 \u010dl\u00e1nku<\/p>\n<p><strong>P\u016fsoben\u00ed strategick\u00e9ho zam\u011b\u0159en\u00ed \u010desk\u00e9ho a sask\u00e9ho policejn\u00edho sboru na vz\u00e1jemnou spolupr\u00e1ci<br \/>\n<\/strong><i>JUDr. J\u00f6rg Petermann, Policejn\u00ed \u0159editelstv\u00ed Zwickau, SRN, policejn\u00ed rada<\/i><\/p>\n<p>\u010cl\u00e1nek se zab\u00fdv\u00e1 t\u00e9matikou strategick\u00e9ho managementu v n\u00e1rodn\u00edch organizac\u00edch s bezpe\u010dnostn\u00edmi \u00falohami v oblasti rozvoje jejich vz\u00e1jemn\u00e9 mezin\u00e1rodn\u00ed spolupr\u00e1ce. Koopera\u010dn\u00ed vztahy t\u011bchto instituc\u00ed maj\u00ed se z\u0159etelem k sou\u010dasn\u00e9mu spole\u010densk\u00e9mu rozvoji ve st\u00e1tech Evropsk\u00e9 unie vysokou aktu\u00e1ln\u00ed brizanci. Hlavn\u00edm c\u00edlem v\u00fdzkumn\u00e9ho projektu tud\u00ed\u017e je anal\u00fdzou a zhodnocen\u00edm spolupr\u00e1ce mezi n\u011bmeck\u00fdm a \u010desk\u00fdm policejn\u00edm sborem, v\u010detn\u011b limituj\u00edc\u00edch r\u00e1mcov\u00fdch podm\u00ednek uvnit\u0159 a vn\u011b t\u011bchto organizac\u00ed, z\u00edskat poznatky ke zkvalitn\u011bn\u00ed spolupr\u00e1ce a z toho vytvo\u0159it doporu\u010den\u00ed pro p\u0159\u00edslu\u0161n\u00e9 mana\u017eersk\u00e9 koncepty \u0159e\u0161en\u00ed problematiky. V\u00fdsledky maj\u00ed slou\u017eit \u0159\u00edd\u00edc\u00edmu managementu dot\u010den\u00fdch policejn\u00edch organizac\u00ed jako spolehliv\u00fd informa\u010dn\u00ed zdroj poznatk\u016f v r\u00e1mci strategick\u00e9ho procesu pl\u00e1nov\u00e1n\u00ed.<br \/>\n<strong>Kl\u00ed\u010dov\u00e1 slova:<\/strong>\u00a0evropsk\u00fd bezpe\u010dnostn\u00ed prostor, evropsk\u00fd bezpe\u010dnostn\u00ed strategie, koncepce vnit\u0159n\u00ed bezpe\u010dnost\u00ed Evropsk\u00e9 unie, v\u00fdvoj mezin\u00e1rodn\u00edch policejn\u00edch organiza\u010dn\u00edch strategi\u00ed, mezin\u00e1rodn\u00ed spolupr\u00e1ce policejn\u00edch organizac\u00ed, evropsk\u00fd policejn\u00ed kooperace, Policie \u010cesk\u00e9 republiky, Policie Svobodn\u00e9ho st\u00e1tu Sasko, p\u0159eshrani\u010dn\u00ed kriminalita, mezin\u00e1rodn\u00ed policejn\u00ed management, mezin\u00e1rodn\u00ed strategick\u00fd management.<\/p>\n<p><a href=\"https:\/\/veda.polac.cz\/?page_id=815\">02\/2014<\/a><\/p>\n","protected":false},"excerpt":{"rendered":"<p>Resum\u00e9 \u010dl\u00e1nku P\u016fsoben\u00ed strategick\u00e9ho zam\u011b\u0159en\u00ed \u010desk\u00e9ho a sask\u00e9ho policejn\u00edho sboru na vz\u00e1jemnou spolupr\u00e1ci JUDr. J\u00f6rg Petermann, Policejn\u00ed \u0159editelstv\u00ed Zwickau, SRN, policejn\u00ed rada \u010cl\u00e1nek se zab\u00fdv\u00e1 t\u00e9matikou strategick\u00e9ho managementu v n\u00e1rodn\u00edch organizac\u00edch s bezpe\u010dnostn\u00edmi \u00falohami v oblasti rozvoje jejich vz\u00e1jemn\u00e9 mezin\u00e1rodn\u00ed spolupr\u00e1ce. Koopera\u010dn\u00ed vztahy t\u011bchto instituc\u00ed maj\u00ed se z\u0159etelem k sou\u010dasn\u00e9mu spole\u010densk\u00e9mu rozvoji ve st\u00e1tech Evropsk\u00e9 [&hellip;]<\/p>\n","protected":false},"author":2,"featured_media":0,"parent":815,"menu_order":1,"comment_status":"closed","ping_status":"closed","template":"","meta":{"footnotes":""},"class_list":["post-804","page","type-page","status-publish","hentry"],"_links":{"self":[{"href":"https:\/\/veda.polac.cz\/index.php?rest_route=\/wp\/v2\/pages\/804","targetHints":{"allow":["GET"]}}],"collection":[{"href":"https:\/\/veda.polac.cz\/index.php?rest_route=\/wp\/v2\/pages"}],"about":[{"href":"https:\/\/veda.polac.cz\/index.php?rest_route=\/wp\/v2\/types\/page"}],"author":[{"embeddable":true,"href":"https:\/\/veda.polac.cz\/index.php?rest_route=\/wp\/v2\/users\/2"}],"replies":[{"embeddable":true,"href":"https:\/\/veda.polac.cz\/index.php?rest_route=%2Fwp%2Fv2%2Fcomments&post=804"}],"version-history":[{"count":3,"href":"https:\/\/veda.polac.cz\/index.php?rest_route=\/wp\/v2\/pages\/804\/revisions"}],"predecessor-version":[{"id":846,"href":"https:\/\/veda.polac.cz\/index.php?rest_route=\/wp\/v2\/pages\/804\/revisions\/846"}],"up":[{"embeddable":true,"href":"https:\/\/veda.polac.cz\/index.php?rest_route=\/wp\/v2\/pages\/815"}],"wp:attachment":[{"href":"https:\/\/veda.polac.cz\/index.php?rest_route=%2Fwp%2Fv2%2Fmedia&parent=804"}],"curies":[{"name":"wp","href":"https:\/\/api.w.org\/{rel}","templated":true}]}}