{"id":798,"date":"2018-09-13T20:44:01","date_gmt":"2018-09-13T20:44:01","guid":{"rendered":"http:\/\/veda.polac.cz\/?page_id=798"},"modified":"2018-10-27T18:53:26","modified_gmt":"2018-10-27T18:53:26","slug":"6-2","status":"publish","type":"page","link":"https:\/\/veda.polac.cz\/?page_id=798","title":{"rendered":""},"content":{"rendered":"<p style=\"text-align: center;\">Resum\u00e9 \u010dl\u00e1nku<\/p>\n<p><strong>Specifick\u00fd model zaji\u0161\u0165ov\u00e1n\u00ed bezpe\u010dnosti v n\u011bkter\u00fdch statut\u00e1rn\u00edch m\u011bstech Rakouska<br \/>\n<\/strong><i>Mgr. Old\u0159ich Krul\u00edk, Ph.D., Fakulta bezpe\u010dnostn\u00edho managementu PA \u010cR v Praze, katedra krizov\u00e9ho \u0159\u00edzen\u00ed<\/p>\n<p><\/i>P\u0159\u00edsp\u011bvek je v\u011bnov\u00e1n specifik\u016fm zaji\u0161\u0165ov\u00e1n\u00ed m\u00edstn\u00edch z\u00e1le\u017eitost\u00ed ve\u0159ejn\u00e9ho po\u0159\u00e1dku ve statut\u00e1rn\u00edch m\u011bstech Rakouska, T\u011bm toti\u017e \u00fastava zapov\u00edd\u00e1 vytv\u00e1\u0159en\u00ed obecn\u00edch polici\u00ed a tato m\u011bsta tak n\u011bkdy vol\u00ed relativn\u011b netypick\u00e9 p\u0159\u00edstupy, jak takov\u00e9 omezen\u00ed p\u0159eklenout.<br \/>\n<strong>Kl\u00ed\u010dov\u00e1 slova:<\/strong>\u00a0Rakousko, statut\u00e1rn\u00ed m\u011bsta, m\u00edstn\u00ed z\u00e1le\u017eitosti ve\u0159ejn\u00e9ho po\u0159\u00e1dku, privatizace bezpe\u010dnosti.<\/p>\n<p><a href=\"https:\/\/veda.polac.cz\/?page_id=785\">03\/2014<\/a><\/p>\n","protected":false},"excerpt":{"rendered":"<p>Resum\u00e9 \u010dl\u00e1nku Specifick\u00fd model zaji\u0161\u0165ov\u00e1n\u00ed bezpe\u010dnosti v n\u011bkter\u00fdch statut\u00e1rn\u00edch m\u011bstech Rakouska Mgr. Old\u0159ich Krul\u00edk, Ph.D., Fakulta bezpe\u010dnostn\u00edho managementu PA \u010cR v Praze, katedra krizov\u00e9ho \u0159\u00edzen\u00ed P\u0159\u00edsp\u011bvek je v\u011bnov\u00e1n specifik\u016fm zaji\u0161\u0165ov\u00e1n\u00ed m\u00edstn\u00edch z\u00e1le\u017eitost\u00ed ve\u0159ejn\u00e9ho po\u0159\u00e1dku ve statut\u00e1rn\u00edch m\u011bstech Rakouska, T\u011bm toti\u017e \u00fastava zapov\u00edd\u00e1 vytv\u00e1\u0159en\u00ed obecn\u00edch polici\u00ed a tato m\u011bsta tak n\u011bkdy vol\u00ed relativn\u011b netypick\u00e9 p\u0159\u00edstupy, jak [&hellip;]<\/p>\n","protected":false},"author":2,"featured_media":0,"parent":785,"menu_order":6,"comment_status":"closed","ping_status":"closed","template":"","meta":{"footnotes":""},"class_list":["post-798","page","type-page","status-publish","hentry"],"_links":{"self":[{"href":"https:\/\/veda.polac.cz\/index.php?rest_route=\/wp\/v2\/pages\/798","targetHints":{"allow":["GET"]}}],"collection":[{"href":"https:\/\/veda.polac.cz\/index.php?rest_route=\/wp\/v2\/pages"}],"about":[{"href":"https:\/\/veda.polac.cz\/index.php?rest_route=\/wp\/v2\/types\/page"}],"author":[{"embeddable":true,"href":"https:\/\/veda.polac.cz\/index.php?rest_route=\/wp\/v2\/users\/2"}],"replies":[{"embeddable":true,"href":"https:\/\/veda.polac.cz\/index.php?rest_route=%2Fwp%2Fv2%2Fcomments&post=798"}],"version-history":[{"count":2,"href":"https:\/\/veda.polac.cz\/index.php?rest_route=\/wp\/v2\/pages\/798\/revisions"}],"predecessor-version":[{"id":812,"href":"https:\/\/veda.polac.cz\/index.php?rest_route=\/wp\/v2\/pages\/798\/revisions\/812"}],"up":[{"embeddable":true,"href":"https:\/\/veda.polac.cz\/index.php?rest_route=\/wp\/v2\/pages\/785"}],"wp:attachment":[{"href":"https:\/\/veda.polac.cz\/index.php?rest_route=%2Fwp%2Fv2%2Fmedia&parent=798"}],"curies":[{"name":"wp","href":"https:\/\/api.w.org\/{rel}","templated":true}]}}