{"id":7827,"date":"2026-03-26T13:52:34","date_gmt":"2026-03-26T13:52:34","guid":{"rendered":"https:\/\/veda.polac.cz\/?page_id=7827"},"modified":"2026-03-26T13:54:47","modified_gmt":"2026-03-26T13:54:47","slug":"7827-2","status":"publish","type":"page","link":"https:\/\/veda.polac.cz\/?page_id=7827","title":{"rendered":""},"content":{"rendered":"<p style=\"text-align: center;\">Resum\u00e9 \u010dl\u00e1nku<\/p>\n<p><strong>\u201eT\u0159et\u00ed pozice\u201c jako specifick\u00fd aspekt soci\u00e1ln\u00edho a\u00a0politick\u00e9ho spektra n\u011bkter\u00fdch st\u00e1t\u016f st\u0159edn\u00ed a v\u00fdchodn\u00ed Evropy<\/strong><\/p>\n<p><em>plk. Mgr. Krist\u00fdna Holubov\u00e1, Ph.D., Policejn\u00ed akademie \u0106esk\u00e9 republiky v\u00a0Praze, fakulta bezpe\u010dnostn\u00edho managementu, katedra krizov\u00e9ho \u0159\u00edzen\u00ed<\/em><\/p>\n<p><em>Mgr. Lenka Jakubcov\u00e1, Ph.D., <\/em><em>Policejn\u00ed akademie \u010cesk\u00e9 republiky v\u00a0Praze, fakulta bezpe\u010dnostn\u00edho managementu, katedra krizov\u00e9ho \u0159\u00edzen\u00ed<\/em><\/p>\n<p><em>Mgr. Petr Kl\u00edma, MPA, <\/em><em>Ministerstvo vnitra \u010cesk\u00e9 republiky, Odbor prevence kriminality<\/em><\/p>\n<p><em>doc. Mgr. Old\u0159ich Krul\u00edk, Ph.D., <\/em><em>Policie \u010cesk\u00e9 republiky,<\/em> <em>\u00da\u0159ad slu\u017eby krimin\u00e1ln\u00ed policie a\u00a0vy\u0161et\u0159ov\u00e1n\u00ed, odbor centr\u00e1ln\u00ed analytiky<\/em><\/p>\n<p><strong>Abstrakt<\/strong><\/p>\n<p>\u010cl\u00e1nek se zab\u00fdv\u00e1 ideologick\u00fdm fenom\u00e9nem tzv. <em>t\u0159et\u00ed pozice<\/em>, je\u017e p\u0159edstavuje eklektickou synt\u00e9zu krajn\u011b pravicov\u00fdch, levicov\u00fdch a jinak odli\u0161n\u00fdch narativ\u016f (nacionalismus, antisemitismus, antikapitalismus, environmentalismus, duchovn\u00ed konzervatismus atd.). <em>T\u0159et\u00ed pozice<\/em> je autory vn\u00edm\u00e1na jako subkultura p\u016fsob\u00edc\u00ed na periferii politick\u00e9ho spektra, jej\u00edm\u017e c\u00edlem je redefinovat extremismus mimo tradi\u010dn\u00ed pravo-levou dichotomii. P\u0159\u00edsp\u011bvek mapuje projevy tohoto fenom\u00e9nu ve vybran\u00fdch zem\u00edch st\u0159edn\u00ed a v\u00fdchodn\u00ed Evropy (Polsko, \u010cesk\u00e1 republika, Slovensko, Estonsko) a\u00a0v postsov\u011btsk\u00e9m prostoru (Ukrajina, Rusk\u00e1 federace), kde je ideologicky interpretov\u00e1na v r\u00e1mci \u0161ir\u0161\u00edch hybridn\u00edch strategi\u00ed. Optikou bezpe\u010dnosti m\u016f\u017ee b\u00fdt <em>t\u0159et\u00ed pozice <\/em>vn\u00edm\u00e1na jako potenci\u00e1ln\u00ed nositel destabilizuj\u00edc\u00edch narativ\u016f, kter\u00e9 lze vyu\u017e\u00edt k\u00a0oslaben\u00ed d\u016fv\u011bry ve st\u00e1tn\u00ed instituce, polarizaci spole\u010dnosti a\u00a0zpochybn\u011bn\u00ed demokratick\u00fdch hodnot. Sou\u010d\u00e1st\u00ed \u010dinnosti alespo\u0148 n\u011bkter\u00fdch ze souvisej\u00edc\u00edch akt\u00e9r\u016f je \u0161\u00ed\u0159en\u00ed dezinforma\u010dn\u00edch narativ\u016f, kter\u00e9 slou\u017e\u00ed k\u00a0manipulativn\u00edmu r\u00e1mov\u00e1n\u00ed soci\u00e1ln\u00edch konflikt\u016f. Auto\u0159i propojuj\u00ed politologick\u00fd a\u00a0bezpe\u010dnostn\u00ed r\u00e1mec anal\u00fdzy s\u00a0vyu\u017eit\u00edm vybran\u00fdch teoretick\u00fdch koncept\u016f, p\u0159i\u010dem\u017e upozor\u0148uj\u00ed na pot\u0159ebu systematick\u00e9ho sledov\u00e1n\u00ed tohoto jevu jako mo\u017en\u00e9ho vektoru zahrani\u010dn\u00edho vlivu.<\/p>\n<p><strong>Kl\u00ed\u010dov\u00e1 slova: <\/strong>t\u0159et\u00ed pozice, ideologick\u00e9 pozad\u00ed, extremismus, st\u0159edn\u00ed a\u00a0v\u00fdchodn\u00ed Evropa.<\/p>\n<hr \/>\n<p><a href=\"https:\/\/veda.polac.cz\/?page_id=7815\">Zp\u011bt<\/a><\/p>\n","protected":false},"excerpt":{"rendered":"<p>Resum\u00e9 \u010dl\u00e1nku \u201eT\u0159et\u00ed pozice\u201c jako specifick\u00fd aspekt soci\u00e1ln\u00edho a\u00a0politick\u00e9ho spektra n\u011bkter\u00fdch st\u00e1t\u016f st\u0159edn\u00ed a v\u00fdchodn\u00ed Evropy plk. Mgr. Krist\u00fdna Holubov\u00e1, Ph.D., Policejn\u00ed akademie \u0106esk\u00e9 republiky v\u00a0Praze, fakulta bezpe\u010dnostn\u00edho managementu, katedra krizov\u00e9ho \u0159\u00edzen\u00ed Mgr. Lenka Jakubcov\u00e1, Ph.D., Policejn\u00ed akademie \u010cesk\u00e9 republiky v\u00a0Praze, fakulta bezpe\u010dnostn\u00edho managementu, katedra krizov\u00e9ho \u0159\u00edzen\u00ed Mgr. Petr Kl\u00edma, MPA, Ministerstvo vnitra \u010cesk\u00e9 republiky, [&hellip;]<\/p>\n","protected":false},"author":6,"featured_media":0,"parent":0,"menu_order":0,"comment_status":"closed","ping_status":"closed","template":"","meta":{"footnotes":""},"class_list":["post-7827","page","type-page","status-publish","hentry"],"_links":{"self":[{"href":"https:\/\/veda.polac.cz\/index.php?rest_route=\/wp\/v2\/pages\/7827","targetHints":{"allow":["GET"]}}],"collection":[{"href":"https:\/\/veda.polac.cz\/index.php?rest_route=\/wp\/v2\/pages"}],"about":[{"href":"https:\/\/veda.polac.cz\/index.php?rest_route=\/wp\/v2\/types\/page"}],"author":[{"embeddable":true,"href":"https:\/\/veda.polac.cz\/index.php?rest_route=\/wp\/v2\/users\/6"}],"replies":[{"embeddable":true,"href":"https:\/\/veda.polac.cz\/index.php?rest_route=%2Fwp%2Fv2%2Fcomments&post=7827"}],"version-history":[{"count":3,"href":"https:\/\/veda.polac.cz\/index.php?rest_route=\/wp\/v2\/pages\/7827\/revisions"}],"predecessor-version":[{"id":7831,"href":"https:\/\/veda.polac.cz\/index.php?rest_route=\/wp\/v2\/pages\/7827\/revisions\/7831"}],"wp:attachment":[{"href":"https:\/\/veda.polac.cz\/index.php?rest_route=%2Fwp%2Fv2%2Fmedia&parent=7827"}],"curies":[{"name":"wp","href":"https:\/\/api.w.org\/{rel}","templated":true}]}}