{"id":7825,"date":"2026-03-26T13:50:00","date_gmt":"2026-03-26T13:50:00","guid":{"rendered":"https:\/\/veda.polac.cz\/?page_id=7825"},"modified":"2026-03-26T13:50:00","modified_gmt":"2026-03-26T13:50:00","slug":"7825-2","status":"publish","type":"page","link":"https:\/\/veda.polac.cz\/?page_id=7825","title":{"rendered":""},"content":{"rendered":"<p style=\"text-align: center;\">Resum\u00e9 \u010dl\u00e1nku<\/p>\n<p><strong>Policie \u010cesk\u00e9 republiky v\u00a0n\u00e1zorech ve\u0159ejnosti<\/strong><\/p>\n<p><em>Mgr. Jakub Holas, Ph.D., <\/em><em>Institut pro kriminologii a soci\u00e1ln\u00ed prevenci<\/em><\/p>\n<p><strong>Abstrakt<\/strong><\/p>\n<p>\u010cl\u00e1nek se v\u011bnuje problematice d\u016fv\u011bry \u010desk\u00e9 ve\u0159ejnosti k\u00a0policii. Sleduje p\u0159edev\u0161\u00edm dv\u011b z\u00e1kladn\u00ed my\u0161lenky \u2013 jak se vyv\u00edj\u00ed d\u016fv\u011bra ob\u010dan\u016f v\u00a0Policii \u010cesk\u00e9 republiky v\u00a0posledn\u00edch desetilet\u00edch, a zda plat\u00ed v\u00a0zahrani\u010d\u00ed prok\u00e1zan\u00e1 vazba mezi vztahem k\u00a0policii a obavami z\u00a0kriminality. Anal\u00fdza je zalo\u017eena na datech z\u00a0\u0159ady v\u00fdzkum\u016f Institutu pro kriminologii a soci\u00e1ln\u00ed prevenci, po\u010d\u00ednaje rokem 2005. Ob\u011b hypot\u00e9zy byly potvrzeny. Vztah ob\u010dan\u016f v\u00a0P\u010cR se z\u00e1sadn\u011b zlep\u0161il, p\u0159i\u010dem\u017e ob\u010dan\u00e9 s\u00a0vy\u0161\u0161\u00ed d\u016fv\u011brou v\u00a0policii maj\u00ed men\u0161\u00ed obavy z\u00a0v\u011bt\u0161iny trestn\u00fdch \u010din\u016f.<\/p>\n<p><strong>Kl\u00ed\u010dov\u00e1 slova:<\/strong> v\u00fdzkum, d\u016fv\u011bra, Policie \u010cR, obavy z\u00a0kriminality.<\/p>\n<hr \/>\n<p><a href=\"https:\/\/veda.polac.cz\/?page_id=7815\">Zp\u011bt<\/a><\/p>\n","protected":false},"excerpt":{"rendered":"<p>Resum\u00e9 \u010dl\u00e1nku Policie \u010cesk\u00e9 republiky v\u00a0n\u00e1zorech ve\u0159ejnosti Mgr. Jakub Holas, Ph.D., Institut pro kriminologii a soci\u00e1ln\u00ed prevenci Abstrakt \u010cl\u00e1nek se v\u011bnuje problematice d\u016fv\u011bry \u010desk\u00e9 ve\u0159ejnosti k\u00a0policii. Sleduje p\u0159edev\u0161\u00edm dv\u011b z\u00e1kladn\u00ed my\u0161lenky \u2013 jak se vyv\u00edj\u00ed d\u016fv\u011bra ob\u010dan\u016f v\u00a0Policii \u010cesk\u00e9 republiky v\u00a0posledn\u00edch desetilet\u00edch, a zda plat\u00ed v\u00a0zahrani\u010d\u00ed prok\u00e1zan\u00e1 vazba mezi vztahem k\u00a0policii a obavami z\u00a0kriminality. Anal\u00fdza [&hellip;]<\/p>\n","protected":false},"author":6,"featured_media":0,"parent":0,"menu_order":0,"comment_status":"closed","ping_status":"closed","template":"","meta":{"footnotes":""},"class_list":["post-7825","page","type-page","status-publish","hentry"],"_links":{"self":[{"href":"https:\/\/veda.polac.cz\/index.php?rest_route=\/wp\/v2\/pages\/7825","targetHints":{"allow":["GET"]}}],"collection":[{"href":"https:\/\/veda.polac.cz\/index.php?rest_route=\/wp\/v2\/pages"}],"about":[{"href":"https:\/\/veda.polac.cz\/index.php?rest_route=\/wp\/v2\/types\/page"}],"author":[{"embeddable":true,"href":"https:\/\/veda.polac.cz\/index.php?rest_route=\/wp\/v2\/users\/6"}],"replies":[{"embeddable":true,"href":"https:\/\/veda.polac.cz\/index.php?rest_route=%2Fwp%2Fv2%2Fcomments&post=7825"}],"version-history":[{"count":1,"href":"https:\/\/veda.polac.cz\/index.php?rest_route=\/wp\/v2\/pages\/7825\/revisions"}],"predecessor-version":[{"id":7826,"href":"https:\/\/veda.polac.cz\/index.php?rest_route=\/wp\/v2\/pages\/7825\/revisions\/7826"}],"wp:attachment":[{"href":"https:\/\/veda.polac.cz\/index.php?rest_route=%2Fwp%2Fv2%2Fmedia&parent=7825"}],"curies":[{"name":"wp","href":"https:\/\/api.w.org\/{rel}","templated":true}]}}