{"id":7823,"date":"2026-03-26T13:48:12","date_gmt":"2026-03-26T13:48:12","guid":{"rendered":"https:\/\/veda.polac.cz\/?page_id=7823"},"modified":"2026-03-26T13:48:12","modified_gmt":"2026-03-26T13:48:12","slug":"7823-2","status":"publish","type":"page","link":"https:\/\/veda.polac.cz\/?page_id=7823","title":{"rendered":""},"content":{"rendered":"<p style=\"text-align: center;\">Resum\u00e9 \u010dl\u00e1nku<\/p>\n<p><strong>Nezletil\u00ed bez doprovodu: problematika v\u00a0praxi<\/strong><strong> \u010cesk\u00e9 republiky<\/strong><\/p>\n<p><em>PhDr. Irena Petru\u017eelov\u00e1, DiS., <\/em><em>Policejn\u00ed akademie \u010cesk\u00e9 republiky v\u00a0Praze, Fakulta bezpe\u010dnostn\u011b pr\u00e1vn\u00ed, katedra kriminologie<\/em><\/p>\n<p><em>PhDr. Ivana Oleck\u00e1, Ph.D., <\/em><em>Policejn\u00ed akademie \u010cesk\u00e9 republiky v\u00a0Praze, Fakulta bezpe\u010dnostn\u011b pr\u00e1vn\u00ed, katedra kriminologie<\/em><\/p>\n<p><em>JUDr. Miloslav Smetana, Ph.D., <\/em><em>Policejn\u00ed akademie \u010cesk\u00e9 republiky v\u00a0Praze, Fakulta bezpe\u010dnostn\u011b pr\u00e1vn\u00ed, katedra policejn\u00edch \u010dinnost\u00ed<\/em><\/p>\n<p><strong>\u00a0<\/strong><\/p>\n<p><strong>Abstrakt<\/strong><\/p>\n<p>Studie analyzuje problematiku nezletil\u00fdch cizinc\u016f bez doprovodu v \u010cesk\u00e9 republice jako fenom\u00e9n situovan\u00fd na pr\u016fse\u010d\u00edku migra\u010dn\u00ed politiky, ochrany pr\u00e1v d\u00edt\u011bte a bezpe\u010dnostn\u00edho \u0159\u00edzen\u00ed rizik. C\u00edlem \u010dl\u00e1nku je na z\u00e1klad\u011b systematick\u00e9 anal\u00fdzy pr\u00e1vn\u00edho r\u00e1mce, institucion\u00e1ln\u00ed praxe a dostupn\u00fdch empirick\u00fdch poznatk\u016f identifikovat struktur\u00e1ln\u00ed nedostatky v zach\u00e1zen\u00ed s touto skupinou, vyhodnotit jejich dopady na ochranu pr\u00e1v d\u00edt\u011bte i ve\u0159ejnou bezpe\u010dnost a formulovat koncep\u010dn\u011b prov\u00e1zan\u00e1 doporu\u010den\u00ed sm\u011b\u0159uj\u00edc\u00ed k metodick\u00e9mu sjednocen\u00ed postup\u016f, pos\u00edlen\u00ed meziresortn\u00ed koordinace a racionalizaci evidence. Sou\u010dasn\u011b \u010dl\u00e1nek reflektuje pot\u0159ebu vyv\u00e1\u017een\u00e9ho p\u0159\u00edstupu, kter\u00fd chr\u00e1n\u00ed pr\u00e1va skute\u010dn\u011b nezletil\u00fdch d\u011bt\u00ed a sou\u010dasn\u011b omezuje bezpe\u010dnostn\u00ed rizika spojen\u00e1 s mo\u017en\u00fdm zneu\u017e\u00edv\u00e1n\u00edm statusu nezletilosti. Metodologicky studie vych\u00e1z\u00ed z anal\u00fdzy odborn\u00e9 a \u0161ed\u00e9 literatury, zejm\u00e9na materi\u00e1l\u016f Organizace pro pomoc uprchl\u00edk\u016fm, Policie \u010cesk\u00e9 republiky a Ministerstva \u0161kolstv\u00ed, ml\u00e1de\u017ee a t\u011blov\u00fdchovy, dopln\u011bn\u00e9 o mezin\u00e1rodn\u00ed doporu\u010den\u00ed relevantn\u00edch organizac\u00ed, p\u0159edev\u0161\u00edm UNHCR a UNICEF. V\u00fdsledky ukazuj\u00ed na fragmentaci evidence a\u00a0nedostate\u010dn\u011b systematick\u00e9 vyhodnocov\u00e1n\u00ed dat, omezenou institucion\u00e1ln\u00ed koordinaci a p\u0159etrv\u00e1vaj\u00edc\u00ed nap\u011bt\u00ed mezi principem nejlep\u0161\u00edho z\u00e1jmu d\u00edt\u011bte a bezpe\u010dnostn\u011b orientovan\u00fdm r\u00e1mov\u00e1n\u00edm nezletil\u00fdch bez doprovodu. Anal\u00fdza d\u00e1le nazna\u010duje, \u017ee\u00a0i\u00a0tam, kde existuj\u00ed standardizovan\u00e9 postupy, jejich praktick\u00e1 aplikace je v\u00fdznamn\u011b ovlivn\u011bna sekuritiza\u010dn\u00ed logikou, co\u017e sou\u010dasn\u011b oslabuje efektivitu ochrany d\u00edt\u011bte a\u00a0zvy\u0161uje pravd\u011bpodobnost neadekv\u00e1tn\u00edch nebo ne\u00fa\u010dinn\u00fdch z\u00e1sah\u016f syst\u00e9mu.<\/p>\n<p><strong>Kl\u00ed\u010dov\u00e1 slova: <\/strong>nezletil\u00ed bez doprovodu; migrace; ochrana pr\u00e1v d\u00edt\u011bte; sekuritizace; institucion\u00e1ln\u00ed praxe; ve\u0159ejn\u00e1 politika; \u010cesk\u00e1 republika<\/p>\n<hr \/>\n<p><a href=\"https:\/\/veda.polac.cz\/?page_id=7815\">Zp\u011bt<\/a><\/p>\n","protected":false},"excerpt":{"rendered":"<p>Resum\u00e9 \u010dl\u00e1nku Nezletil\u00ed bez doprovodu: problematika v\u00a0praxi \u010cesk\u00e9 republiky PhDr. Irena Petru\u017eelov\u00e1, DiS., Policejn\u00ed akademie \u010cesk\u00e9 republiky v\u00a0Praze, Fakulta bezpe\u010dnostn\u011b pr\u00e1vn\u00ed, katedra kriminologie PhDr. Ivana Oleck\u00e1, Ph.D., Policejn\u00ed akademie \u010cesk\u00e9 republiky v\u00a0Praze, Fakulta bezpe\u010dnostn\u011b pr\u00e1vn\u00ed, katedra kriminologie JUDr. Miloslav Smetana, Ph.D., Policejn\u00ed akademie \u010cesk\u00e9 republiky v\u00a0Praze, Fakulta bezpe\u010dnostn\u011b pr\u00e1vn\u00ed, katedra policejn\u00edch \u010dinnost\u00ed \u00a0 Abstrakt Studie [&hellip;]<\/p>\n","protected":false},"author":6,"featured_media":0,"parent":0,"menu_order":0,"comment_status":"closed","ping_status":"closed","template":"","meta":{"footnotes":""},"class_list":["post-7823","page","type-page","status-publish","hentry"],"_links":{"self":[{"href":"https:\/\/veda.polac.cz\/index.php?rest_route=\/wp\/v2\/pages\/7823","targetHints":{"allow":["GET"]}}],"collection":[{"href":"https:\/\/veda.polac.cz\/index.php?rest_route=\/wp\/v2\/pages"}],"about":[{"href":"https:\/\/veda.polac.cz\/index.php?rest_route=\/wp\/v2\/types\/page"}],"author":[{"embeddable":true,"href":"https:\/\/veda.polac.cz\/index.php?rest_route=\/wp\/v2\/users\/6"}],"replies":[{"embeddable":true,"href":"https:\/\/veda.polac.cz\/index.php?rest_route=%2Fwp%2Fv2%2Fcomments&post=7823"}],"version-history":[{"count":1,"href":"https:\/\/veda.polac.cz\/index.php?rest_route=\/wp\/v2\/pages\/7823\/revisions"}],"predecessor-version":[{"id":7824,"href":"https:\/\/veda.polac.cz\/index.php?rest_route=\/wp\/v2\/pages\/7823\/revisions\/7824"}],"wp:attachment":[{"href":"https:\/\/veda.polac.cz\/index.php?rest_route=%2Fwp%2Fv2%2Fmedia&parent=7823"}],"curies":[{"name":"wp","href":"https:\/\/api.w.org\/{rel}","templated":true}]}}