{"id":7801,"date":"2025-12-30T12:44:39","date_gmt":"2025-12-30T12:44:39","guid":{"rendered":"https:\/\/veda.polac.cz\/?page_id=7801"},"modified":"2025-12-31T09:32:18","modified_gmt":"2025-12-31T09:32:18","slug":"7801-2","status":"publish","type":"page","link":"https:\/\/veda.polac.cz\/?page_id=7801&lang=en","title":{"rendered":""},"content":{"rendered":"<p style=\"text-align: center;\">Resume<\/p>\n<p><strong>Working with Poor-Quality Fingerprints in Dactyloscopy<\/strong><\/p>\n<p><em>prof. Ing. Dipl.-Ing. Martin Drahansk\u00fd, Ph.D., <\/em><em>Police Academy of the Czech Republic in Prague, Faculty of Security and Law, Department of Criminalistics<\/em><\/p>\n<p><em>Lt. Col. Ing. Tom\u00e1\u0161 Vok\u00e1lek, <\/em><em>Military Police, Department of Criminalistics and Expertise<\/em><\/p>\n<p><em>Col. ret. Mgr. Jarom\u00edr \u0160t\u011bp\u00e1nek, Ph.D., <\/em><em>Police Academy of the Czech Republic in Prague, Faculty of Security and Law, Department of Criminalistics<\/em><\/p>\n<p><strong>Abstract<\/strong><\/p>\n<p>This article focuses on the issue of poor-quality fingerprints in the field of dactyloscopy and biometric identification systems. Fingerprints, although considered a\u00a0reliable identification tool, often show signs of degradation due to smudging, incompleteness, damage, or the influence of dermatological diseases. The text analyses individual types of fingerprint defects, their causes, and their impact on forensic and IT applications. Special attention is paid to the evaluation of fingerprint quality, both in the context of criminal investigation and within automated systems. The\u00a0article also provides an overview of current algorithmic approaches to processing poor-quality fingerprints.<\/p>\n<p><strong>Keywords:<\/strong> Fingerprint, dactyloscopy, quality, usability, damage, dermatology.<\/p>\n<hr \/>\n<p><a href=\"https:\/\/veda.polac.cz\/?page_id=7793&amp;lang=en\">Back<\/a><\/p>\n","protected":false},"excerpt":{"rendered":"<p>Resume Working with Poor-Quality Fingerprints in Dactyloscopy prof. Ing. Dipl.-Ing. Martin Drahansk\u00fd, Ph.D., Police Academy of the Czech Republic in Prague, Faculty of Security and Law, Department of Criminalistics Lt. Col. Ing. Tom\u00e1\u0161 Vok\u00e1lek, Military Police, Department of Criminalistics and Expertise Col. ret. Mgr. Jarom\u00edr \u0160t\u011bp\u00e1nek, Ph.D., Police Academy of the Czech Republic in Prague, [&hellip;]<\/p>\n","protected":false},"author":6,"featured_media":0,"parent":0,"menu_order":0,"comment_status":"closed","ping_status":"closed","template":"","meta":{"footnotes":""},"class_list":["post-7801","page","type-page","status-publish","hentry"],"_links":{"self":[{"href":"https:\/\/veda.polac.cz\/index.php?rest_route=\/wp\/v2\/pages\/7801","targetHints":{"allow":["GET"]}}],"collection":[{"href":"https:\/\/veda.polac.cz\/index.php?rest_route=\/wp\/v2\/pages"}],"about":[{"href":"https:\/\/veda.polac.cz\/index.php?rest_route=\/wp\/v2\/types\/page"}],"author":[{"embeddable":true,"href":"https:\/\/veda.polac.cz\/index.php?rest_route=\/wp\/v2\/users\/6"}],"replies":[{"embeddable":true,"href":"https:\/\/veda.polac.cz\/index.php?rest_route=%2Fwp%2Fv2%2Fcomments&post=7801"}],"version-history":[{"count":2,"href":"https:\/\/veda.polac.cz\/index.php?rest_route=\/wp\/v2\/pages\/7801\/revisions"}],"predecessor-version":[{"id":7807,"href":"https:\/\/veda.polac.cz\/index.php?rest_route=\/wp\/v2\/pages\/7801\/revisions\/7807"}],"wp:attachment":[{"href":"https:\/\/veda.polac.cz\/index.php?rest_route=%2Fwp%2Fv2%2Fmedia&parent=7801"}],"curies":[{"name":"wp","href":"https:\/\/api.w.org\/{rel}","templated":true}]}}