{"id":7781,"date":"2025-12-29T10:21:43","date_gmt":"2025-12-29T10:21:43","guid":{"rendered":"https:\/\/veda.polac.cz\/?page_id=7781"},"modified":"2025-12-29T10:21:43","modified_gmt":"2025-12-29T10:21:43","slug":"7781-2","status":"publish","type":"page","link":"https:\/\/veda.polac.cz\/?page_id=7781","title":{"rendered":""},"content":{"rendered":"<p style=\"text-align: center;\">Resum\u00e9 \u010dl\u00e1nku<\/p>\n<p><strong>Human Resources Management V\u011bze\u0148sk\u00e9 slu\u017eby <\/strong><strong>\u010cesk\u00e9 republiky v\u00a0\u010d\u00edslech a\u00a0datech<\/strong><\/p>\n<p><em>Mgr. et Mgr. Tereza Raszkov\u00e1, Institut pro kriminologii a soci\u00e1ln\u00ed prevenci, Policejn\u00ed akademie v\u00a0Praze, <\/em><\/p>\n<p><em>Mgr. Petra Zh\u0159\u00edvalov\u00e1, Ph.D., Institut pro kriminologii a soci\u00e1ln\u00ed prevenci, <\/em><\/p>\n<p><em>PhDr. Lucie H\u00e1kov\u00e1, Ph.D., Institut pro kriminologii a soci\u00e1ln\u00ed prevenci<\/em><\/p>\n<p><strong>Abstrakt<\/strong><\/p>\n<p>Human resources management nab\u00fdv\u00e1 v\u00a0posledn\u00edch letech na v\u00fdznamu, nebo\u0165 zam\u011bstnanci jak\u00e9koli organizace jsou alfou a\u00a0omegou jej\u00edho \u00fasp\u011bchu. Nejinak je tomu v\u00a0prost\u0159ed\u00ed V\u011bze\u0148sk\u00e9 slu\u017eby \u010cesk\u00e9 republiky, kter\u00e1 pln\u00ed n\u00e1ro\u010dn\u00e9 \u00fakoly stanoven\u00e9 z\u00e1konem a\u00a0zaji\u0161\u0165uje bezpe\u010dnost spole\u010dnosti. Dlouhodob\u011b se j\u00ed v\u0161ak neda\u0159\u00ed n\u00e1bor nov\u00e9ho person\u00e1lu ani udr\u017een\u00ed toho st\u00e1vaj\u00edc\u00edho a\u00a0v\u00a0sou\u010dasn\u00e9 dob\u011b vykazuje v\u00fdrazn\u00fd podstav zam\u011bstnanc\u016f i\u00a0p\u0159\u00edslu\u0161n\u00edk\u016f.<\/p>\n<p><strong>Kl\u00ed\u010dov\u00e1 slova: <\/strong>V\u011bze\u0148sk\u00e1 slu\u017eba, person\u00e1l, p\u0159\u00edslu\u0161n\u00edci, ob\u010dan\u0161t\u00ed zam\u011bstnanci, human resources management, bezpe\u010dnost.<\/p>\n<hr \/>\n<p><a href=\"https:\/\/veda.polac.cz\/?page_id=7768\">Zp\u011bt<\/a><\/p>\n","protected":false},"excerpt":{"rendered":"<p>Resum\u00e9 \u010dl\u00e1nku Human Resources Management V\u011bze\u0148sk\u00e9 slu\u017eby \u010cesk\u00e9 republiky v\u00a0\u010d\u00edslech a\u00a0datech Mgr. et Mgr. Tereza Raszkov\u00e1, Institut pro kriminologii a soci\u00e1ln\u00ed prevenci, Policejn\u00ed akademie v\u00a0Praze, Mgr. Petra Zh\u0159\u00edvalov\u00e1, Ph.D., Institut pro kriminologii a soci\u00e1ln\u00ed prevenci, PhDr. Lucie H\u00e1kov\u00e1, Ph.D., Institut pro kriminologii a soci\u00e1ln\u00ed prevenci Abstrakt Human resources management nab\u00fdv\u00e1 v\u00a0posledn\u00edch letech na v\u00fdznamu, nebo\u0165 [&hellip;]<\/p>\n","protected":false},"author":6,"featured_media":0,"parent":0,"menu_order":0,"comment_status":"closed","ping_status":"closed","template":"","meta":{"footnotes":""},"class_list":["post-7781","page","type-page","status-publish","hentry"],"_links":{"self":[{"href":"https:\/\/veda.polac.cz\/index.php?rest_route=\/wp\/v2\/pages\/7781","targetHints":{"allow":["GET"]}}],"collection":[{"href":"https:\/\/veda.polac.cz\/index.php?rest_route=\/wp\/v2\/pages"}],"about":[{"href":"https:\/\/veda.polac.cz\/index.php?rest_route=\/wp\/v2\/types\/page"}],"author":[{"embeddable":true,"href":"https:\/\/veda.polac.cz\/index.php?rest_route=\/wp\/v2\/users\/6"}],"replies":[{"embeddable":true,"href":"https:\/\/veda.polac.cz\/index.php?rest_route=%2Fwp%2Fv2%2Fcomments&post=7781"}],"version-history":[{"count":1,"href":"https:\/\/veda.polac.cz\/index.php?rest_route=\/wp\/v2\/pages\/7781\/revisions"}],"predecessor-version":[{"id":7782,"href":"https:\/\/veda.polac.cz\/index.php?rest_route=\/wp\/v2\/pages\/7781\/revisions\/7782"}],"wp:attachment":[{"href":"https:\/\/veda.polac.cz\/index.php?rest_route=%2Fwp%2Fv2%2Fmedia&parent=7781"}],"curies":[{"name":"wp","href":"https:\/\/api.w.org\/{rel}","templated":true}]}}