{"id":771,"date":"2018-09-13T20:38:27","date_gmt":"2018-09-13T20:38:27","guid":{"rendered":"http:\/\/veda.polac.cz\/?page_id=771"},"modified":"2018-10-27T18:53:26","modified_gmt":"2018-10-27T18:53:26","slug":"1-2","status":"publish","type":"page","link":"https:\/\/veda.polac.cz\/?page_id=771","title":{"rendered":""},"content":{"rendered":"<p style=\"text-align: center;\">Resum\u00e9 \u010dl\u00e1nku<\/p>\n<p><strong>Hrozby a \u00fatoky z kyberprostoru<br \/>\n<\/strong><i>JUDr. Petr Vo\u0159\u00ed\u0161ek, Ministerstvo vnitra, odbor spr\u00e1vn\u00ed<\/i><\/p>\n<p>Autor se v p\u0159\u00edsp\u011bvku zab\u00fdv\u00e1 z\u00e1kladn\u00ed problematikou kybernetick\u00e9 bezpe\u010dnosti, a to jak z pohledu pr\u00e1vn\u00ed \u00fapravy, tak i z pohledu z\u00e1kladn\u00edch forem a technik p\u00e1ch\u00e1n\u00ed kybernetick\u00e9 kriminality. Uveden\u00e1 problematika se bude zcela jist\u011b vyv\u00edjet rychl\u00fdm tempem, kdy budou vznikat zcela nov\u00e9 a netradi\u010dn\u00ed zp\u016fsoby jej\u00edho p\u00e1ch\u00e1n\u00ed. Je jen na p\u0159\u00edslu\u0161n\u00fdch subjektech, jak budou na tyto nov\u00e9 hrozby p\u0159ipraveny a jak rychle budou na nastalou situaci schopn\u00e9 pru\u017en\u011b reagovat.<br \/>\n<strong>Kl\u00ed\u010dov\u00e1 slova:<\/strong>\u00a0kyberprostor, kybernetick\u00e1 bezpe\u010dnost, kybernetick\u00e1 kriminalita, kyberterorismus, hacking, informa\u010dn\u00ed a komunika\u010dn\u00ed technologie, data.<\/p>\n<p><a href=\"https:\/\/veda.polac.cz\/?page_id=785\">03\/2014<\/a><\/p>\n","protected":false},"excerpt":{"rendered":"<p>Resum\u00e9 \u010dl\u00e1nku Hrozby a \u00fatoky z kyberprostoru JUDr. Petr Vo\u0159\u00ed\u0161ek, Ministerstvo vnitra, odbor spr\u00e1vn\u00ed Autor se v p\u0159\u00edsp\u011bvku zab\u00fdv\u00e1 z\u00e1kladn\u00ed problematikou kybernetick\u00e9 bezpe\u010dnosti, a to jak z pohledu pr\u00e1vn\u00ed \u00fapravy, tak i z pohledu z\u00e1kladn\u00edch forem a technik p\u00e1ch\u00e1n\u00ed kybernetick\u00e9 kriminality. Uveden\u00e1 problematika se bude zcela jist\u011b vyv\u00edjet rychl\u00fdm tempem, kdy budou vznikat zcela nov\u00e9 [&hellip;]<\/p>\n","protected":false},"author":2,"featured_media":0,"parent":785,"menu_order":1,"comment_status":"closed","ping_status":"closed","template":"","meta":{"footnotes":""},"class_list":["post-771","page","type-page","status-publish","hentry"],"_links":{"self":[{"href":"https:\/\/veda.polac.cz\/index.php?rest_route=\/wp\/v2\/pages\/771","targetHints":{"allow":["GET"]}}],"collection":[{"href":"https:\/\/veda.polac.cz\/index.php?rest_route=\/wp\/v2\/pages"}],"about":[{"href":"https:\/\/veda.polac.cz\/index.php?rest_route=\/wp\/v2\/types\/page"}],"author":[{"embeddable":true,"href":"https:\/\/veda.polac.cz\/index.php?rest_route=\/wp\/v2\/users\/2"}],"replies":[{"embeddable":true,"href":"https:\/\/veda.polac.cz\/index.php?rest_route=%2Fwp%2Fv2%2Fcomments&post=771"}],"version-history":[{"count":4,"href":"https:\/\/veda.polac.cz\/index.php?rest_route=\/wp\/v2\/pages\/771\/revisions"}],"predecessor-version":[{"id":807,"href":"https:\/\/veda.polac.cz\/index.php?rest_route=\/wp\/v2\/pages\/771\/revisions\/807"}],"up":[{"embeddable":true,"href":"https:\/\/veda.polac.cz\/index.php?rest_route=\/wp\/v2\/pages\/785"}],"wp:attachment":[{"href":"https:\/\/veda.polac.cz\/index.php?rest_route=%2Fwp%2Fv2%2Fmedia&parent=771"}],"curies":[{"name":"wp","href":"https:\/\/api.w.org\/{rel}","templated":true}]}}