{"id":767,"date":"2018-09-13T20:31:40","date_gmt":"2018-09-13T20:31:40","guid":{"rendered":"http:\/\/veda.polac.cz\/?page_id=767"},"modified":"2018-10-27T18:53:26","modified_gmt":"2018-10-27T18:53:26","slug":"10-2","status":"publish","type":"page","link":"https:\/\/veda.polac.cz\/?page_id=767","title":{"rendered":""},"content":{"rendered":"<p style=\"text-align: center;\">Resum\u00e9 \u010dl\u00e1nku<\/p>\n<p><strong>St\u0159edisko pro koordinaci odezvy na mimo\u0159\u00e1dn\u00e9 ud\u00e1losti jako n\u00e1stupce unijn\u00edho Monitorovac\u00edho a informa\u010dn\u00edho st\u0159ediska<br \/>\n<\/strong><i>Mgr. Lenka Jakubcov\u00e1; Mgr. Old\u0159ich Krul\u00edk, Ph.D., Fakulta bezpe\u010dnostn\u00edho managementu PA \u010cR v Praze, katedra krizov\u00e9ho \u0159\u00edzen\u00ed<\/p>\n<p><\/i>V pr\u016fb\u011bhu roku 2014 do\u0161lo v r\u00e1mci Evropsk\u00e9 unie k v\u00fdznamn\u00e9 zm\u011bn\u011b, t\u00fdkaj\u00edc\u00ed se reakce na mimo\u0159\u00e1dn\u00e9 ud\u00e1losti. Dosavadn\u00ed Monitorovac\u00ed a informa\u010dn\u00ed st\u0159edisko (Monitoring and Information Center, MIC) bylo toti\u017e nahrazeno St\u0159ediskem pro koordinaci odezvy na mimo\u0159\u00e1dn\u00e9 ud\u00e1losti (Emergency Response Coordination Centre, ERCC). P\u0159\u00edsp\u011bvek popisuje tento proces a kompetence a v\u00fdznam nov\u011b koncipovan\u00e9ho t\u011blesa.<br \/>\n<strong>Kl\u00ed\u010dov\u00e1 slova:<\/strong>\u00a0Evropsk\u00e1 unie, reakce na katastrofy, mezin\u00e1rodn\u00ed spolupr\u00e1ce.<i><br \/>\n<\/i><\/p>\n<p><a href=\"https:\/\/veda.polac.cz\/?page_id=747\">04\/2014<\/a><\/p>\n","protected":false},"excerpt":{"rendered":"<p>Resum\u00e9 \u010dl\u00e1nku St\u0159edisko pro koordinaci odezvy na mimo\u0159\u00e1dn\u00e9 ud\u00e1losti jako n\u00e1stupce unijn\u00edho Monitorovac\u00edho a informa\u010dn\u00edho st\u0159ediska Mgr. Lenka Jakubcov\u00e1; Mgr. Old\u0159ich Krul\u00edk, Ph.D., Fakulta bezpe\u010dnostn\u00edho managementu PA \u010cR v Praze, katedra krizov\u00e9ho \u0159\u00edzen\u00ed V pr\u016fb\u011bhu roku 2014 do\u0161lo v r\u00e1mci Evropsk\u00e9 unie k v\u00fdznamn\u00e9 zm\u011bn\u011b, t\u00fdkaj\u00edc\u00ed se reakce na mimo\u0159\u00e1dn\u00e9 ud\u00e1losti. Dosavadn\u00ed Monitorovac\u00ed a informa\u010dn\u00ed [&hellip;]<\/p>\n","protected":false},"author":2,"featured_media":0,"parent":747,"menu_order":10,"comment_status":"closed","ping_status":"closed","template":"","meta":{"footnotes":""},"class_list":["post-767","page","type-page","status-publish","hentry"],"_links":{"self":[{"href":"https:\/\/veda.polac.cz\/index.php?rest_route=\/wp\/v2\/pages\/767","targetHints":{"allow":["GET"]}}],"collection":[{"href":"https:\/\/veda.polac.cz\/index.php?rest_route=\/wp\/v2\/pages"}],"about":[{"href":"https:\/\/veda.polac.cz\/index.php?rest_route=\/wp\/v2\/types\/page"}],"author":[{"embeddable":true,"href":"https:\/\/veda.polac.cz\/index.php?rest_route=\/wp\/v2\/users\/2"}],"replies":[{"embeddable":true,"href":"https:\/\/veda.polac.cz\/index.php?rest_route=%2Fwp%2Fv2%2Fcomments&post=767"}],"version-history":[{"count":2,"href":"https:\/\/veda.polac.cz\/index.php?rest_route=\/wp\/v2\/pages\/767\/revisions"}],"predecessor-version":[{"id":780,"href":"https:\/\/veda.polac.cz\/index.php?rest_route=\/wp\/v2\/pages\/767\/revisions\/780"}],"up":[{"embeddable":true,"href":"https:\/\/veda.polac.cz\/index.php?rest_route=\/wp\/v2\/pages\/747"}],"wp:attachment":[{"href":"https:\/\/veda.polac.cz\/index.php?rest_route=%2Fwp%2Fv2%2Fmedia&parent=767"}],"curies":[{"name":"wp","href":"https:\/\/api.w.org\/{rel}","templated":true}]}}