{"id":7669,"date":"2025-06-26T11:11:46","date_gmt":"2025-06-26T11:11:46","guid":{"rendered":"https:\/\/veda.polac.cz\/?page_id=7669"},"modified":"2025-06-27T12:22:21","modified_gmt":"2025-06-27T12:22:21","slug":"01-2025-3","status":"publish","type":"page","link":"https:\/\/veda.polac.cz\/?page_id=7669&lang=en","title":{"rendered":"02\/2025"},"content":{"rendered":"<p><strong><a href=\"https:\/\/veda.polac.cz\/?page_id=7672&amp;lang=en\">Legal uncertainty \u2013 problematic aspects of the judgment of the European Court of Human Rights in the case of V. vs. the Czech Republic<\/a><br \/>\n<\/strong>plk. v. v. PhDr. Libor Grepl, Ph.D<strong>.<br \/>\n<\/strong>Police Academy of the Czech Republic in Prague, Faculty of Security and Law,<br \/>\nDepartment of Criminal law<\/p>\n<p><a href=\"https:\/\/veda.polac.cz\/wp-content\/uploads\/2025\/06\/Pravni-nejistota-\u2013-problematicke-aspekty-rozsudku-Evropskeho-soudu-pro-lidska-prava-ve-veci-V.-proti-Ceske-republice.pdf\" target=\"_blank\" rel=\"noopener\">pdf format<\/a><\/p>\n<hr \/>\n<p><a href=\"https:\/\/veda.polac.cz\/?page_id=7675&amp;lang=en\"><strong>The Key to Youth Crime Prevention: An Analysis of Public Opinions by Gender, Age, and Education<\/strong><\/a><br \/>\nPhDr. Ivana Oleck\u00e1, Ph.D.<br \/>\nPolice Academy of the Czech Republic in Prague, Faculty of Security and Law,<br \/>\nDepartment of Criminology<br \/>\nPhDr. Ji\u0159\u00ed Posp\u00ed\u0161il, Ph.D.<br \/>\nPalacky University in Olomouc, Faculty of Education<br \/>\nInstitute of Education and Social Studies<\/p>\n<p><a href=\"https:\/\/veda.polac.cz\/wp-content\/uploads\/2025\/06\/Klic-k-prevenci-kriminality-mladeze-analyza-nazoru-populace-dle-pohlavi-veku-a-vzdelani.pdf\" target=\"_blank\" rel=\"noopener\">pdf format<\/a><\/p>\n<hr \/>\n<p><a href=\"https:\/\/veda.polac.cz\/?page_id=7682&amp;lang=en\"><strong>An Expert View on Usurious Credits and Loan-Sharking<\/strong><\/a><br \/>\ndoc. Ing. Jaroslav Brada, Dr.<br \/>\nPrague University of Economics and Business, Faculty of Finance and Accounting<br \/>\nDepartment of Monetary Theory and Policy<\/p>\n<p><a href=\"https:\/\/veda.polac.cz\/wp-content\/uploads\/2025\/06\/Znalecky-pohled-na-lichevni-uvery-a-lichevni-uverovani.pdf\" target=\"_blank\" rel=\"noopener\">pdf format<\/a><\/p>\n<hr \/>\n<p><a href=\"https:\/\/veda.polac.cz\/?page_id=7684\"><strong>Detecting Criminal Acts in the Field of Public Procurements<\/strong><\/a><br \/>\nPhDr. Ing. Edita Zradi\u010dkov\u00e1, Ph.D.<br \/>\nMinistry of the Interior, Department for Home Affairs EU Funds<\/p>\n<p><a href=\"https:\/\/veda.polac.cz\/wp-content\/uploads\/2025\/06\/Odhalovani-trestnych-cinu-v-oblasti-verejnych-zakazek.pdf\" target=\"_blank\" rel=\"noopener\">pdf format<\/a><\/p>\n<hr \/>\n<p><a href=\"https:\/\/veda.polac.cz\/?page_id=7687\"><strong>Nordic Resistance Movement and its Terrorist Designation<\/strong><\/a><br \/>\nTereza Melsk\u00e1<br \/>\nMasaryk university Brno, Faculty of social studies, Student<br \/>\nJohana \u0158\u00edhov\u00e1<br \/>\nMasaryk university Brno, Faculty of social studies, Student<\/p>\n<p><a href=\"https:\/\/veda.polac.cz\/wp-content\/uploads\/2025\/06\/Nordic-Resistance-Movement-a-jeho-teroristicka-designace.pdf\" target=\"_blank\" rel=\"noopener\">pdf format<\/a><\/p>\n<hr \/>\n","protected":false},"excerpt":{"rendered":"<p>Legal uncertainty \u2013 problematic aspects of the judgment of the European Court of Human Rights in the case of V. vs. the Czech Republic plk. v. v. PhDr. Libor Grepl, Ph.D. Police Academy of the Czech Republic in Prague, Faculty of Security and Law, Department of Criminal law pdf format The Key to Youth Crime [&hellip;]<\/p>\n","protected":false},"author":6,"featured_media":0,"parent":0,"menu_order":0,"comment_status":"closed","ping_status":"closed","template":"","meta":{"footnotes":""},"class_list":["post-7669","page","type-page","status-publish","hentry"],"_links":{"self":[{"href":"https:\/\/veda.polac.cz\/index.php?rest_route=\/wp\/v2\/pages\/7669","targetHints":{"allow":["GET"]}}],"collection":[{"href":"https:\/\/veda.polac.cz\/index.php?rest_route=\/wp\/v2\/pages"}],"about":[{"href":"https:\/\/veda.polac.cz\/index.php?rest_route=\/wp\/v2\/types\/page"}],"author":[{"embeddable":true,"href":"https:\/\/veda.polac.cz\/index.php?rest_route=\/wp\/v2\/users\/6"}],"replies":[{"embeddable":true,"href":"https:\/\/veda.polac.cz\/index.php?rest_route=%2Fwp%2Fv2%2Fcomments&post=7669"}],"version-history":[{"count":4,"href":"https:\/\/veda.polac.cz\/index.php?rest_route=\/wp\/v2\/pages\/7669\/revisions"}],"predecessor-version":[{"id":7694,"href":"https:\/\/veda.polac.cz\/index.php?rest_route=\/wp\/v2\/pages\/7669\/revisions\/7694"}],"wp:attachment":[{"href":"https:\/\/veda.polac.cz\/index.php?rest_route=%2Fwp%2Fv2%2Fmedia&parent=7669"}],"curies":[{"name":"wp","href":"https:\/\/api.w.org\/{rel}","templated":true}]}}