{"id":7604,"date":"2025-03-25T13:26:36","date_gmt":"2025-03-25T13:26:36","guid":{"rendered":"https:\/\/veda.polac.cz\/?page_id=7604"},"modified":"2025-03-25T13:26:36","modified_gmt":"2025-03-25T13:26:36","slug":"7604-2","status":"publish","type":"page","link":"https:\/\/veda.polac.cz\/?page_id=7604","title":{"rendered":""},"content":{"rendered":"<p style=\"text-align: center;\">Resum\u00e9 \u010dl\u00e1nku<\/p>\n<p><strong>Modernizace t\u00eds\u0148ov\u00e9 komunikace v podm\u00ednk\u00e1ch \u010cesk\u00e9 republiky<\/strong><\/p>\n<p><em>PhDr. Mgr. Miroslav Matou\u0161, Ph.D., <\/em><em>Policejn\u00ed akademie \u010cesk\u00e9 republiky v\u00a0Praze, Fakulta bezpe\u010dnostn\u00edho managementu, katedra krizov\u00e9ho \u0159\u00edzen\u00ed<\/em><\/p>\n<p><strong>Abstrakt<\/strong><\/p>\n<p>\u010cl\u00e1nek pojedn\u00e1v\u00e1 o\u00a0t\u00eds\u0148ov\u00fdch slu\u017eb\u00e1ch, kter\u00e9 zahrnuj\u00ed jak p\u0159\u00edjem t\u00eds\u0148ov\u00e9 komunikace, tak i\u00a0opera\u010dn\u00ed \u0159\u00edzen\u00ed, nebo\u0165 p\u0159\u00edjem t\u00e9to komunikace je jeho ned\u00edlnou sou\u010d\u00e1st\u00ed. Obsahov\u011b je \u010dl\u00e1nek zam\u011b\u0159en nejen na \u00fazem\u00ed \u010cesk\u00e9 republiky, ale i\u00a0na vybran\u00e9 zem\u011b, p\u0159ev\u00e1\u017en\u011b \u010dlensk\u00e9 st\u00e1ty Evropsk\u00e9 unie. Jeho c\u00edlem je popis sou\u010dasn\u00e9 praxe a\u00a0zji\u0161t\u011bn\u00ed optim\u00e1ln\u00ed varianty \u0159e\u0161en\u00ed v\u00a0budoucnosti. Hlavn\u00ed v\u00fdstupy spo\u010d\u00edvaj\u00ed v\u00a0p\u0159edstaven\u00ed nejnov\u011bj\u0161\u00edch trend\u016f v\u00a0oblasti p\u0159\u00edjmu t\u00eds\u0148ov\u00e9 komunikace, projektov\u00e9ho z\u00e1m\u011bru rozvoje informa\u010dn\u00edch syst\u00e9m\u016f opera\u010dn\u00edho \u0159\u00edzen\u00ed a\u00a0v\u00a0identifikaci model\u016f t\u00eds\u0148ov\u00fdch slu\u017eeb. \u010cl\u00e1nek s\u00a0odborn\u00fdm t\u00e9matem byl vypracov\u00e1n na z\u00e1klad\u011b vybran\u00fdch metod a\u00a0technik v\u011bdeck\u00e9ho zkoum\u00e1n\u00ed, hypot\u00e9zy a\u00a0stanoven\u00fdch v\u00fdzkumn\u00fdch c\u00edl\u016f diserta\u010dn\u00ed pr\u00e1ce autora, ze kter\u00e9 je \u010derp\u00e1n jeho obsah. Mezi pou\u017eit\u00e9 metody, kter\u00e9 lze uv\u00e9st v\u00a0souvislosti s\u00a0p\u0159edlo\u017een\u00fdm \u010dl\u00e1nkem, pat\u0159\u00ed nap\u0159\u00edklad shroma\u017e\u010fov\u00e1n\u00ed poznatk\u016f z\u00a0praxe \u010derpan\u00fdch p\u0159edev\u0161\u00edm formou odborn\u00fdch rozhovor\u016f se z\u00e1stupci z\u00e1kladn\u00edch slo\u017eek integrovan\u00e9ho z\u00e1chrann\u00e9ho syst\u00e9mu nebo vyu\u017eit\u00ed analyticko-syntetick\u00fdch pozn\u00e1vac\u00edch metod p\u0159i anal\u00fdze a\u00a0charakteristice sou\u010dasn\u00e9ho syst\u00e9mu.<\/p>\n<p><strong>Kl\u00ed\u010dov\u00e1 slova<\/strong>: opera\u010dn\u00ed st\u0159edisko, pracovi\u0161t\u011b pro p\u0159\u00edjem t\u00eds\u0148ov\u00e9 komunikace, telefonn\u00ed centrum t\u00eds\u0148ov\u00e9ho vol\u00e1n\u00ed, t\u00eds\u0148ov\u00e1 komunikace, t\u00eds\u0148ov\u00e9 slu\u017eby, t\u00eds\u0148ov\u00e9 vol\u00e1n\u00ed.<\/p>\n<hr \/>\n<p><a href=\"https:\/\/veda.polac.cz\/?page_id=7588\">Zp\u011bt<\/a><\/p>\n","protected":false},"excerpt":{"rendered":"<p>Resum\u00e9 \u010dl\u00e1nku Modernizace t\u00eds\u0148ov\u00e9 komunikace v podm\u00ednk\u00e1ch \u010cesk\u00e9 republiky PhDr. Mgr. Miroslav Matou\u0161, Ph.D., Policejn\u00ed akademie \u010cesk\u00e9 republiky v\u00a0Praze, Fakulta bezpe\u010dnostn\u00edho managementu, katedra krizov\u00e9ho \u0159\u00edzen\u00ed Abstrakt \u010cl\u00e1nek pojedn\u00e1v\u00e1 o\u00a0t\u00eds\u0148ov\u00fdch slu\u017eb\u00e1ch, kter\u00e9 zahrnuj\u00ed jak p\u0159\u00edjem t\u00eds\u0148ov\u00e9 komunikace, tak i\u00a0opera\u010dn\u00ed \u0159\u00edzen\u00ed, nebo\u0165 p\u0159\u00edjem t\u00e9to komunikace je jeho ned\u00edlnou sou\u010d\u00e1st\u00ed. Obsahov\u011b je \u010dl\u00e1nek zam\u011b\u0159en nejen na \u00fazem\u00ed \u010cesk\u00e9 [&hellip;]<\/p>\n","protected":false},"author":6,"featured_media":0,"parent":0,"menu_order":0,"comment_status":"closed","ping_status":"closed","template":"","meta":{"footnotes":""},"class_list":["post-7604","page","type-page","status-publish","hentry"],"_links":{"self":[{"href":"https:\/\/veda.polac.cz\/index.php?rest_route=\/wp\/v2\/pages\/7604","targetHints":{"allow":["GET"]}}],"collection":[{"href":"https:\/\/veda.polac.cz\/index.php?rest_route=\/wp\/v2\/pages"}],"about":[{"href":"https:\/\/veda.polac.cz\/index.php?rest_route=\/wp\/v2\/types\/page"}],"author":[{"embeddable":true,"href":"https:\/\/veda.polac.cz\/index.php?rest_route=\/wp\/v2\/users\/6"}],"replies":[{"embeddable":true,"href":"https:\/\/veda.polac.cz\/index.php?rest_route=%2Fwp%2Fv2%2Fcomments&post=7604"}],"version-history":[{"count":1,"href":"https:\/\/veda.polac.cz\/index.php?rest_route=\/wp\/v2\/pages\/7604\/revisions"}],"predecessor-version":[{"id":7605,"href":"https:\/\/veda.polac.cz\/index.php?rest_route=\/wp\/v2\/pages\/7604\/revisions\/7605"}],"wp:attachment":[{"href":"https:\/\/veda.polac.cz\/index.php?rest_route=%2Fwp%2Fv2%2Fmedia&parent=7604"}],"curies":[{"name":"wp","href":"https:\/\/api.w.org\/{rel}","templated":true}]}}