{"id":7600,"date":"2025-03-25T13:21:52","date_gmt":"2025-03-25T13:21:52","guid":{"rendered":"https:\/\/veda.polac.cz\/?page_id=7600"},"modified":"2025-03-25T13:21:52","modified_gmt":"2025-03-25T13:21:52","slug":"7600-2","status":"publish","type":"page","link":"https:\/\/veda.polac.cz\/?page_id=7600","title":{"rendered":""},"content":{"rendered":"<p style=\"text-align: center;\">Resum\u00e9 \u010dl\u00e1nku<\/p>\n<p><strong>Mo\u017enosti restorat\u00edvnej just\u00edcie v\u00a0pr\u00edpadoch z\u00e1va\u017enej trestnej \u010dinnosti<\/strong><\/p>\n<p><em>pplk. doc. JUDr. Veronika Markov\u00e1, PhD., Akad\u00e9mia policajn\u00e9ho zboru v Bratislave, Slovensk\u00e1 republika, katedra trestn\u00e9ho pr\u00e1va<\/em><\/p>\n<p><strong>Abstrakt<\/strong><\/p>\n<p>Pr\u00edspevok je venovan\u00fd ot\u00e1zkam, ktor\u00e9 sa dot\u00fdkaj\u00fa vn\u00edmania restorat\u00edvnej just\u00edcie v\u00a0podmienkach SR v\u00a0kontexte s\u00fa\u010dasnej pr\u00e1vnej \u00fapravy, ako aj v\u00a0zmysle zmien, ktor\u00fdmi trestn\u00e9 pr\u00e1vo prech\u00e1dzalo v\u00a0poslednom obdob\u00ed. Osobitne je v\u00a0pr\u00edspevku venovan\u00e1 pozornos\u0165 vyu\u017e\u00edvaniu restorat\u00edvnych programov v\u00a0pr\u00edpadoch z\u00e1va\u017enej trestnej \u010dinnosti so zameran\u00edm na vn\u00edmanie niektor\u00fdch skuto\u010dnost\u00ed s\u00favisiacich s\u00a0trestn\u00fdm \u010dinom na obidvoch stran\u00e1ch naru\u0161en\u00e9ho vz\u0165ahu \u2013 na strane obete, ako aj na strane p\u00e1chate\u013ea.<\/p>\n<p><strong>K\u013e\u00fa\u010dov\u00e9 slov\u00e1: <\/strong>obe\u0165 trestn\u00e9ho \u010dinu, restorat\u00edvna just\u00edcia, retribut\u00edvna just\u00edcia, p\u00e1chate\u013e trestn\u00e9ho \u010dinu, z\u00e1va\u017en\u00e1 trestn\u00e1 \u010dinnos\u0165.<\/p>\n<hr \/>\n<p><a href=\"https:\/\/veda.polac.cz\/?page_id=7588\">Zp\u011bt<\/a><\/p>\n","protected":false},"excerpt":{"rendered":"<p>Resum\u00e9 \u010dl\u00e1nku Mo\u017enosti restorat\u00edvnej just\u00edcie v\u00a0pr\u00edpadoch z\u00e1va\u017enej trestnej \u010dinnosti pplk. doc. JUDr. Veronika Markov\u00e1, PhD., Akad\u00e9mia policajn\u00e9ho zboru v Bratislave, Slovensk\u00e1 republika, katedra trestn\u00e9ho pr\u00e1va Abstrakt Pr\u00edspevok je venovan\u00fd ot\u00e1zkam, ktor\u00e9 sa dot\u00fdkaj\u00fa vn\u00edmania restorat\u00edvnej just\u00edcie v\u00a0podmienkach SR v\u00a0kontexte s\u00fa\u010dasnej pr\u00e1vnej \u00fapravy, ako aj v\u00a0zmysle zmien, ktor\u00fdmi trestn\u00e9 pr\u00e1vo prech\u00e1dzalo v\u00a0poslednom obdob\u00ed. Osobitne je v\u00a0pr\u00edspevku [&hellip;]<\/p>\n","protected":false},"author":6,"featured_media":0,"parent":0,"menu_order":0,"comment_status":"closed","ping_status":"closed","template":"","meta":{"footnotes":""},"class_list":["post-7600","page","type-page","status-publish","hentry"],"_links":{"self":[{"href":"https:\/\/veda.polac.cz\/index.php?rest_route=\/wp\/v2\/pages\/7600","targetHints":{"allow":["GET"]}}],"collection":[{"href":"https:\/\/veda.polac.cz\/index.php?rest_route=\/wp\/v2\/pages"}],"about":[{"href":"https:\/\/veda.polac.cz\/index.php?rest_route=\/wp\/v2\/types\/page"}],"author":[{"embeddable":true,"href":"https:\/\/veda.polac.cz\/index.php?rest_route=\/wp\/v2\/users\/6"}],"replies":[{"embeddable":true,"href":"https:\/\/veda.polac.cz\/index.php?rest_route=%2Fwp%2Fv2%2Fcomments&post=7600"}],"version-history":[{"count":1,"href":"https:\/\/veda.polac.cz\/index.php?rest_route=\/wp\/v2\/pages\/7600\/revisions"}],"predecessor-version":[{"id":7601,"href":"https:\/\/veda.polac.cz\/index.php?rest_route=\/wp\/v2\/pages\/7600\/revisions\/7601"}],"wp:attachment":[{"href":"https:\/\/veda.polac.cz\/index.php?rest_route=%2Fwp%2Fv2%2Fmedia&parent=7600"}],"curies":[{"name":"wp","href":"https:\/\/api.w.org\/{rel}","templated":true}]}}