{"id":7594,"date":"2025-03-25T13:13:47","date_gmt":"2025-03-25T13:13:47","guid":{"rendered":"https:\/\/veda.polac.cz\/?page_id=7594"},"modified":"2025-03-25T13:13:47","modified_gmt":"2025-03-25T13:13:47","slug":"7594-2","status":"publish","type":"page","link":"https:\/\/veda.polac.cz\/?page_id=7594","title":{"rendered":""},"content":{"rendered":"<p style=\"text-align: center;\">Resum\u00e9 \u010dl\u00e1nku<\/p>\n<p><strong>Pr\u00e1vne postavenie a\u00a0\u00falohy s\u00fakromn\u00fdch bezpe\u010dnostn\u00fdch slu\u017eieb v\u00a0syst\u00e9me bezpe\u010dnostn\u00fdch zlo\u017eiek Slovenskej republiky<\/strong><\/p>\n<p><em>pplk. doc. JUDr. Miriam Odlerov\u00e1, PhD., Akad\u00e9mia policajn\u00e9ho zboru v Bratislave, Slovensk\u00e1 republika, katedra spr\u00e1vneho pr\u00e1va<\/em><\/p>\n<p><strong>Abstrakt<\/strong><\/p>\n<p>Bezpe\u010dnos\u0165 v\u00a0Slovenskej republike zabezpe\u010duje viacero subjektov, a\u00a0to tak \u0161t\u00e1tnych, ako aj ne\u0161t\u00e1tnych. Ne\u0161t\u00e1tnymi subjektmi, ktor\u00e9 plnia bezpe\u010dnostn\u00e9 \u00falohy na komer\u010dnom z\u00e1klade, s\u00fa s\u00fakromn\u00e9 bezpe\u010dnostn\u00e9 slu\u017eby. Fyzick\u00fa ochranu v\u0161ak m\u00f4\u017eu poskytova\u0165 aj org\u00e1nom verejnej spr\u00e1vy, preto je d\u00f4le\u017eit\u00e9 zaobera\u0165 sa ot\u00e1zkou, ak\u00e9 osoby m\u00f4\u017eu by\u0165 v\u00fdkonom fyzickej ochrany poverovan\u00e9. \u010cl\u00e1nok podrobne analyzuje pr\u00e1vne postavenie s\u00fakromn\u00fdch bezpe\u010dnostn\u00fdch slu\u017eieb na Slovensku a\u00a0podmienok vykon\u00e1vania fyzickej ochrany s\u00a0cie\u013eom n\u00e1js\u0165 rezervy a\u00a0mo\u017enosti ich zlep\u0161enia.<\/p>\n<p><strong>K\u013e\u00fa\u010dov\u00e9 slov\u00e1:<\/strong> s\u00fakromn\u00e9 bezpe\u010dnostn\u00e9 slu\u017eby, s\u00fakromn\u00e1 bezpe\u010dnos\u0165, fyzick\u00e1 ochrana, objekt osobitnej d\u00f4le\u017eitosti, bez\u00fahonnos\u0165, spo\u013eahlivos\u0165, odborn\u00e1 sp\u00f4sobilos\u0165.<\/p>\n<hr \/>\n<p><a href=\"https:\/\/veda.polac.cz\/?page_id=7588\">Zp\u011bt<\/a><\/p>\n","protected":false},"excerpt":{"rendered":"<p>Resum\u00e9 \u010dl\u00e1nku Pr\u00e1vne postavenie a\u00a0\u00falohy s\u00fakromn\u00fdch bezpe\u010dnostn\u00fdch slu\u017eieb v\u00a0syst\u00e9me bezpe\u010dnostn\u00fdch zlo\u017eiek Slovenskej republiky pplk. doc. JUDr. Miriam Odlerov\u00e1, PhD., Akad\u00e9mia policajn\u00e9ho zboru v Bratislave, Slovensk\u00e1 republika, katedra spr\u00e1vneho pr\u00e1va Abstrakt Bezpe\u010dnos\u0165 v\u00a0Slovenskej republike zabezpe\u010duje viacero subjektov, a\u00a0to tak \u0161t\u00e1tnych, ako aj ne\u0161t\u00e1tnych. Ne\u0161t\u00e1tnymi subjektmi, ktor\u00e9 plnia bezpe\u010dnostn\u00e9 \u00falohy na komer\u010dnom z\u00e1klade, s\u00fa s\u00fakromn\u00e9 bezpe\u010dnostn\u00e9 slu\u017eby. [&hellip;]<\/p>\n","protected":false},"author":6,"featured_media":0,"parent":0,"menu_order":0,"comment_status":"closed","ping_status":"closed","template":"","meta":{"footnotes":""},"class_list":["post-7594","page","type-page","status-publish","hentry"],"_links":{"self":[{"href":"https:\/\/veda.polac.cz\/index.php?rest_route=\/wp\/v2\/pages\/7594","targetHints":{"allow":["GET"]}}],"collection":[{"href":"https:\/\/veda.polac.cz\/index.php?rest_route=\/wp\/v2\/pages"}],"about":[{"href":"https:\/\/veda.polac.cz\/index.php?rest_route=\/wp\/v2\/types\/page"}],"author":[{"embeddable":true,"href":"https:\/\/veda.polac.cz\/index.php?rest_route=\/wp\/v2\/users\/6"}],"replies":[{"embeddable":true,"href":"https:\/\/veda.polac.cz\/index.php?rest_route=%2Fwp%2Fv2%2Fcomments&post=7594"}],"version-history":[{"count":1,"href":"https:\/\/veda.polac.cz\/index.php?rest_route=\/wp\/v2\/pages\/7594\/revisions"}],"predecessor-version":[{"id":7595,"href":"https:\/\/veda.polac.cz\/index.php?rest_route=\/wp\/v2\/pages\/7594\/revisions\/7595"}],"wp:attachment":[{"href":"https:\/\/veda.polac.cz\/index.php?rest_route=%2Fwp%2Fv2%2Fmedia&parent=7594"}],"curies":[{"name":"wp","href":"https:\/\/api.w.org\/{rel}","templated":true}]}}