{"id":7451,"date":"2024-09-25T09:36:51","date_gmt":"2024-09-25T09:36:51","guid":{"rendered":"https:\/\/veda.polac.cz\/?page_id=7451"},"modified":"2024-09-25T09:36:51","modified_gmt":"2024-09-25T09:36:51","slug":"7451-2","status":"publish","type":"page","link":"https:\/\/veda.polac.cz\/?page_id=7451","title":{"rendered":""},"content":{"rendered":"<p style=\"text-align: center;\">Resum\u00e9 \u010dl\u00e1nku<\/p>\n<p><strong>Polsk\u00e1 policie v syst\u00e9mu \u0159\u00edzen\u00ed bezpe\u010dnosti a ve\u0159ejn\u00e9ho po\u0159\u00e1dku v perspektiv\u011b v\u00e1lky na Ukrajin\u011b v roce 2022<\/strong><\/p>\n<p><em>col. Piotr Zalewski, PhD., Univerzita Jana Kochanowsk\u00e9ho, Kielce, Polsko, Fakulta pr\u00e1vn\u00edch a soci\u00e1ln\u00edch v\u011bd, \u00dastav bezpe\u010dnostn\u00edch v\u011bd, z\u00e1stupce zemsk\u00e9ho policejn\u00edho velitele v Rzesz\u00f3w, Polsko<\/em><\/p>\n<p><strong>Abstrakt<\/strong><\/p>\n<p>V\u00e1lka, kterou 24. \u00fanora 2022 zah\u00e1jila Rusk\u00e1 federace proti Ukrajin\u011b, m\u011bla v\u00e1\u017en\u00e9 d\u016fsledky pro bezpe\u010dnostn\u00ed prost\u0159ed\u00ed v lok\u00e1ln\u00ed, region\u00e1ln\u00ed i mezin\u00e1rodn\u00ed dimenzi. Masov\u00fd pohyb uprchl\u00edk\u016f z Ukrajiny na \u00fazem\u00ed Evropsk\u00e9 unie i pl\u00e1novan\u00e9 dezinforma\u010dn\u00ed kampan\u011b nam\u00ed\u0159en\u00e9 proti zem\u00edm poskytuj\u00edc\u00edm pomoc Ukrajin\u011b zp\u016fsobily, \u017ee po\u0159\u00e1dkov\u00e9 slu\u017eby \u010delily nov\u00fdm v\u00fdzv\u00e1m a \u00fakol\u016fm. C\u00edlem \u010dl\u00e1nku je analyzovat hrozby, kter\u00e9 pro Polsko p\u0159edstavuje v\u00e1lka na Ukrajin\u011b a souvisej\u00edc\u00ed uprchlick\u00e1 krize, a tak\u00e9 to, jak se polsk\u00e9 policii da\u0159\u00ed t\u011bmto hrozb\u00e1m \u010delit.<\/p>\n<p><strong>Kl\u00ed\u010dov\u00e1 slova:<\/strong> policie, v\u00e1lka, krizov\u00e9 \u0159\u00edzen\u00ed, bezpe\u010dnost, ve\u0159ejn\u00fd po\u0159\u00e1dek.<\/p>\n<hr \/>\n<p><a href=\"https:\/\/veda.polac.cz\/?page_id=7449\">Zp\u011bt<\/a><\/p>\n","protected":false},"excerpt":{"rendered":"<p>Resum\u00e9 \u010dl\u00e1nku Polsk\u00e1 policie v syst\u00e9mu \u0159\u00edzen\u00ed bezpe\u010dnosti a ve\u0159ejn\u00e9ho po\u0159\u00e1dku v perspektiv\u011b v\u00e1lky na Ukrajin\u011b v roce 2022 col. Piotr Zalewski, PhD., Univerzita Jana Kochanowsk\u00e9ho, Kielce, Polsko, Fakulta pr\u00e1vn\u00edch a soci\u00e1ln\u00edch v\u011bd, \u00dastav bezpe\u010dnostn\u00edch v\u011bd, z\u00e1stupce zemsk\u00e9ho policejn\u00edho velitele v Rzesz\u00f3w, Polsko Abstrakt V\u00e1lka, kterou 24. \u00fanora 2022 zah\u00e1jila Rusk\u00e1 federace proti Ukrajin\u011b, m\u011bla [&hellip;]<\/p>\n","protected":false},"author":6,"featured_media":0,"parent":0,"menu_order":0,"comment_status":"closed","ping_status":"closed","template":"","meta":{"footnotes":""},"class_list":["post-7451","page","type-page","status-publish","hentry"],"_links":{"self":[{"href":"https:\/\/veda.polac.cz\/index.php?rest_route=\/wp\/v2\/pages\/7451","targetHints":{"allow":["GET"]}}],"collection":[{"href":"https:\/\/veda.polac.cz\/index.php?rest_route=\/wp\/v2\/pages"}],"about":[{"href":"https:\/\/veda.polac.cz\/index.php?rest_route=\/wp\/v2\/types\/page"}],"author":[{"embeddable":true,"href":"https:\/\/veda.polac.cz\/index.php?rest_route=\/wp\/v2\/users\/6"}],"replies":[{"embeddable":true,"href":"https:\/\/veda.polac.cz\/index.php?rest_route=%2Fwp%2Fv2%2Fcomments&post=7451"}],"version-history":[{"count":1,"href":"https:\/\/veda.polac.cz\/index.php?rest_route=\/wp\/v2\/pages\/7451\/revisions"}],"predecessor-version":[{"id":7452,"href":"https:\/\/veda.polac.cz\/index.php?rest_route=\/wp\/v2\/pages\/7451\/revisions\/7452"}],"wp:attachment":[{"href":"https:\/\/veda.polac.cz\/index.php?rest_route=%2Fwp%2Fv2%2Fmedia&parent=7451"}],"curies":[{"name":"wp","href":"https:\/\/api.w.org\/{rel}","templated":true}]}}