{"id":7332,"date":"2024-03-27T12:09:07","date_gmt":"2024-03-27T12:09:07","guid":{"rendered":"https:\/\/veda.polac.cz\/?page_id=7332"},"modified":"2024-03-27T12:09:07","modified_gmt":"2024-03-27T12:09:07","slug":"7332-2","status":"publish","type":"page","link":"https:\/\/veda.polac.cz\/?page_id=7332","title":{"rendered":""},"content":{"rendered":"<p style=\"text-align: center;\">Resum\u00e9 \u010dl\u00e1nku<\/p>\n<p><strong>Problematick\u00e9 posuzov\u00e1n\u00ed n\u011bkter\u00fdch protipr\u00e1vn\u00edch jedn\u00e1n\u00ed p\u0159\u00edslu\u0161n\u00edk\u016f bezpe\u010dnostn\u00edch sbor\u016f<\/strong><\/p>\n<p><em>Vrchn\u00ed rada plk. PhDr. Libor Grepl, Gener\u00e1ln\u00ed inspekce bezpe\u010dnostn\u00edch sbor\u016f, koordin\u00e1tor trestn\u00edho a vy\u0161et\u0159ovac\u00edho \u0159\u00edzen\u00ed<\/em><\/p>\n<p><strong>Abstrakt<\/strong><\/p>\n<p>\u010cl\u00e1nek m\u00e1 za c\u00edl prezentovat p\u0159edev\u0161\u00edm v\u00fdsledky empirick\u00e9 \u010d\u00e1sti diserta\u010dn\u00ed pr\u00e1ce autora \u201eVybran\u00e9 aspekty mo\u017en\u00e9ho korup\u010dn\u00edho a jin\u00e9ho ne\u017e\u00e1douc\u00edho jedn\u00e1n\u00ed p\u0159\u00edslu\u0161n\u00edk\u016f a zam\u011bstnanc\u016f bezpe\u010dnostn\u00edch sbor\u016f\u201c<br \/>\nGIBS, jako\u017eto policejn\u00ed org\u00e1n, kter\u00fd se zab\u00fdv\u00e1 zejm\u00e9na prov\u011b\u0159ov\u00e1n\u00edm a vy\u0161et\u0159ov\u00e1n\u00edm trestn\u00fdch \u010din\u016f p\u0159\u00edslu\u0161n\u00edk\u016f a zam\u011bstnanc\u016f bezpe\u010dnostn\u00edch sbor\u016f, se pot\u00fdk\u00e1 s celou \u0159adou p\u0159\u00edpad\u016f a situac\u00ed, kdy je obt\u00ed\u017en\u00e9 spr\u00e1vn\u011b stanovit pr\u00e1vn\u00ed kvalifikaci posuzovan\u00e9ho jedn\u00e1n\u00ed. P\u0159\u00edslu\u0161n\u00edci GIBS si jsou velmi dob\u0159e v\u011bdomi skute\u010dnosti, jak velk\u00fdm z\u00e1sahem do \u017eivota p\u0159\u00edslu\u0161n\u00edk\u016f bezpe\u010dnostn\u00edch sbor\u016f je jejich p\u0159\u00edpadn\u00e9 trestn\u00ed st\u00edh\u00e1n\u00ed. Z\u00e1rove\u0148 je GIBS slo\u017ekou represivn\u00ed v\u016f\u010di dot\u010den\u00fdm bezpe\u010dnostn\u00edm sbor\u016fm, proto nelze opomenout ani d\u016fraz na ochranu spole\u010dnosti proti takov\u00e9mu jedn\u00e1n\u00ed, kter\u00e9 by tito p\u0159\u00edslu\u0161n\u00edci konat nem\u011bli a kter\u00e9 ka\u017ed\u00e9ho ob\u010dana, a\u0165 u\u017e p\u0159\u00edmo, nebo nep\u0159\u00edmo, kr\u00e1t\u00ed na jeho pr\u00e1vech a m\u016f\u017ee mu zp\u016fsobit celou \u0159adu nep\u0159\u00edjemnost\u00ed v nejr\u016fzn\u011bj\u0161\u00edch \u017eivotn\u00edch situac\u00edch. \u010cl\u00e1nek tedy poukazuje na t\u0159i velmi problematick\u00e9 oblasti, u kter\u00fdch praxe uk\u00e1zala pot\u0159ebu zm\u011bny. K nalezen\u00ed mo\u017en\u00e9ho \u0159e\u0161en\u00ed t\u011bchto pot\u0159eb pak byla zvolena v\u00fdzkumn\u00e1 \u010d\u00e1st diserta\u010dn\u00ed pr\u00e1ce, kter\u00e1 m\u00e1 za c\u00edl p\u0159edev\u0161\u00edm podpo\u0159it uva\u017eovan\u00e9 n\u00e1vrhy, a to n\u00e1zory pom\u011brn\u011b velk\u00e9ho mno\u017estv\u00ed odborn\u00edk\u016f z \u0159ad osob, je\u017e se s danou problematikou setk\u00e1vaj\u00ed dnes a denn\u011b. \u0158\u00edzen\u00e9 rozhovory s dal\u0161\u00edm, odli\u0161n\u00fdm panelem specialist\u016f na ot\u00e1zky trestn\u00edho \u0159\u00edzen\u00ed pak vhodn\u011b dopl\u0148uj\u00ed zji\u0161t\u011bn\u00e9 skute\u010dnosti.<br \/>\nZ\u00e1v\u011br \u010dl\u00e1nku, a nakonec i cel\u00e9 v\u00fdzkumn\u00e9 \u010d\u00e1sti pak d\u00e1v\u00e1 prostor pro prezentaci n\u00e1vrhu de lege ferenda a dal\u0161\u00edch postup\u016f, kter\u00e9 by mohly st\u00e1vaj\u00edc\u00ed situaci napravit.<\/p>\n<p><strong>Kl\u00ed\u010dov\u00e1 slova:<\/strong> dotazn\u00edkov\u00e9 \u0161et\u0159en\u00ed, Gener\u00e1ln\u00ed inspekce bezpe\u010dnostn\u00edch sbor\u016f, hate crime, lustrace, mu\u010den\u00ed, org\u00e1n \u010dinn\u00fd v trestn\u00edm \u0159\u00edzen\u00ed, \u0159\u00edzen\u00fd rozhovor, trestn\u00fd \u010din, zneu\u017eit\u00ed pravomoci.<\/p>\n<hr \/>\n<p><a href=\"https:\/\/veda.polac.cz\/?page_id=7318\">Zp\u011bt<\/a><\/p>\n","protected":false},"excerpt":{"rendered":"<p>Resum\u00e9 \u010dl\u00e1nku Problematick\u00e9 posuzov\u00e1n\u00ed n\u011bkter\u00fdch protipr\u00e1vn\u00edch jedn\u00e1n\u00ed p\u0159\u00edslu\u0161n\u00edk\u016f bezpe\u010dnostn\u00edch sbor\u016f Vrchn\u00ed rada plk. PhDr. Libor Grepl, Gener\u00e1ln\u00ed inspekce bezpe\u010dnostn\u00edch sbor\u016f, koordin\u00e1tor trestn\u00edho a vy\u0161et\u0159ovac\u00edho \u0159\u00edzen\u00ed Abstrakt \u010cl\u00e1nek m\u00e1 za c\u00edl prezentovat p\u0159edev\u0161\u00edm v\u00fdsledky empirick\u00e9 \u010d\u00e1sti diserta\u010dn\u00ed pr\u00e1ce autora \u201eVybran\u00e9 aspekty mo\u017en\u00e9ho korup\u010dn\u00edho a jin\u00e9ho ne\u017e\u00e1douc\u00edho jedn\u00e1n\u00ed p\u0159\u00edslu\u0161n\u00edk\u016f a zam\u011bstnanc\u016f bezpe\u010dnostn\u00edch sbor\u016f\u201c GIBS, jako\u017eto policejn\u00ed org\u00e1n, [&hellip;]<\/p>\n","protected":false},"author":6,"featured_media":0,"parent":0,"menu_order":0,"comment_status":"closed","ping_status":"closed","template":"","meta":{"footnotes":""},"class_list":["post-7332","page","type-page","status-publish","hentry"],"_links":{"self":[{"href":"https:\/\/veda.polac.cz\/index.php?rest_route=\/wp\/v2\/pages\/7332","targetHints":{"allow":["GET"]}}],"collection":[{"href":"https:\/\/veda.polac.cz\/index.php?rest_route=\/wp\/v2\/pages"}],"about":[{"href":"https:\/\/veda.polac.cz\/index.php?rest_route=\/wp\/v2\/types\/page"}],"author":[{"embeddable":true,"href":"https:\/\/veda.polac.cz\/index.php?rest_route=\/wp\/v2\/users\/6"}],"replies":[{"embeddable":true,"href":"https:\/\/veda.polac.cz\/index.php?rest_route=%2Fwp%2Fv2%2Fcomments&post=7332"}],"version-history":[{"count":1,"href":"https:\/\/veda.polac.cz\/index.php?rest_route=\/wp\/v2\/pages\/7332\/revisions"}],"predecessor-version":[{"id":7333,"href":"https:\/\/veda.polac.cz\/index.php?rest_route=\/wp\/v2\/pages\/7332\/revisions\/7333"}],"wp:attachment":[{"href":"https:\/\/veda.polac.cz\/index.php?rest_route=%2Fwp%2Fv2%2Fmedia&parent=7332"}],"curies":[{"name":"wp","href":"https:\/\/api.w.org\/{rel}","templated":true}]}}