{"id":733,"date":"2018-09-13T20:14:41","date_gmt":"2018-09-13T20:14:41","guid":{"rendered":"http:\/\/veda.polac.cz\/?page_id=733"},"modified":"2018-10-27T19:02:55","modified_gmt":"2018-10-27T19:02:55","slug":"9-2","status":"publish","type":"page","link":"https:\/\/veda.polac.cz\/?page_id=733","title":{"rendered":""},"content":{"rendered":"<p style=\"text-align: center;\">Resum\u00e9 \u010dl\u00e1nku<\/p>\n<p><strong>Aktu\u00e1ln\u00ed ot\u00e1zky v\u011bze\u0148stv\u00ed<\/strong><i><strong><br \/>\n<\/strong>PhDr. JUDr. Jana Firstov\u00e1, Ph.D., Fakulta bezpe\u010dnostn\u011b pr\u00e1vn\u00ed PA \u010cR v Praze, katedra kriminologie<br \/>\nprof. PhDr. Pavel M\u00fchlpachr, Ph.D., Univerzita Komensk\u00e9ho v Bratislav\u011b, Pedagogick\u00e1 fakulta<br \/>\nPhDr. Jan Soch\u016frek, Ph.D., Akademie V\u011bze\u0148sk\u00e9 slu\u017eby \u010cR<\/p>\n<p><\/i>P\u0159\u00edsp\u011bvek ve stru\u010dnosti shrnuje aktu\u00e1ln\u00ed t\u00e9mata sou\u010dasn\u00e9ho v\u011bze\u0148stv\u00ed, kter\u00e1 byla diskutov\u00e1na v r\u00e1mci mezin\u00e1rodn\u00ed v\u011bdeck\u00e9 konference &#8222;Aktu\u00e1ln\u00ed ot\u00e1zky v\u011bze\u0148stv\u00ed&#8220;. Jedn\u00e1 se o takov\u00e9 probl\u00e9my, jako jsou mo\u017enosti sou\u010dasn\u00e9ho resocializa\u010dn\u00edho p\u016fsoben\u00ed ve v\u011bze\u0148sk\u00fdch za\u0159\u00edzen\u00edch, prevence recidivy, efektivn\u00ed modely zach\u00e1zen\u00ed s odsouzen\u00fdmi \u010di ot\u00e1zky n\u00e1sledn\u00e9 postpenitenci\u00e1rn\u00ed p\u00e9\u010de.<br \/>\n<strong>Kl\u00ed\u010dov\u00e1 slova:<\/strong>\u00a0Odsouzen\u00fd, penitenci\u00e1rn\u00ed p\u00e9\u010de, penologie, soci\u00e1ln\u00ed reintegrace, trest, v\u011bze\u0148stv\u00ed.<\/p>\n<p><a href=\"https:\/\/veda.polac.cz\/?page_id=715\">01\/2015<\/a><\/p>\n","protected":false},"excerpt":{"rendered":"<p>Resum\u00e9 \u010dl\u00e1nku Aktu\u00e1ln\u00ed ot\u00e1zky v\u011bze\u0148stv\u00ed PhDr. JUDr. Jana Firstov\u00e1, Ph.D., Fakulta bezpe\u010dnostn\u011b pr\u00e1vn\u00ed PA \u010cR v Praze, katedra kriminologie prof. PhDr. Pavel M\u00fchlpachr, Ph.D., Univerzita Komensk\u00e9ho v Bratislav\u011b, Pedagogick\u00e1 fakulta PhDr. Jan Soch\u016frek, Ph.D., Akademie V\u011bze\u0148sk\u00e9 slu\u017eby \u010cR P\u0159\u00edsp\u011bvek ve stru\u010dnosti shrnuje aktu\u00e1ln\u00ed t\u00e9mata sou\u010dasn\u00e9ho v\u011bze\u0148stv\u00ed, kter\u00e1 byla diskutov\u00e1na v r\u00e1mci mezin\u00e1rodn\u00ed v\u011bdeck\u00e9 konference &#8222;Aktu\u00e1ln\u00ed [&hellip;]<\/p>\n","protected":false},"author":2,"featured_media":0,"parent":715,"menu_order":9,"comment_status":"closed","ping_status":"closed","template":"","meta":{"footnotes":""},"class_list":["post-733","page","type-page","status-publish","hentry"],"_links":{"self":[{"href":"https:\/\/veda.polac.cz\/index.php?rest_route=\/wp\/v2\/pages\/733","targetHints":{"allow":["GET"]}}],"collection":[{"href":"https:\/\/veda.polac.cz\/index.php?rest_route=\/wp\/v2\/pages"}],"about":[{"href":"https:\/\/veda.polac.cz\/index.php?rest_route=\/wp\/v2\/types\/page"}],"author":[{"embeddable":true,"href":"https:\/\/veda.polac.cz\/index.php?rest_route=\/wp\/v2\/users\/2"}],"replies":[{"embeddable":true,"href":"https:\/\/veda.polac.cz\/index.php?rest_route=%2Fwp%2Fv2%2Fcomments&post=733"}],"version-history":[{"count":2,"href":"https:\/\/veda.polac.cz\/index.php?rest_route=\/wp\/v2\/pages\/733\/revisions"}],"predecessor-version":[{"id":746,"href":"https:\/\/veda.polac.cz\/index.php?rest_route=\/wp\/v2\/pages\/733\/revisions\/746"}],"up":[{"embeddable":true,"href":"https:\/\/veda.polac.cz\/index.php?rest_route=\/wp\/v2\/pages\/715"}],"wp:attachment":[{"href":"https:\/\/veda.polac.cz\/index.php?rest_route=%2Fwp%2Fv2%2Fmedia&parent=733"}],"curies":[{"name":"wp","href":"https:\/\/api.w.org\/{rel}","templated":true}]}}