{"id":7327,"date":"2024-03-27T12:03:23","date_gmt":"2024-03-27T12:03:23","guid":{"rendered":"https:\/\/veda.polac.cz\/?page_id=7327"},"modified":"2024-03-27T12:03:23","modified_gmt":"2024-03-27T12:03:23","slug":"7327-2","status":"publish","type":"page","link":"https:\/\/veda.polac.cz\/?page_id=7327","title":{"rendered":""},"content":{"rendered":"<p style=\"text-align: center;\">Resum\u00e9 \u010dl\u00e1nku<\/p>\n<p><strong>V\u011bze\u0148sk\u00e9 prost\u0159ed\u00ed a jeho vliv na zam\u011bstnance V\u011bze\u0148sk\u00e9 slu\u017eby \u010cR<\/strong><\/p>\n<p><em>Mgr. Ond\u0159ej Kol\u00e1\u0159, Ph.D., Policejn\u00ed akademie \u010cesk\u00e9 republiky v Praze, Fakulta bezpe\u010dnostn\u00edho managementu, katedra bezpe\u010dnostn\u00edch studi\u00ed<\/em><\/p>\n<p><strong>Abstrakt<\/strong><\/p>\n<p>P\u0159\u00edsp\u011bvek se soust\u0159ed\u00ed na v\u011bze\u0148sk\u00e9 prost\u0159ed\u00ed a jeho vliv na zam\u011bstnance, p\u0159edev\u0161\u00edm v souvislosti se zvl\u00e1d\u00e1n\u00edm n\u00e1ro\u010dn\u00fdch situac\u00ed. Zab\u00fdv\u00e1 se tak\u00e9 v\u00fdb\u011brem nov\u00fdch zam\u011bstnanc\u016f a z\u00e1kladn\u00edmi parametry jejich v\u00fdb\u011bru. Rovn\u011b\u017e poukazuje na nutnost vzd\u011bl\u00e1v\u00e1n\u00ed zam\u011bstnanc\u016f v\u011bznic v souvislosti s komunikac\u00ed s v\u011bzn\u011bn\u00fdmi osobami a r\u016fzn\u00fdm metod\u00e1m, kter\u00e9 lze p\u0159i jejich vzd\u011bl\u00e1v\u00e1n\u00ed vyu\u017e\u00edt.<\/p>\n<p><strong>Kl\u00ed\u010dov\u00e1 slova:<\/strong> V\u011bznice, v\u011bze\u0148sk\u00e9 prost\u0159ed\u00ed, mimo\u0159\u00e1dn\u00e1 ud\u00e1lost, bezpe\u010dnostn\u00ed sbor, krizov\u00e1 intervence, vzd\u011bl\u00e1v\u00e1n\u00ed zam\u011bstnanc\u016f v\u011bznic.<\/p>\n<hr \/>\n<p><a href=\"https:\/\/veda.polac.cz\/?page_id=7318\">Zp\u011bt<\/a><\/p>\n","protected":false},"excerpt":{"rendered":"<p>Resum\u00e9 \u010dl\u00e1nku V\u011bze\u0148sk\u00e9 prost\u0159ed\u00ed a jeho vliv na zam\u011bstnance V\u011bze\u0148sk\u00e9 slu\u017eby \u010cR Mgr. Ond\u0159ej Kol\u00e1\u0159, Ph.D., Policejn\u00ed akademie \u010cesk\u00e9 republiky v Praze, Fakulta bezpe\u010dnostn\u00edho managementu, katedra bezpe\u010dnostn\u00edch studi\u00ed Abstrakt P\u0159\u00edsp\u011bvek se soust\u0159ed\u00ed na v\u011bze\u0148sk\u00e9 prost\u0159ed\u00ed a jeho vliv na zam\u011bstnance, p\u0159edev\u0161\u00edm v souvislosti se zvl\u00e1d\u00e1n\u00edm n\u00e1ro\u010dn\u00fdch situac\u00ed. Zab\u00fdv\u00e1 se tak\u00e9 v\u00fdb\u011brem nov\u00fdch zam\u011bstnanc\u016f a z\u00e1kladn\u00edmi [&hellip;]<\/p>\n","protected":false},"author":6,"featured_media":0,"parent":0,"menu_order":0,"comment_status":"closed","ping_status":"closed","template":"","meta":{"footnotes":""},"class_list":["post-7327","page","type-page","status-publish","hentry"],"_links":{"self":[{"href":"https:\/\/veda.polac.cz\/index.php?rest_route=\/wp\/v2\/pages\/7327","targetHints":{"allow":["GET"]}}],"collection":[{"href":"https:\/\/veda.polac.cz\/index.php?rest_route=\/wp\/v2\/pages"}],"about":[{"href":"https:\/\/veda.polac.cz\/index.php?rest_route=\/wp\/v2\/types\/page"}],"author":[{"embeddable":true,"href":"https:\/\/veda.polac.cz\/index.php?rest_route=\/wp\/v2\/users\/6"}],"replies":[{"embeddable":true,"href":"https:\/\/veda.polac.cz\/index.php?rest_route=%2Fwp%2Fv2%2Fcomments&post=7327"}],"version-history":[{"count":1,"href":"https:\/\/veda.polac.cz\/index.php?rest_route=\/wp\/v2\/pages\/7327\/revisions"}],"predecessor-version":[{"id":7328,"href":"https:\/\/veda.polac.cz\/index.php?rest_route=\/wp\/v2\/pages\/7327\/revisions\/7328"}],"wp:attachment":[{"href":"https:\/\/veda.polac.cz\/index.php?rest_route=%2Fwp%2Fv2%2Fmedia&parent=7327"}],"curies":[{"name":"wp","href":"https:\/\/api.w.org\/{rel}","templated":true}]}}