{"id":7257,"date":"2023-12-27T13:47:26","date_gmt":"2023-12-27T13:47:26","guid":{"rendered":"https:\/\/veda.polac.cz\/?page_id=7257"},"modified":"2023-12-27T14:08:06","modified_gmt":"2023-12-27T14:08:06","slug":"7257-2","status":"publish","type":"page","link":"https:\/\/veda.polac.cz\/?page_id=7257","title":{"rendered":""},"content":{"rendered":"<p style=\"text-align: center;\">Resum\u00e9 \u010dl\u00e1nku<\/p>\n<p><strong>Migrace a\u00a0jej\u00ed regulace prost\u0159ednictv\u00edm v\u00edzov\u00e9 politiky st\u00e1t\u016f Evropsk\u00e9 unie<\/strong><\/p>\n<p><em>JUDr. Miloslav Smetana, Policejn\u00ed akademie \u010cesk\u00e9 republiky v\u00a0Praze, Fakulta bezpe\u010dnostn\u011b pr\u00e1vn\u00ed, katedra policejn\u00edch \u010dinnost\u00ed<\/em><\/p>\n<p><strong>Abstrakt<\/strong><\/p>\n<p>P\u0159edkl\u00e1dan\u00fd \u010dl\u00e1nek je pr\u00e1vn\u00ed anal\u00fdzou a\u00a0hodnocen\u00edm v\u00fdsledk\u016f Evropsk\u00e9 unie dosa\u017een\u00fdch v\u00a0procesu regulace migra\u010dn\u00edch pohyb\u016f sm\u011b\u0159uj\u00edc\u00edch do evropsk\u00e9ho prostoru prost\u0159ednictv\u00edm spole\u010dn\u00e9 v\u00edzov\u00e9 politiky jej\u00edch \u010dlensk\u00fdch st\u00e1t\u016f. Pro dokreslen\u00ed pohledu postaven\u00ed v\u00edzov\u00e9 politiky jako jednoho z\u00a0mo\u017en\u00fdch regulativn\u00edch prost\u0159edk\u016f pro \u0159\u00edzen\u00ed migrace byly provedeny pr\u016fzkumy p\u0159i vyu\u017eit\u00ed v\u011bdeck\u00e9 metody dotazov\u00e1n\u00ed, jejich\u017e v\u00fdstupem bylo zhodnocen\u00ed pohledu odborn\u00e9 a\u00a0neodborn\u00e9 ve\u0159ejnosti na tuto formu mo\u017en\u00e9 regulace migrace. C\u00edlem p\u0159edkl\u00e1dan\u00e9ho textu je sezn\u00e1men\u00ed s\u00a0v\u00fdstupy pr\u00e1vn\u00ed anal\u00fdzy a\u00a0v\u00fdzkumu, v\u010detn\u011b zhodnocen\u00ed postupn\u011b p\u0159ij\u00edman\u00fdch \u00faprav v\u00edzov\u00e9 praxe, jejich p\u0159\u00ednosu a\u00a0dal\u0161\u00ed perspektivy.<\/p>\n<p>V\u00edzov\u00e1 politika \u010dlensk\u00fdch st\u00e1t\u016f ve vztahu k\u00a0migraci m\u00e1 svou prioritu v\u00a0tom, \u017ee jej\u00edm prost\u0159ednictv\u00edm se uskute\u010d\u0148uje \u0159\u00edzen\u00ed migra\u010dn\u00edch pohyb\u016f v\u00a0dob\u011b, kdy osoby jsou je\u0161t\u011b mimo evropsk\u00fd prostor, a\u00a0je typick\u00fdm p\u0159\u00edkladem \u0159\u00edzen\u00e9 migrace jako jej\u00ed \u017e\u00e1douc\u00ed formy. Cesty prohlubov\u00e1n\u00ed spole\u010dn\u00e9 v\u00edzov\u00e9 politiky se d\u00e1le zdokonaluj\u00ed, a\u00a0to ve prosp\u011bch zaji\u0161t\u011bn\u00ed ve\u0159ejn\u00e9ho po\u0159\u00e1dku a\u00a0bezpe\u010dnosti st\u00e1t\u016f Evropsk\u00e9 unie i\u00a0ve prosp\u011bch v\u00fdhodn\u011bj\u0161\u00edch administrativn\u00edch podm\u00ednek pro pod\u00e1v\u00e1n\u00ed \u017e\u00e1dost\u00ed o\u00a0kr\u00e1tkodob\u00e1 v\u00edza ze strany \u017eadatel\u016f.<\/p>\n<p><strong>Kl\u00ed\u010dov\u00e1 slova: <\/strong>neleg\u00e1ln\u00ed migrace, leg\u00e1ln\u00ed migrace, v\u00edzum, cestovn\u00ed doklad, ob\u010dan\u00e9 t\u0159et\u00edch zem\u00ed, v\u00edzov\u00e9 facilitace, v\u00edzov\u00e1 reciprocita, v\u00edzov\u00e1 politika, n\u00e1vratov\u00e1 politika, v\u00edzov\u00fd kodex, v\u00edzov\u00e9 na\u0159\u00edzen\u00ed<\/p>\n<hr \/>\n<p><a href=\"https:\/\/veda.polac.cz\/?page_id=7248\">Zp\u011bt<\/a><\/p>\n","protected":false},"excerpt":{"rendered":"<p>Resum\u00e9 \u010dl\u00e1nku Migrace a\u00a0jej\u00ed regulace prost\u0159ednictv\u00edm v\u00edzov\u00e9 politiky st\u00e1t\u016f Evropsk\u00e9 unie JUDr. Miloslav Smetana, Policejn\u00ed akademie \u010cesk\u00e9 republiky v\u00a0Praze, Fakulta bezpe\u010dnostn\u011b pr\u00e1vn\u00ed, katedra policejn\u00edch \u010dinnost\u00ed Abstrakt P\u0159edkl\u00e1dan\u00fd \u010dl\u00e1nek je pr\u00e1vn\u00ed anal\u00fdzou a\u00a0hodnocen\u00edm v\u00fdsledk\u016f Evropsk\u00e9 unie dosa\u017een\u00fdch v\u00a0procesu regulace migra\u010dn\u00edch pohyb\u016f sm\u011b\u0159uj\u00edc\u00edch do evropsk\u00e9ho prostoru prost\u0159ednictv\u00edm spole\u010dn\u00e9 v\u00edzov\u00e9 politiky jej\u00edch \u010dlensk\u00fdch st\u00e1t\u016f. Pro dokreslen\u00ed pohledu postaven\u00ed [&hellip;]<\/p>\n","protected":false},"author":6,"featured_media":0,"parent":0,"menu_order":0,"comment_status":"closed","ping_status":"closed","template":"","meta":{"footnotes":""},"class_list":["post-7257","page","type-page","status-publish","hentry"],"_links":{"self":[{"href":"https:\/\/veda.polac.cz\/index.php?rest_route=\/wp\/v2\/pages\/7257","targetHints":{"allow":["GET"]}}],"collection":[{"href":"https:\/\/veda.polac.cz\/index.php?rest_route=\/wp\/v2\/pages"}],"about":[{"href":"https:\/\/veda.polac.cz\/index.php?rest_route=\/wp\/v2\/types\/page"}],"author":[{"embeddable":true,"href":"https:\/\/veda.polac.cz\/index.php?rest_route=\/wp\/v2\/users\/6"}],"replies":[{"embeddable":true,"href":"https:\/\/veda.polac.cz\/index.php?rest_route=%2Fwp%2Fv2%2Fcomments&post=7257"}],"version-history":[{"count":4,"href":"https:\/\/veda.polac.cz\/index.php?rest_route=\/wp\/v2\/pages\/7257\/revisions"}],"predecessor-version":[{"id":7274,"href":"https:\/\/veda.polac.cz\/index.php?rest_route=\/wp\/v2\/pages\/7257\/revisions\/7274"}],"wp:attachment":[{"href":"https:\/\/veda.polac.cz\/index.php?rest_route=%2Fwp%2Fv2%2Fmedia&parent=7257"}],"curies":[{"name":"wp","href":"https:\/\/api.w.org\/{rel}","templated":true}]}}