{"id":725,"date":"2018-09-13T20:09:18","date_gmt":"2018-09-13T20:09:18","guid":{"rendered":"http:\/\/veda.polac.cz\/?page_id=725"},"modified":"2018-10-27T19:02:54","modified_gmt":"2018-10-27T19:02:54","slug":"5-2","status":"publish","type":"page","link":"https:\/\/veda.polac.cz\/?page_id=725","title":{"rendered":""},"content":{"rendered":"<p style=\"text-align: center;\">Resum\u00e9 \u010dl\u00e1nku<\/p>\n<p><strong>Zach\u00e1zen\u00ed s pachateli seniorsk\u00e9ho v\u011bku<br \/>\n<\/strong><i>plk. PhDr. JUDr. Jana Firstov\u00e1, Ph.D., Fakulta bezpe\u010dnostn\u011b pr\u00e1vn\u00ed PA \u010cR v Praze, katedra kriminologie<\/p>\n<p><\/i>P\u0159\u00edsp\u011bvek se zab\u00fdv\u00e1 problematikou seniora jako pachatele trestn\u00e9 \u010dinnosti z pohledu napl\u0148ov\u00e1n\u00ed jednotliv\u00fdch teori\u00ed trestu. Zab\u00fdv\u00e1 se specifiky zach\u00e1zen\u00ed se seniory ve v\u00fdkonu trestu odn\u011bt\u00ed svobody, kdy poukazuje na n\u00e1r\u016fst pod\u00edlu osob star\u0161\u00edch 65 let ve v\u011bze\u0148sk\u00fdch za\u0159\u00edzen\u00edch a na nutnost vypracov\u00e1n\u00ed komplexn\u00edho modelu zach\u00e1zen\u00ed s v\u011bzni seniorsk\u00e9ho v\u011bku.<br \/>\n<strong>Kl\u00ed\u010dov\u00e1 slova:\u00a0<\/strong>penitenci\u00e1rn\u00ed p\u00e9\u010de, senior, v\u011bznice, teorie trestu, trest odn\u011bt\u00ed svobody, zach\u00e1zen\u00ed.<\/p>\n<p><a href=\"https:\/\/veda.polac.cz\/?page_id=715\">01\/2015<\/a><\/p>\n<p>&nbsp;<\/p>\n<p>&nbsp;<\/p>\n","protected":false},"excerpt":{"rendered":"<p>Resum\u00e9 \u010dl\u00e1nku Zach\u00e1zen\u00ed s pachateli seniorsk\u00e9ho v\u011bku plk. PhDr. JUDr. Jana Firstov\u00e1, Ph.D., Fakulta bezpe\u010dnostn\u011b pr\u00e1vn\u00ed PA \u010cR v Praze, katedra kriminologie P\u0159\u00edsp\u011bvek se zab\u00fdv\u00e1 problematikou seniora jako pachatele trestn\u00e9 \u010dinnosti z pohledu napl\u0148ov\u00e1n\u00ed jednotliv\u00fdch teori\u00ed trestu. Zab\u00fdv\u00e1 se specifiky zach\u00e1zen\u00ed se seniory ve v\u00fdkonu trestu odn\u011bt\u00ed svobody, kdy poukazuje na n\u00e1r\u016fst pod\u00edlu osob star\u0161\u00edch [&hellip;]<\/p>\n","protected":false},"author":2,"featured_media":0,"parent":715,"menu_order":5,"comment_status":"closed","ping_status":"closed","template":"","meta":{"footnotes":""},"class_list":["post-725","page","type-page","status-publish","hentry"],"_links":{"self":[{"href":"https:\/\/veda.polac.cz\/index.php?rest_route=\/wp\/v2\/pages\/725","targetHints":{"allow":["GET"]}}],"collection":[{"href":"https:\/\/veda.polac.cz\/index.php?rest_route=\/wp\/v2\/pages"}],"about":[{"href":"https:\/\/veda.polac.cz\/index.php?rest_route=\/wp\/v2\/types\/page"}],"author":[{"embeddable":true,"href":"https:\/\/veda.polac.cz\/index.php?rest_route=\/wp\/v2\/users\/2"}],"replies":[{"embeddable":true,"href":"https:\/\/veda.polac.cz\/index.php?rest_route=%2Fwp%2Fv2%2Fcomments&post=725"}],"version-history":[{"count":2,"href":"https:\/\/veda.polac.cz\/index.php?rest_route=\/wp\/v2\/pages\/725\/revisions"}],"predecessor-version":[{"id":742,"href":"https:\/\/veda.polac.cz\/index.php?rest_route=\/wp\/v2\/pages\/725\/revisions\/742"}],"up":[{"embeddable":true,"href":"https:\/\/veda.polac.cz\/index.php?rest_route=\/wp\/v2\/pages\/715"}],"wp:attachment":[{"href":"https:\/\/veda.polac.cz\/index.php?rest_route=%2Fwp%2Fv2%2Fmedia&parent=725"}],"curies":[{"name":"wp","href":"https:\/\/api.w.org\/{rel}","templated":true}]}}