{"id":723,"date":"2018-09-13T19:24:18","date_gmt":"2018-09-13T19:24:18","guid":{"rendered":"http:\/\/veda.polac.cz\/?page_id=723"},"modified":"2018-10-27T19:02:54","modified_gmt":"2018-10-27T19:02:54","slug":"4-2","status":"publish","type":"page","link":"https:\/\/veda.polac.cz\/?page_id=723","title":{"rendered":""},"content":{"rendered":"<p style=\"text-align: center;\">Resum\u00e9 \u010dl\u00e1nku<\/p>\n<p><strong>Anal\u00fdza faktor\u016f ovliv\u0148uj\u00edc\u00edch znalosti policist\u016f v oblasti detekce n\u00e1vykov\u00fdch l\u00e1tek v silni\u010dn\u00ed doprav\u011b<br \/>\n<\/strong><i>pplk. JUDr. Ing. Marek Bla\u017eejovsk\u00fd, Ph.D., Fakulta bezpe\u010dnostn\u011b pr\u00e1vn\u00ed PA \u010cR v Praze, katedra krimin\u00e1ln\u00ed policie<br \/>\nDr. Zden\u011bk Kova\u0159\u00edk, CSc., odd\u011blen\u00ed v\u011bdy a v\u00fdzkumu PA \u010cR v Praze<\/p>\n<p><\/i>Dan\u00fd p\u016fvodn\u00ed v\u011bdeck\u00fd \u010dl\u00e1nek se soust\u0159e\u010fuje na probl\u00e9my pou\u017e\u00edv\u00e1n\u00ed nez\u00e1konn\u00fdch n\u00e1vykov\u00fdch l\u00e1tek v silni\u010dn\u00ed doprav\u011b. Ukazuje, jak n\u00e1r\u016fst po\u010dtu \u0159idi\u010d\u016f v silni\u010dn\u00ed doprav\u011b m\u00e1 za n\u00e1sledek i zv\u00fd\u0161en\u00ed mno\u017estv\u00ed \u0159idi\u010d\u016f \u0159\u00edd\u00edc\u00ed vozidla pod vlivem n\u00e1vykov\u00e9 l\u00e1tky, na zv\u00fd\u0161en\u00ed mno\u017estv\u00ed nehod, zp\u016fsoben\u00fd t\u011bmito \u0159idi\u010di. \u010cl\u00e1nek se sna\u017e\u00ed na z\u00e1klad\u011b v\u00fdsledk\u016f v\u00fdzkumu odpov\u011bd\u011bt na ot\u00e1zku, zda policist\u00e9 maj\u00ed dostate\u010dn\u00e9 a vhodn\u00e9 znalosti z dan\u00e9 oblasti, jak\u00e9 p\u0159\u00edstupy se pou\u017e\u00edvaj\u00ed v praxi. Sou\u010dasn\u011b je uk\u00e1z\u00e1no, jak jsou tyto ot\u00e1zky \u0159e\u0161eny v sou\u010dasn\u00e9 administrativn\u00ed a legislativn\u00ed oblasti. Prezentovan\u00e9 v\u00fdsledky v\u00fdzkumu uk\u00e1zaly na nedostate\u010dnou a nep\u0159im\u011b\u0159enou znalost probl\u00e9m\u016f ze strany policist\u016f, nedostate\u010dn\u00e9 postupy v policejn\u00ed pr\u00e1ci, na probl\u00e9my v praktick\u00e9 pr\u00e1ci a p\u0159i trestn\u00edm \u0159\u00edzen\u00ed vyvolan\u00e9 komplikovanou a nejednozna\u010dnou legislativou.<br \/>\n<strong>Kl\u00ed\u010dov\u00e1 slova:<\/strong>\u00a0Nez\u00e1konn\u00e9 n\u00e1vykov\u00e9 l\u00e1tky, silni\u010dn\u00ed doprava, \u0159\u00edzen\u00ed vozidla pod vlivem n\u00e1vykov\u00e9 l\u00e1tky.<i><br \/>\n<\/i><\/p>\n<p><a href=\"https:\/\/veda.polac.cz\/?page_id=715\">01\/2015<\/a><\/p>\n","protected":false},"excerpt":{"rendered":"<p>Resum\u00e9 \u010dl\u00e1nku Anal\u00fdza faktor\u016f ovliv\u0148uj\u00edc\u00edch znalosti policist\u016f v oblasti detekce n\u00e1vykov\u00fdch l\u00e1tek v silni\u010dn\u00ed doprav\u011b pplk. JUDr. Ing. Marek Bla\u017eejovsk\u00fd, Ph.D., Fakulta bezpe\u010dnostn\u011b pr\u00e1vn\u00ed PA \u010cR v Praze, katedra krimin\u00e1ln\u00ed policie Dr. Zden\u011bk Kova\u0159\u00edk, CSc., odd\u011blen\u00ed v\u011bdy a v\u00fdzkumu PA \u010cR v Praze Dan\u00fd p\u016fvodn\u00ed v\u011bdeck\u00fd \u010dl\u00e1nek se soust\u0159e\u010fuje na probl\u00e9my pou\u017e\u00edv\u00e1n\u00ed nez\u00e1konn\u00fdch n\u00e1vykov\u00fdch l\u00e1tek [&hellip;]<\/p>\n","protected":false},"author":2,"featured_media":0,"parent":715,"menu_order":4,"comment_status":"closed","ping_status":"closed","template":"","meta":{"footnotes":""},"class_list":["post-723","page","type-page","status-publish","hentry"],"_links":{"self":[{"href":"https:\/\/veda.polac.cz\/index.php?rest_route=\/wp\/v2\/pages\/723","targetHints":{"allow":["GET"]}}],"collection":[{"href":"https:\/\/veda.polac.cz\/index.php?rest_route=\/wp\/v2\/pages"}],"about":[{"href":"https:\/\/veda.polac.cz\/index.php?rest_route=\/wp\/v2\/types\/page"}],"author":[{"embeddable":true,"href":"https:\/\/veda.polac.cz\/index.php?rest_route=\/wp\/v2\/users\/2"}],"replies":[{"embeddable":true,"href":"https:\/\/veda.polac.cz\/index.php?rest_route=%2Fwp%2Fv2%2Fcomments&post=723"}],"version-history":[{"count":2,"href":"https:\/\/veda.polac.cz\/index.php?rest_route=\/wp\/v2\/pages\/723\/revisions"}],"predecessor-version":[{"id":741,"href":"https:\/\/veda.polac.cz\/index.php?rest_route=\/wp\/v2\/pages\/723\/revisions\/741"}],"up":[{"embeddable":true,"href":"https:\/\/veda.polac.cz\/index.php?rest_route=\/wp\/v2\/pages\/715"}],"wp:attachment":[{"href":"https:\/\/veda.polac.cz\/index.php?rest_route=%2Fwp%2Fv2%2Fmedia&parent=723"}],"curies":[{"name":"wp","href":"https:\/\/api.w.org\/{rel}","templated":true}]}}