{"id":719,"date":"2018-09-13T19:21:34","date_gmt":"2018-09-13T19:21:34","guid":{"rendered":"http:\/\/veda.polac.cz\/?page_id=719"},"modified":"2018-10-27T19:02:54","modified_gmt":"2018-10-27T19:02:54","slug":"2-2","status":"publish","type":"page","link":"https:\/\/veda.polac.cz\/?page_id=719","title":{"rendered":""},"content":{"rendered":"<p style=\"text-align: center;\">Resum\u00e9 \u010dl\u00e1nku<\/p>\n<p><strong>Ov\u011b\u0159en\u00ed protikorup\u010dn\u00edho \u00fa\u010dinku zkou\u0161ky spolehlivosti &#8211; anal\u00fdza \u010dasov\u00fdch \u0159ad<br \/>\n<\/strong><i>pplk. JUDr. Josef Hrudka, Ph.D., Fakulta bezpe\u010dnostn\u011b pr\u00e1vn\u00ed PA \u010cR v Praze, katedra policejn\u00edch \u010dinnost\u00ed<\/p>\n<p><\/i>V\u011bdeck\u00fd \u010dl\u00e1nek se v\u011bnuje p\u0159edstaven\u00ed v\u00fdzkumu preventivn\u00edch \u00fa\u010dink\u016f zkou\u0161ek spolehlivosti, kter\u00e9 byly jako institut poprv\u00e9 zavedeny nov\u00fdm z\u00e1konem o Policii \u010cesk\u00e9 republiky od r. 2009 a n\u00e1sledn\u011b p\u0159ejaty a pozm\u011bn\u011bny z\u00e1konem o Gener\u00e1ln\u00ed inspekci bezpe\u010dnostn\u00edch sbor\u016f od r. 2012. Empirick\u00e1 \u010d\u00e1st p\u0159\u00edsp\u011bvku je v\u011bnov\u00e1na anal\u00fdze trendu a predikci po\u010dtu ozn\u00e1men\u00ed ze strany policist\u016f o pokusech je uplatit s c\u00edlem ov\u011b\u0159it, zda lze z tohoto usuzovat na preventivn\u00ed \u00fa\u010dinek samotn\u00e9ho v\u011bdom\u00ed o existenci institutu zkou\u0161ky spolehlivosti. P\u0159\u00edsp\u011bvek uzav\u00edr\u00e1 t\u00e9ma konstatov\u00e1n\u00edm, \u017ee ze samotn\u00e9 anal\u00fdzy t\u011bchto trend\u016f nevypl\u00fdv\u00e1, \u017ee by bylo mo\u017eno usuzovat na preventivn\u00ed, protikorup\u010dn\u00ed efekt existence zkou\u0161ek spolehlivosti s t\u00edm, \u017ee bude t\u0159eba zkoumat tuto ot\u00e1zku i pomoc\u00ed dal\u0161\u00edch metod.<br \/>\n<strong>Kl\u00ed\u010dov\u00e1 slova:<\/strong>\u00a0korupce, zkou\u0161ka spolehlivosti, Gener\u00e1ln\u00ed inspekce bezpe\u010dnostn\u00edch sbor\u016f, preventivn\u00ed \u00fa\u010dinek test\u016f integrity.<\/p>\n<p><a href=\"https:\/\/veda.polac.cz\/?page_id=715\">01\/2015<\/a><\/p>\n","protected":false},"excerpt":{"rendered":"<p>Resum\u00e9 \u010dl\u00e1nku Ov\u011b\u0159en\u00ed protikorup\u010dn\u00edho \u00fa\u010dinku zkou\u0161ky spolehlivosti &#8211; anal\u00fdza \u010dasov\u00fdch \u0159ad pplk. JUDr. Josef Hrudka, Ph.D., Fakulta bezpe\u010dnostn\u011b pr\u00e1vn\u00ed PA \u010cR v Praze, katedra policejn\u00edch \u010dinnost\u00ed V\u011bdeck\u00fd \u010dl\u00e1nek se v\u011bnuje p\u0159edstaven\u00ed v\u00fdzkumu preventivn\u00edch \u00fa\u010dink\u016f zkou\u0161ek spolehlivosti, kter\u00e9 byly jako institut poprv\u00e9 zavedeny nov\u00fdm z\u00e1konem o Policii \u010cesk\u00e9 republiky od r. 2009 a n\u00e1sledn\u011b p\u0159ejaty a [&hellip;]<\/p>\n","protected":false},"author":2,"featured_media":0,"parent":715,"menu_order":2,"comment_status":"closed","ping_status":"closed","template":"","meta":{"footnotes":""},"class_list":["post-719","page","type-page","status-publish","hentry"],"_links":{"self":[{"href":"https:\/\/veda.polac.cz\/index.php?rest_route=\/wp\/v2\/pages\/719","targetHints":{"allow":["GET"]}}],"collection":[{"href":"https:\/\/veda.polac.cz\/index.php?rest_route=\/wp\/v2\/pages"}],"about":[{"href":"https:\/\/veda.polac.cz\/index.php?rest_route=\/wp\/v2\/types\/page"}],"author":[{"embeddable":true,"href":"https:\/\/veda.polac.cz\/index.php?rest_route=\/wp\/v2\/users\/2"}],"replies":[{"embeddable":true,"href":"https:\/\/veda.polac.cz\/index.php?rest_route=%2Fwp%2Fv2%2Fcomments&post=719"}],"version-history":[{"count":2,"href":"https:\/\/veda.polac.cz\/index.php?rest_route=\/wp\/v2\/pages\/719\/revisions"}],"predecessor-version":[{"id":739,"href":"https:\/\/veda.polac.cz\/index.php?rest_route=\/wp\/v2\/pages\/719\/revisions\/739"}],"up":[{"embeddable":true,"href":"https:\/\/veda.polac.cz\/index.php?rest_route=\/wp\/v2\/pages\/715"}],"wp:attachment":[{"href":"https:\/\/veda.polac.cz\/index.php?rest_route=%2Fwp%2Fv2%2Fmedia&parent=719"}],"curies":[{"name":"wp","href":"https:\/\/api.w.org\/{rel}","templated":true}]}}