{"id":7162,"date":"2023-10-02T12:29:58","date_gmt":"2023-10-02T12:29:58","guid":{"rendered":"https:\/\/veda.polac.cz\/?page_id=7162"},"modified":"2023-10-02T12:45:59","modified_gmt":"2023-10-02T12:45:59","slug":"7162-2","status":"publish","type":"page","link":"https:\/\/veda.polac.cz\/?page_id=7162","title":{"rendered":""},"content":{"rendered":"<p style=\"text-align: center;\">Resum\u00e9 \u010dl\u00e1nku<\/p>\n<p><strong>Vn\u00edmanie teroristick\u00fdch \u00fatokov mlad\u00fdmi \u013eu\u010fmi ako s\u00fa\u010das\u0165 kvality \u017eivota na Slovensku<\/strong><\/p>\n<p><em>Ing. Jozef Kub\u00e1s, PhD., \u017dilinsk\u00e1 univerzita v\u00a0\u017dilin\u011b, fakulta bezpe\u010dnostn\u00edho in\u017een\u00fdrstv\u00ed, katedra krizov\u00e9ho \u0159\u00edzen\u00ed<br \/>\n<\/em><em>Bc. Boris Koll\u00e1r, \u017dilinsk\u00e1 univerzita v\u00a0\u017dilin\u011b, fakulta bezpe\u010dnostn\u00edho in\u017een\u00fdrstv\u00ed, katedra krizov\u00e9ho \u0159\u00edzen\u00ed, student<\/em><\/p>\n<p>Prejavy n\u00e1silia sa v spolo\u010dnosti vyskytuj\u00fa od nepam\u00e4ti. L\u00ed\u0161ia sa mierou agresivity, sp\u00f4sobom vykonania a najm\u00e4 cie\u013emi agresorov. Teroristick\u00e9 organiz\u00e1cie a teroristick\u00e9 \u00fatoky s\u00fa v s\u00fa\u010dasnosti jednou z najv\u00e4\u010d\u0161\u00edch hrozieb pre spolo\u010dnos\u0165. Ich n\u00e1siln\u00e9 prejavy si \u010dasto vy\u017eiadaj\u00fa mno\u017estvo \u013eudsk\u00fdch \u017eivotov a tie\u017e strach obyvate\u013eov. Preto je potrebn\u00e9, aby sa na teroristick\u00fd \u00fatok okrem bezpe\u010dnostn\u00fdch zlo\u017eiek pripravilo aj civiln\u00e9 obyvate\u013estvo. Cie\u013eom pr\u00edspevku je na z\u00e1klade pilotn\u00e9ho prieskumu n\u00e1zorov mlad\u00fdch \u013eud\u00ed \u017eij\u00facich na Slovensku navrhn\u00fa\u0165 sp\u00f4sob, ako zlep\u0161i\u0165 ich pripravenos\u0165 na rie\u0161enie tohto typu mimoriadnej udalosti. V\u00fdsledky sa maj\u00fa pou\u017ei\u0165 aj na pos\u00fadenie vhodnosti ot\u00e1zok prieskumu a na opravu dotazn\u00edka. Dotazn\u00edkov\u00fd prieskum bol zameran\u00fd na subjekt\u00edvne pocity respondentov, ktor\u00e9 ovplyv\u0148uj\u00fa ich subjekt\u00edvny pocit bezpe\u010dnosti a\u00a0t\u00fdm aj samotn\u00fa kvalitu \u017eivota.<\/p>\n<p><strong>K\u013e\u00fa\u010dov\u00e9 slov\u00e1:<\/strong> Civiln\u00e1 ochrana, kvalita \u017eivota, bezpe\u010dnos\u0165, ob\u010dania, kr\u00edzov\u00e9 riadenie.<\/p>\n<hr \/>\n<p><a href=\"https:\/\/veda.polac.cz\/?page_id=7155\">Zp\u011bt<\/a><\/p>\n","protected":false},"excerpt":{"rendered":"<p>Resum\u00e9 \u010dl\u00e1nku Vn\u00edmanie teroristick\u00fdch \u00fatokov mlad\u00fdmi \u013eu\u010fmi ako s\u00fa\u010das\u0165 kvality \u017eivota na Slovensku Ing. Jozef Kub\u00e1s, PhD., \u017dilinsk\u00e1 univerzita v\u00a0\u017dilin\u011b, fakulta bezpe\u010dnostn\u00edho in\u017een\u00fdrstv\u00ed, katedra krizov\u00e9ho \u0159\u00edzen\u00ed Bc. Boris Koll\u00e1r, \u017dilinsk\u00e1 univerzita v\u00a0\u017dilin\u011b, fakulta bezpe\u010dnostn\u00edho in\u017een\u00fdrstv\u00ed, katedra krizov\u00e9ho \u0159\u00edzen\u00ed, student Prejavy n\u00e1silia sa v spolo\u010dnosti vyskytuj\u00fa od nepam\u00e4ti. L\u00ed\u0161ia sa mierou agresivity, sp\u00f4sobom vykonania a najm\u00e4 [&hellip;]<\/p>\n","protected":false},"author":6,"featured_media":0,"parent":0,"menu_order":0,"comment_status":"closed","ping_status":"closed","template":"","meta":{"footnotes":""},"class_list":["post-7162","page","type-page","status-publish","hentry"],"_links":{"self":[{"href":"https:\/\/veda.polac.cz\/index.php?rest_route=\/wp\/v2\/pages\/7162","targetHints":{"allow":["GET"]}}],"collection":[{"href":"https:\/\/veda.polac.cz\/index.php?rest_route=\/wp\/v2\/pages"}],"about":[{"href":"https:\/\/veda.polac.cz\/index.php?rest_route=\/wp\/v2\/types\/page"}],"author":[{"embeddable":true,"href":"https:\/\/veda.polac.cz\/index.php?rest_route=\/wp\/v2\/users\/6"}],"replies":[{"embeddable":true,"href":"https:\/\/veda.polac.cz\/index.php?rest_route=%2Fwp%2Fv2%2Fcomments&post=7162"}],"version-history":[{"count":2,"href":"https:\/\/veda.polac.cz\/index.php?rest_route=\/wp\/v2\/pages\/7162\/revisions"}],"predecessor-version":[{"id":7176,"href":"https:\/\/veda.polac.cz\/index.php?rest_route=\/wp\/v2\/pages\/7162\/revisions\/7176"}],"wp:attachment":[{"href":"https:\/\/veda.polac.cz\/index.php?rest_route=%2Fwp%2Fv2%2Fmedia&parent=7162"}],"curies":[{"name":"wp","href":"https:\/\/api.w.org\/{rel}","templated":true}]}}