{"id":7101,"date":"2023-06-27T07:59:50","date_gmt":"2023-06-27T07:59:50","guid":{"rendered":"https:\/\/veda.polac.cz\/?page_id=7101"},"modified":"2023-06-27T12:09:19","modified_gmt":"2023-06-27T12:09:19","slug":"02-2023","status":"publish","type":"page","link":"https:\/\/veda.polac.cz\/?page_id=7101","title":{"rendered":"02\/2023"},"content":{"rendered":"<p><strong><a href=\"https:\/\/veda.polac.cz\/?page_id=7104&amp;lang=en\">Nov\u00fd teoreticko-metodologicko-pr\u00e1vny koncept operat\u00edvno-p\u00e1tracej \u010dinnosti<\/a><br \/>\n<\/strong>pplk. doc. JUDr. Monika Hullov\u00e1, PhD., Akad\u00e9mia Policajn\u00e9ho zboru v\u00a0Bratislave, katedra krimin\u00e1lnej pol\u00edcie<\/p>\n<p><a href=\"https:\/\/veda.polac.cz\/wp-content\/uploads\/2023\/06\/Novy-teoreticko-metodologicko-pravny-koncept-operativno-patracej-cinnosti.pdf\" target=\"_blank\" rel=\"noopener\">pdf form\u00e1t<\/a><\/p>\n<hr \/>\n<p><strong><a href=\"https:\/\/veda.polac.cz\/?page_id=7109\">Vnit\u0159n\u00ed hranice schengensk\u00e9ho prostoru v\u00a0dob\u00e1ch krize a reformy<\/a><br \/>\n<\/strong>prof. Mag. phil. Dr. iur. Harald Christian Scheu, Ph.D., Univerzita Karlova,<br \/>\nPr\u00e1vnick\u00e1 fakulta, Policejn\u00ed akademie \u010cesk\u00e9 republiky v\u00a0Praze,<br \/>\nFakulta bezpe\u010dnostn\u00edho managementu, katedra ve\u0159ejn\u00e9ho pr\u00e1va<\/p>\n<p><a href=\"https:\/\/veda.polac.cz\/wp-content\/uploads\/2023\/06\/Vnitrni-hranice-schengenskeho-prostoru-v-dobach-krize-a-reformy.pdf\" target=\"_blank\" rel=\"noopener\">pdf form\u00e1t<\/a><\/p>\n<hr \/>\n<p><a href=\"https:\/\/veda.polac.cz\/?page_id=7111\"><strong>V\u00e1lka na Ukrajin\u011b z pohledu geopolitiky<\/strong><\/a><br \/>\ndoc Ing. Dr. \u0160tefan Danics, Ph.D., Policejn\u00ed akademie \u010cesk\u00e9 republiky v Praze, Fakulta bezpe\u010dnostn\u00edho managementu, katedra bezpe\u010dnostn\u00edch studi\u00ed<\/p>\n<p><a href=\"https:\/\/veda.polac.cz\/wp-content\/uploads\/2023\/06\/Valka-na-Ukrajine-z-pohledu-geopolitiky.pdf\" target=\"_blank\" rel=\"noopener\">pdf form\u00e1t<\/a><\/p>\n<hr \/>\n<p><a href=\"https:\/\/veda.polac.cz\/?page_id=7114\"><strong>Mo\u017enosti zefektivn\u011bn\u00ed spolupr\u00e1ce bezpe\u010dnostn\u00edch sbor\u016f v r\u00e1mci spr\u00e1vy hranic<\/strong><\/a><br \/>\nJUDr. Monika Weber, Mezin\u00e1rodn\u00ed centrum pro rozvoj migra\u010dn\u00ed politiky<br \/>\nOdborn\u00fd poradce, V\u00edde\u0148, Rakousko<\/p>\n<p><a href=\"https:\/\/veda.polac.cz\/wp-content\/uploads\/2023\/06\/Moznosti-zefektivneni-spoluprace-bezpecnostnich-sboru-v-ramci-spravy-hranic.pdf\" target=\"_blank\" rel=\"noopener\">pdf form\u00e1t<\/a><\/p>\n<hr \/>\n<p><a href=\"https:\/\/veda.polac.cz\/?page_id=7116\"><strong>K \u00fastavn\u011bpr\u00e1vn\u00ed konformit\u011b tzv. zmrazen\u00ed majetku p\u0159i aplikaci <\/strong><strong>mezin\u00e1rodn\u00edch sankc\u00ed<\/strong><\/a><br \/>\nJUDr. Ji\u0159\u00ed Georgiev, Ph.D., Univerzita Karlova, Pr\u00e1vnick\u00e1 fakulta,<br \/>\nPetr Hreben\u00e1r, Ond\u0159ej Skulina, Univerzita Karlova, Pr\u00e1vnick\u00e1 fakulta,<br \/>\nstudenti<\/p>\n<p><a href=\"https:\/\/veda.polac.cz\/wp-content\/uploads\/2023\/06\/K-ustavnepravni-konformite-tzv.-zmrazeni-majetku-pri-aplikaci-mezinarodnich-sankci.pdf\" target=\"_blank\" rel=\"noopener\">pdf form\u00e1t<\/a><\/p>\n<hr \/>\n<p><a href=\"https:\/\/veda.polac.cz\/?page_id=7118\"><strong>Probl\u00e9my deradikaliza\u010dn\u00edch program\u016f ve Spojen\u00e9m kr\u00e1lovstv\u00ed<\/strong><\/a><br \/>\nBc. Karol\u00edna Kobrov\u00e1, Bc. Petr Ho\u0161ek, Masarykova univerzita<br \/>\nkatedra politologie, studenti magistersk\u00e9ho oboru Bezpe\u010dnostn\u00ed a strategick\u00e1 studia<\/p>\n<p><a href=\"https:\/\/veda.polac.cz\/wp-content\/uploads\/2023\/06\/Problemy-deradikalizacnich-programu-ve-Spojenem-kralovstvi.pdf\" target=\"_blank\" rel=\"noopener\">pdf form\u00e1t<\/a><\/p>\n<hr \/>\n","protected":false},"excerpt":{"rendered":"<p>Nov\u00fd teoreticko-metodologicko-pr\u00e1vny koncept operat\u00edvno-p\u00e1tracej \u010dinnosti pplk. doc. JUDr. Monika Hullov\u00e1, PhD., Akad\u00e9mia Policajn\u00e9ho zboru v\u00a0Bratislave, katedra krimin\u00e1lnej pol\u00edcie pdf form\u00e1t Vnit\u0159n\u00ed hranice schengensk\u00e9ho prostoru v\u00a0dob\u00e1ch krize a reformy prof. Mag. phil. Dr. iur. Harald Christian Scheu, Ph.D., Univerzita Karlova, Pr\u00e1vnick\u00e1 fakulta, Policejn\u00ed akademie \u010cesk\u00e9 republiky v\u00a0Praze, Fakulta bezpe\u010dnostn\u00edho managementu, katedra ve\u0159ejn\u00e9ho pr\u00e1va pdf form\u00e1t V\u00e1lka [&hellip;]<\/p>\n","protected":false},"author":6,"featured_media":0,"parent":0,"menu_order":0,"comment_status":"closed","ping_status":"closed","template":"","meta":{"footnotes":""},"class_list":["post-7101","page","type-page","status-publish","hentry"],"_links":{"self":[{"href":"https:\/\/veda.polac.cz\/index.php?rest_route=\/wp\/v2\/pages\/7101","targetHints":{"allow":["GET"]}}],"collection":[{"href":"https:\/\/veda.polac.cz\/index.php?rest_route=\/wp\/v2\/pages"}],"about":[{"href":"https:\/\/veda.polac.cz\/index.php?rest_route=\/wp\/v2\/types\/page"}],"author":[{"embeddable":true,"href":"https:\/\/veda.polac.cz\/index.php?rest_route=\/wp\/v2\/users\/6"}],"replies":[{"embeddable":true,"href":"https:\/\/veda.polac.cz\/index.php?rest_route=%2Fwp%2Fv2%2Fcomments&post=7101"}],"version-history":[{"count":5,"href":"https:\/\/veda.polac.cz\/index.php?rest_route=\/wp\/v2\/pages\/7101\/revisions"}],"predecessor-version":[{"id":7128,"href":"https:\/\/veda.polac.cz\/index.php?rest_route=\/wp\/v2\/pages\/7101\/revisions\/7128"}],"wp:attachment":[{"href":"https:\/\/veda.polac.cz\/index.php?rest_route=%2Fwp%2Fv2%2Fmedia&parent=7101"}],"curies":[{"name":"wp","href":"https:\/\/api.w.org\/{rel}","templated":true}]}}