{"id":7041,"date":"2023-03-29T09:55:11","date_gmt":"2023-03-29T09:55:11","guid":{"rendered":"https:\/\/veda.polac.cz\/?page_id=7041"},"modified":"2023-03-29T10:04:49","modified_gmt":"2023-03-29T10:04:49","slug":"7041-2","status":"publish","type":"page","link":"https:\/\/veda.polac.cz\/?page_id=7041","title":{"rendered":""},"content":{"rendered":"<p style=\"text-align: center;\">Resum\u00e9 \u010dl\u00e1nku<\/p>\n<p><strong>Nov\u00e9 tuzemsk\u00e9 mo\u017enosti v oblasti kriminalistick\u00e9 identifikace a jej\u00ed dal\u0161\u00ed perspektivy<\/strong><\/p>\n<p><em>doc. Ing. Jaroslav Such\u00e1nek, CSc., Policejn\u00ed akademie \u010cesk\u00e9 republiky v\u00a0Praze, Fakulta bezpe\u010dnostn\u011b pr\u00e1vn\u00ed, katedry kriminalistiky<\/em><\/p>\n<p>Prezentovan\u00e1 publikace informuje o nov\u00fdch, v\u00a0kriminalistick\u00e9 praxi pou\u017e\u00edvan\u00fdch metod\u00e1ch identifikace osob, v\u011bc\u00ed, zv\u00ed\u0159at, rostlin a mikroorganism\u016f. Vych\u00e1z\u00ed z\u00a0publikovan\u00fdch i nepublikovan\u00fdch v\u00fdsledk\u016f v\u011bdeckov\u00fdzkumn\u00e9 \u010dinnosti v uplynul\u00fdch letech. V\u00a0druh\u00e9 \u010d\u00e1sti textu jsou v\u00fdb\u011brov\u011b predikov\u00e1ny i mo\u017en\u00e9 pokroky v\u00a0kriminalistick\u00e9 identifikaci v\u00a0bl\u00edzk\u00e9 budoucnosti.<\/p>\n<p><strong>Kl\u00ed\u010dov\u00e1 slova: <\/strong>Kriminalistika, kriminalistick\u00e1 identifikace, kriminalistick\u00e9 stopy, molekul\u00e1rn\u00ed genetika, kybernetick\u00e1 kriminalita.<\/p>\n<hr \/>\n<p><a href=\"https:\/\/veda.polac.cz\/?page_id=7024\">Zp\u011bt<\/a><\/p>\n","protected":false},"excerpt":{"rendered":"<p>Resum\u00e9 \u010dl\u00e1nku Nov\u00e9 tuzemsk\u00e9 mo\u017enosti v oblasti kriminalistick\u00e9 identifikace a jej\u00ed dal\u0161\u00ed perspektivy doc. Ing. Jaroslav Such\u00e1nek, CSc., Policejn\u00ed akademie \u010cesk\u00e9 republiky v\u00a0Praze, Fakulta bezpe\u010dnostn\u011b pr\u00e1vn\u00ed, katedry kriminalistiky Prezentovan\u00e1 publikace informuje o nov\u00fdch, v\u00a0kriminalistick\u00e9 praxi pou\u017e\u00edvan\u00fdch metod\u00e1ch identifikace osob, v\u011bc\u00ed, zv\u00ed\u0159at, rostlin a mikroorganism\u016f. Vych\u00e1z\u00ed z\u00a0publikovan\u00fdch i nepublikovan\u00fdch v\u00fdsledk\u016f v\u011bdeckov\u00fdzkumn\u00e9 \u010dinnosti v uplynul\u00fdch letech. V\u00a0druh\u00e9 [&hellip;]<\/p>\n","protected":false},"author":6,"featured_media":0,"parent":0,"menu_order":0,"comment_status":"closed","ping_status":"closed","template":"","meta":{"footnotes":""},"class_list":["post-7041","page","type-page","status-publish","hentry"],"_links":{"self":[{"href":"https:\/\/veda.polac.cz\/index.php?rest_route=\/wp\/v2\/pages\/7041","targetHints":{"allow":["GET"]}}],"collection":[{"href":"https:\/\/veda.polac.cz\/index.php?rest_route=\/wp\/v2\/pages"}],"about":[{"href":"https:\/\/veda.polac.cz\/index.php?rest_route=\/wp\/v2\/types\/page"}],"author":[{"embeddable":true,"href":"https:\/\/veda.polac.cz\/index.php?rest_route=\/wp\/v2\/users\/6"}],"replies":[{"embeddable":true,"href":"https:\/\/veda.polac.cz\/index.php?rest_route=%2Fwp%2Fv2%2Fcomments&post=7041"}],"version-history":[{"count":2,"href":"https:\/\/veda.polac.cz\/index.php?rest_route=\/wp\/v2\/pages\/7041\/revisions"}],"predecessor-version":[{"id":7056,"href":"https:\/\/veda.polac.cz\/index.php?rest_route=\/wp\/v2\/pages\/7041\/revisions\/7056"}],"wp:attachment":[{"href":"https:\/\/veda.polac.cz\/index.php?rest_route=%2Fwp%2Fv2%2Fmedia&parent=7041"}],"curies":[{"name":"wp","href":"https:\/\/api.w.org\/{rel}","templated":true}]}}