{"id":7038,"date":"2023-03-29T09:51:12","date_gmt":"2023-03-29T09:51:12","guid":{"rendered":"https:\/\/veda.polac.cz\/?page_id=7038"},"modified":"2023-03-29T10:04:11","modified_gmt":"2023-03-29T10:04:11","slug":"7038-2","status":"publish","type":"page","link":"https:\/\/veda.polac.cz\/?page_id=7038","title":{"rendered":""},"content":{"rendered":"<p style=\"text-align: center;\">Resum\u00e9 \u010dl\u00e1nku<\/p>\n<p><strong>Zru\u0161enie pr\u00e1voplatn\u00fdch rozhodnut\u00ed v pr\u00edpravnom konan\u00ed v\u00a0pr\u00e1vnom poriadku Slovenskej republiky a\u00a0\u010diasto\u010dn\u00e9 porovnanie s\u00a0pr\u00e1vnou \u00fapravou v\u00a0\u010ceskej republike<\/strong><\/p>\n<p><em>doc. JUDr. Veronika Markov\u00e1, PhD., Akad\u00e9mia Policajn\u00e9ho zboru v\u00a0Bratislave, katedra trestn\u00e9ho pr\u00e1va<\/em><\/p>\n<p>Text pr\u00edspevku sa venuje charakteristike pr\u00e1vnej \u00fapravy mimoriadneho opravn\u00e9ho prostriedku v\u00a0zmysle \u00a7 363 TP \u2013 Zru\u0161enia pr\u00e1voplatn\u00fdch rozhodnut\u00ed v\u00a0pr\u00edpravnom konan\u00ed, pri\u010dom cie\u013eom je pouk\u00e1za\u0165 na jeho v\u00fdvoj v\u00a0 pr\u00e1vnych podmienkach SR, ako aj na jeho z\u00e1konn\u00fa pr\u00e1vnu \u00fapravu, \u010di z\u00e1kladn\u00e9 \u0161tatistick\u00e9 ukazovatele. Vzh\u013eadom k\u00a0tomu, \u017ee ide o\u00a0osobitn\u00fa pr\u00e1vnu \u00fapravu v\u00a0pr\u00e1vnom poriadku SR, v\u00a0pr\u00edspevku sa sna\u017e\u00edme z\u00e1rove\u0148 pouk\u00e1za\u0165 na obdobn\u00e9 in\u0161tit\u00faty uplat\u0148ovan\u00e9 aj v\u00a0podmienkach \u010ceskej republiky.<\/p>\n<p><strong>K\u013e\u00fa\u010dov\u00e9 slov\u00e1<\/strong>: trestn\u00e9 pr\u00e1vo, mimoriadne opravn\u00e9 prostriedky, s\u0165a\u017enos\u0165 pre poru\u0161enie z\u00e1kona, zru\u0161enie pr\u00e1voplatn\u00fdch rozhodnut\u00ed v\u00a0pr\u00edpravnom konan\u00ed, pr\u00e1vo na obhajobu.<\/p>\n<hr \/>\n<p><a href=\"https:\/\/veda.polac.cz\/?page_id=7024\">Zp\u011bt<\/a><\/p>\n","protected":false},"excerpt":{"rendered":"<p>Resum\u00e9 \u010dl\u00e1nku Zru\u0161enie pr\u00e1voplatn\u00fdch rozhodnut\u00ed v pr\u00edpravnom konan\u00ed v\u00a0pr\u00e1vnom poriadku Slovenskej republiky a\u00a0\u010diasto\u010dn\u00e9 porovnanie s\u00a0pr\u00e1vnou \u00fapravou v\u00a0\u010ceskej republike doc. JUDr. Veronika Markov\u00e1, PhD., Akad\u00e9mia Policajn\u00e9ho zboru v\u00a0Bratislave, katedra trestn\u00e9ho pr\u00e1va Text pr\u00edspevku sa venuje charakteristike pr\u00e1vnej \u00fapravy mimoriadneho opravn\u00e9ho prostriedku v\u00a0zmysle \u00a7 363 TP \u2013 Zru\u0161enia pr\u00e1voplatn\u00fdch rozhodnut\u00ed v\u00a0pr\u00edpravnom konan\u00ed, pri\u010dom cie\u013eom je pouk\u00e1za\u0165 na [&hellip;]<\/p>\n","protected":false},"author":6,"featured_media":0,"parent":0,"menu_order":0,"comment_status":"closed","ping_status":"closed","template":"","meta":{"footnotes":""},"class_list":["post-7038","page","type-page","status-publish","hentry"],"_links":{"self":[{"href":"https:\/\/veda.polac.cz\/index.php?rest_route=\/wp\/v2\/pages\/7038","targetHints":{"allow":["GET"]}}],"collection":[{"href":"https:\/\/veda.polac.cz\/index.php?rest_route=\/wp\/v2\/pages"}],"about":[{"href":"https:\/\/veda.polac.cz\/index.php?rest_route=\/wp\/v2\/types\/page"}],"author":[{"embeddable":true,"href":"https:\/\/veda.polac.cz\/index.php?rest_route=\/wp\/v2\/users\/6"}],"replies":[{"embeddable":true,"href":"https:\/\/veda.polac.cz\/index.php?rest_route=%2Fwp%2Fv2%2Fcomments&post=7038"}],"version-history":[{"count":2,"href":"https:\/\/veda.polac.cz\/index.php?rest_route=\/wp\/v2\/pages\/7038\/revisions"}],"predecessor-version":[{"id":7055,"href":"https:\/\/veda.polac.cz\/index.php?rest_route=\/wp\/v2\/pages\/7038\/revisions\/7055"}],"wp:attachment":[{"href":"https:\/\/veda.polac.cz\/index.php?rest_route=%2Fwp%2Fv2%2Fmedia&parent=7038"}],"curies":[{"name":"wp","href":"https:\/\/api.w.org\/{rel}","templated":true}]}}