{"id":6943,"date":"2022-12-28T09:04:51","date_gmt":"2022-12-28T09:04:51","guid":{"rendered":"https:\/\/veda.polac.cz\/?page_id=6943"},"modified":"2022-12-28T09:04:51","modified_gmt":"2022-12-28T09:04:51","slug":"6943-2","status":"publish","type":"page","link":"https:\/\/veda.polac.cz\/?page_id=6943","title":{"rendered":""},"content":{"rendered":"<p style=\"text-align: center;\">Resum\u00e9 \u010dl\u00e1nku<\/p>\n<p><strong>Ochrana m\u00e4kk\u00fdch cie\u013eov prostredn\u00edctvom environment\u00e1lneho dizajnu<\/strong><\/p>\n<p><em>Ing. Klaudia Kubalov\u00e1, \u017dilinsk\u00e1 univerzita v\u00a0\u017diline, Katedra bezpe\u010dnostn\u00e9ho mana\u017ementu<\/em><\/p>\n<p>V\u00a0\u010dl\u00e1nku sme sa venovali ochrane m\u00e4kk\u00fdch cie\u013eov s\u00a0pou\u017eit\u00edm met\u00f3dy CPTED, ktor\u00e1 sa v\u00a0zahrani\u010d\u00ed preuk\u00e1zala ako \u00fa\u010dinn\u00e1 strat\u00e9gia prevencie kriminality.<\/p>\n<p>Na za\u010diatku 70.\u00a0rokov 20.\u00a0storo\u010dia v\u00a0Anglicku nieko\u013eko \u0161t\u00fadi\u00ed iniciovan\u00fdch Ministerstvom vn\u00fatra Spojen\u00e9ho kr\u00e1\u013eovstva preuk\u00e1zalo, \u017ee architektonick\u00fd dizajn je mo\u017en\u00e9 \u00fa\u010dinne vyu\u017ei\u0165 pri ovplyv\u0148ovan\u00ed miery kriminality. Tieto \u0161t\u00fadie dok\u00e1zali, \u017ee vhodn\u00e1 kombin\u00e1cia bezpe\u010dnostn\u00e9ho hardv\u00e9ru, dizajnu a\u00a0psychol\u00f3gie m\u00f4\u017ee vytvori\u0165 tak\u00e9 fyzick\u00e9 prostredie, ktor\u00e9 by svojou podstatou odr\u00e1dzalo od kriminality.<\/p>\n<p>Prevencia kriminality prostredn\u00edctvom environment\u00e1lneho dizajnu predstavuje komplexn\u00fd pr\u00edstup k\u00a0redukcii kriminality, ktor\u00fd vych\u00e1dza z\u00a0n\u00e1uky o\u00a0environment\u00e1lnej kriminalistike, mestsk\u00e9ho dizajnu a\u00a0architekt\u00fary, a\u00a0taktie\u017e po\u017eaduje anga\u017eovanos\u0165 r\u00f4znych zlo\u017eiek (pol\u00edcie, developerov a\u00a0\u010fal\u0161\u00edch).<\/p>\n<p>D\u00f4le\u017eitos\u0165 a\u00a0aktu\u00e1lnos\u0165 tejto problematiky dokazuj\u00fa \u0161tatistiky ukazuj\u00face na vysok\u00e9 po\u010dty napadnut\u00ed m\u00e4kk\u00fdch cie\u013eov na \u00fazem\u00ed Eur\u00f3py. Ka\u017edoro\u010dne sa st\u00e1vaj\u00fa obe\u0165ami uskuto\u010dnen\u00fdch \u00fatokov stovky nevinn\u00fdch \u013eud\u00ed. Z\u00a0tohto d\u00f4vodu je za \u00fa\u010delom eliminovania ne\u017eiad\u00facich incidentov potrebn\u00e1 zv\u00fd\u0161en\u00e1 pozornos\u0165 ochrane m\u00e4kk\u00fdch cie\u013eov. Pr\u00e1ve objekty patriace do tejto kateg\u00f3rie \u010dasto disponuj\u00fa ve\u013emi slabou ochranou vo\u010di vzniku teroristick\u00fdch \u00fatokov, n\u00e1silnej trestnej \u010dinnosti, ale aj in\u00fdch prejavov kriminality.<\/p>\n<p><strong>K\u013e\u00fa\u010dov\u00e9 slov\u00e1: <\/strong>bezpe\u010dnos\u0165, m\u00e4kk\u00e9 ciele, kriminalita, prevencia kriminality, koncepcia CPTED.<\/p>\n<hr \/>\n<p><a href=\"https:\/\/veda.polac.cz\/?page_id=6919\">Zp\u011bt<\/a><\/p>\n","protected":false},"excerpt":{"rendered":"<p>Resum\u00e9 \u010dl\u00e1nku Ochrana m\u00e4kk\u00fdch cie\u013eov prostredn\u00edctvom environment\u00e1lneho dizajnu Ing. Klaudia Kubalov\u00e1, \u017dilinsk\u00e1 univerzita v\u00a0\u017diline, Katedra bezpe\u010dnostn\u00e9ho mana\u017ementu V\u00a0\u010dl\u00e1nku sme sa venovali ochrane m\u00e4kk\u00fdch cie\u013eov s\u00a0pou\u017eit\u00edm met\u00f3dy CPTED, ktor\u00e1 sa v\u00a0zahrani\u010d\u00ed preuk\u00e1zala ako \u00fa\u010dinn\u00e1 strat\u00e9gia prevencie kriminality. Na za\u010diatku 70.\u00a0rokov 20.\u00a0storo\u010dia v\u00a0Anglicku nieko\u013eko \u0161t\u00fadi\u00ed iniciovan\u00fdch Ministerstvom vn\u00fatra Spojen\u00e9ho kr\u00e1\u013eovstva preuk\u00e1zalo, \u017ee architektonick\u00fd dizajn je mo\u017en\u00e9 \u00fa\u010dinne [&hellip;]<\/p>\n","protected":false},"author":6,"featured_media":0,"parent":0,"menu_order":0,"comment_status":"closed","ping_status":"closed","template":"","meta":{"footnotes":""},"class_list":["post-6943","page","type-page","status-publish","hentry"],"_links":{"self":[{"href":"https:\/\/veda.polac.cz\/index.php?rest_route=\/wp\/v2\/pages\/6943","targetHints":{"allow":["GET"]}}],"collection":[{"href":"https:\/\/veda.polac.cz\/index.php?rest_route=\/wp\/v2\/pages"}],"about":[{"href":"https:\/\/veda.polac.cz\/index.php?rest_route=\/wp\/v2\/types\/page"}],"author":[{"embeddable":true,"href":"https:\/\/veda.polac.cz\/index.php?rest_route=\/wp\/v2\/users\/6"}],"replies":[{"embeddable":true,"href":"https:\/\/veda.polac.cz\/index.php?rest_route=%2Fwp%2Fv2%2Fcomments&post=6943"}],"version-history":[{"count":1,"href":"https:\/\/veda.polac.cz\/index.php?rest_route=\/wp\/v2\/pages\/6943\/revisions"}],"predecessor-version":[{"id":6945,"href":"https:\/\/veda.polac.cz\/index.php?rest_route=\/wp\/v2\/pages\/6943\/revisions\/6945"}],"wp:attachment":[{"href":"https:\/\/veda.polac.cz\/index.php?rest_route=%2Fwp%2Fv2%2Fmedia&parent=6943"}],"curies":[{"name":"wp","href":"https:\/\/api.w.org\/{rel}","templated":true}]}}