{"id":6880,"date":"2022-10-05T11:46:15","date_gmt":"2022-10-05T11:46:15","guid":{"rendered":"https:\/\/veda.polac.cz\/?page_id=6880"},"modified":"2022-10-05T12:25:32","modified_gmt":"2022-10-05T12:25:32","slug":"03-2022-2","status":"publish","type":"page","link":"https:\/\/veda.polac.cz\/?page_id=6880&lang=en","title":{"rendered":"03\/2022"},"content":{"rendered":"<p><strong><a href=\"https:\/\/veda.polac.cz\/?page_id=6883&amp;lang=en\">The Attitudes of Czech Inmates Towards Incarceratio<\/a><br \/>\n<\/strong>Jan Draho\u0148ovsk\u00fd, Charles University in Prague, Faculty of Arts<br \/>\nDepartment of Sociology<\/p>\n<p><a href=\"https:\/\/veda.polac.cz\/wp-content\/uploads\/2022\/10\/The-Attitudes-of-Czech-Inmates-Towards-Incarceration.pdf\" target=\"_blank\" rel=\"noopener\">Download (pdf format)<\/a><\/p>\n<hr \/>\n<p><strong><a href=\"https:\/\/veda.polac.cz\/?page_id=6887&amp;lang=en\">Relationship Between the Act on Service Relationship of Members of Security Forces and the Code of Administrative Procedure<\/a><br \/>\n<\/strong>doc. JUDr. PhDr. Zden\u011bk Fiala, Ph.D., Mgr. Krist\u00fdna Mlezivov\u00e1, Police Academy of the Czech Republic in Prague, Faculty of Security Management,<br \/>\nDepartment of Administrative Law and Administrative Sciences<\/p>\n<p><a href=\"https:\/\/veda.polac.cz\/wp-content\/uploads\/2022\/10\/Relationship-Between-the-Act-on-Service-Relationship-of-Members-of-Security-Forces-and-the-Code-of-Administrative-Procedure.pdf\" target=\"_blank\" rel=\"noopener\">Download (pdf format)<\/a><\/p>\n<hr \/>\n<p><strong><a href=\"https:\/\/veda.polac.cz\/?page_id=6891&amp;lang=en\">Christian Nationalism in the United States. Why Does It Matter in the 21<sup>st<\/sup> Century?<\/a><br \/>\n<\/strong>Bc. Martin Zilvar, Master\u2019s student, Masaryk University, Faculty of Social Science, Department of Political Science<\/p>\n<p><a href=\"https:\/\/veda.polac.cz\/wp-content\/uploads\/2022\/10\/Christian-Nationalism-in-the-United-States..pdf\" target=\"_blank\" rel=\"noopener\">Download (pdf format)<\/a><\/p>\n<hr \/>\n<p><a href=\"https:\/\/veda.polac.cz\/?page_id=6896&amp;lang=en\"><strong>Comparison of Czech and Slovak \u2018Anti-Extremism\u2019 Legislation<\/strong><\/a><br \/>\nMgr. Martin Dole\u010dek, Police Academy of the Czech Republic in Prague<br \/>\nDepartment of Science and Research<br \/>\ndoc. PhDr. Josef Smol\u00edk, Ph.D., MBA, LL.M., Police Academy of the Czech Republic in Prague, Faculty of Security Management, Department of Security Studies<\/p>\n<p><a href=\"https:\/\/veda.polac.cz\/wp-content\/uploads\/2022\/10\/Comparison-of-Czech-and-Slovak-\u2018Anti-Extremism-Legislation.pdf\" target=\"_blank\" rel=\"noopener\">Download (pdf format)<\/a><\/p>\n<hr \/>\n<p><a href=\"https:\/\/veda.polac.cz\/?page_id=6898&amp;lang=en\"><strong>Increase of Antisemitism in the Czech Republic in Response to the Covid-19 Pandemic: Present Issues Explained on the Bases of Traditional Historical Stereotypes and Prejudice<\/strong><\/a><br \/>\nMgr. Eva Taterov\u00e1, M.A., Ph.D., Institute of Contemporary History of the Czech Academy of Sciences<\/p>\n<p><a href=\"https:\/\/veda.polac.cz\/wp-content\/uploads\/2022\/10\/Increase-of-Antisemitism-in-the-Czech-Republic-in-Response-to-the-Covid-19-Pandemic.pdf\" target=\"_blank\" rel=\"noopener\">Download (pdf format)<\/a><\/p>\n<hr \/>\n<p><strong><a href=\"https:\/\/veda.polac.cz\/?page_id=6902&amp;lang=en\">Possibilities of Using Criminal Statistics by the Criminal Justice Authorities<\/a><br \/>\n<\/strong>JUDr. V\u00e1clav Ku\u010dera, Police Academy of the Czech Republic, PhD student<\/p>\n<p><a href=\"https:\/\/veda.polac.cz\/wp-content\/uploads\/2022\/10\/Possibilities-of-Using-Criminal-Statistics-by-the-Criminal-Justice-Authorities.pdf\" target=\"_blank\" rel=\"noopener\">Download (pdf format)<\/a><\/p>\n<hr \/>\n<p><strong><a href=\"https:\/\/veda.polac.cz\/?page_id=6905&amp;lang=en\">Key Factors Affecting the Increase in Cybercrime<\/a><br \/>\n<\/strong>Ing. Miroslav \u010cerm\u00e1k, Police Academy of the Czech Republic, PhD student<\/p>\n<p><a href=\"https:\/\/veda.polac.cz\/wp-content\/uploads\/2022\/10\/Key-Factors-Affecting-the-Increase-in-Cybercrime.pdf\" target=\"_blank\" rel=\"noopener\">Download (pdf format)<\/a><\/p>\n<hr \/>\n<p><a href=\"https:\/\/veda.polac.cz\/?page_id=6909&amp;lang=en\"><strong>Police Officer as a Victim<\/strong><\/a><br \/>\nMgr. Ludmila Fonferov\u00e1, Ph.D., doc. JUDr. Mgr. Jo\u017ea Spurn\u00fd, Ph.D.<br \/>\nPolice Academy of the Czech Republic in Prague, Faculty of Security Management, Department of Social Science<\/p>\n<p><a href=\"https:\/\/veda.polac.cz\/wp-content\/uploads\/2022\/10\/Police-Officer-as-a-Victim.pdf\" target=\"_blank\" rel=\"noopener\">Download (pdf format)<\/a><\/p>\n<hr \/>\n","protected":false},"excerpt":{"rendered":"<p>The Attitudes of Czech Inmates Towards Incarceratio Jan Draho\u0148ovsk\u00fd, Charles University in Prague, Faculty of Arts Department of Sociology Download (pdf format) Relationship Between the Act on Service Relationship of Members of Security Forces and the Code of Administrative Procedure doc. JUDr. PhDr. Zden\u011bk Fiala, Ph.D., Mgr. Krist\u00fdna Mlezivov\u00e1, Police Academy of the Czech Republic [&hellip;]<\/p>\n","protected":false},"author":6,"featured_media":0,"parent":0,"menu_order":0,"comment_status":"closed","ping_status":"closed","template":"","meta":{"footnotes":""},"class_list":["post-6880","page","type-page","status-publish","hentry"],"_links":{"self":[{"href":"https:\/\/veda.polac.cz\/index.php?rest_route=\/wp\/v2\/pages\/6880","targetHints":{"allow":["GET"]}}],"collection":[{"href":"https:\/\/veda.polac.cz\/index.php?rest_route=\/wp\/v2\/pages"}],"about":[{"href":"https:\/\/veda.polac.cz\/index.php?rest_route=\/wp\/v2\/types\/page"}],"author":[{"embeddable":true,"href":"https:\/\/veda.polac.cz\/index.php?rest_route=\/wp\/v2\/users\/6"}],"replies":[{"embeddable":true,"href":"https:\/\/veda.polac.cz\/index.php?rest_route=%2Fwp%2Fv2%2Fcomments&post=6880"}],"version-history":[{"count":8,"href":"https:\/\/veda.polac.cz\/index.php?rest_route=\/wp\/v2\/pages\/6880\/revisions"}],"predecessor-version":[{"id":6914,"href":"https:\/\/veda.polac.cz\/index.php?rest_route=\/wp\/v2\/pages\/6880\/revisions\/6914"}],"wp:attachment":[{"href":"https:\/\/veda.polac.cz\/index.php?rest_route=%2Fwp%2Fv2%2Fmedia&parent=6880"}],"curies":[{"name":"wp","href":"https:\/\/api.w.org\/{rel}","templated":true}]}}