{"id":6851,"date":"2022-10-04T10:51:57","date_gmt":"2022-10-04T10:51:57","guid":{"rendered":"https:\/\/veda.polac.cz\/?page_id=6851"},"modified":"2022-10-04T10:51:57","modified_gmt":"2022-10-04T10:51:57","slug":"6851-2","status":"publish","type":"page","link":"https:\/\/veda.polac.cz\/?page_id=6851","title":{"rendered":""},"content":{"rendered":"<p style=\"text-align: center;\">Resum\u00e9 \u010dl\u00e1nku<\/p>\n<p><strong>Postoje \u010desk\u00fdch v\u011bz\u0148\u016f k uv\u011bzn\u011bn\u00ed<\/strong><\/p>\n<p><em>PhDr. Jan Draho\u0148ovsk\u00fd, Univerzita Karlova v\u00a0Praze, Filozofick\u00e1 fakulta, katedra sociologie<\/em><\/p>\n<p>Tato studie m\u011bla za \u00fakol prozkoumat postoje \u010desk\u00fdch odsouzen\u00fdch k\u00a0podstatn\u00fdm aspekt\u016fm uv\u011bzn\u011bn\u00ed ve vztahu k\u00a0\u010dasu ve v\u011bzen\u00ed str\u00e1ven\u00e9m a\u00a0dal\u0161\u00edm demografick\u00fdm charakteristik\u00e1m. Vzorek sest\u00e1val z\u00a0282\u00a0odsouzen\u00fdch mu\u017e\u016f z\u00a0jedn\u00e9 v\u011bznice s\u00a0ostrahou. Hodnocen\u00ed t\u00e9m\u011b\u0159 v\u0161ech aspekt\u016f bylo pozitivn\u00ed a\u00a0prok\u00e1zala se existence jednoho hlavn\u00edho faktoru. Odsouzen\u00ed hodnot\u00ed sv\u00e9 uv\u011bzn\u011bn\u00ed jako jeden celek, a\u00a0to ve vztahu ke konkr\u00e9tn\u00ed v\u011bznici. Krom jedin\u00e9 v\u00fdjimky nebyl prok\u00e1z\u00e1n vztah mezi postoji a\u00a0nez\u00e1visl\u00fdmi prom\u011bnn\u00fdmi. Postoje k\u00a0uv\u011bzn\u011bn\u00ed se neli\u0161\u00ed mezi r\u016fzn\u00fdmi skupinami odsouzen\u00fdch a\u00a0jsou stabiln\u00ed v\u00a0pr\u016fb\u011bhu v\u00fdkonu trestu. V\u00fdsledky byly diskutov\u00e1ny.<\/p>\n<p><strong>Kl\u00ed\u010dov\u00e1 slova: <\/strong>v\u011bze\u0148sk\u00e1 subkultura, postoje, v\u011bzen\u00ed, uv\u011bzn\u011bn\u00ed.<\/p>\n<hr \/>\n<p><a href=\"https:\/\/veda.polac.cz\/?page_id=6849\">Zp\u011bt<\/a><\/p>\n","protected":false},"excerpt":{"rendered":"<p>Resum\u00e9 \u010dl\u00e1nku Postoje \u010desk\u00fdch v\u011bz\u0148\u016f k uv\u011bzn\u011bn\u00ed PhDr. Jan Draho\u0148ovsk\u00fd, Univerzita Karlova v\u00a0Praze, Filozofick\u00e1 fakulta, katedra sociologie Tato studie m\u011bla za \u00fakol prozkoumat postoje \u010desk\u00fdch odsouzen\u00fdch k\u00a0podstatn\u00fdm aspekt\u016fm uv\u011bzn\u011bn\u00ed ve vztahu k\u00a0\u010dasu ve v\u011bzen\u00ed str\u00e1ven\u00e9m a\u00a0dal\u0161\u00edm demografick\u00fdm charakteristik\u00e1m. Vzorek sest\u00e1val z\u00a0282\u00a0odsouzen\u00fdch mu\u017e\u016f z\u00a0jedn\u00e9 v\u011bznice s\u00a0ostrahou. Hodnocen\u00ed t\u00e9m\u011b\u0159 v\u0161ech aspekt\u016f bylo pozitivn\u00ed a\u00a0prok\u00e1zala se existence jednoho [&hellip;]<\/p>\n","protected":false},"author":6,"featured_media":0,"parent":0,"menu_order":0,"comment_status":"closed","ping_status":"closed","template":"","meta":{"footnotes":""},"class_list":["post-6851","page","type-page","status-publish","hentry"],"_links":{"self":[{"href":"https:\/\/veda.polac.cz\/index.php?rest_route=\/wp\/v2\/pages\/6851","targetHints":{"allow":["GET"]}}],"collection":[{"href":"https:\/\/veda.polac.cz\/index.php?rest_route=\/wp\/v2\/pages"}],"about":[{"href":"https:\/\/veda.polac.cz\/index.php?rest_route=\/wp\/v2\/types\/page"}],"author":[{"embeddable":true,"href":"https:\/\/veda.polac.cz\/index.php?rest_route=\/wp\/v2\/users\/6"}],"replies":[{"embeddable":true,"href":"https:\/\/veda.polac.cz\/index.php?rest_route=%2Fwp%2Fv2%2Fcomments&post=6851"}],"version-history":[{"count":1,"href":"https:\/\/veda.polac.cz\/index.php?rest_route=\/wp\/v2\/pages\/6851\/revisions"}],"predecessor-version":[{"id":6852,"href":"https:\/\/veda.polac.cz\/index.php?rest_route=\/wp\/v2\/pages\/6851\/revisions\/6852"}],"wp:attachment":[{"href":"https:\/\/veda.polac.cz\/index.php?rest_route=%2Fwp%2Fv2%2Fmedia&parent=6851"}],"curies":[{"name":"wp","href":"https:\/\/api.w.org\/{rel}","templated":true}]}}