{"id":6849,"date":"2022-10-03T13:21:07","date_gmt":"2022-10-03T13:21:07","guid":{"rendered":"https:\/\/veda.polac.cz\/?page_id=6849"},"modified":"2022-10-04T13:11:58","modified_gmt":"2022-10-04T13:11:58","slug":"03-2022","status":"publish","type":"page","link":"https:\/\/veda.polac.cz\/?page_id=6849","title":{"rendered":"03\/2022"},"content":{"rendered":"<p><strong><a href=\"https:\/\/veda.polac.cz\/?page_id=6851\">Postoje \u010desk\u00fdch v\u011bz\u0148\u016f k uv\u011bzn\u011bn\u00ed<\/a><br \/>\n<\/strong>Jan Draho\u0148ovsk\u00fd, Univerzita Karlova v\u00a0Praze, Filozofick\u00e1 fakulta, katedra sociologie<\/p>\n<p><a href=\"https:\/\/veda.polac.cz\/wp-content\/uploads\/2022\/10\/The-Attitudes-of-Czech-Inmates-Towards-Incarceration.pdf\" target=\"_blank\" rel=\"noopener\">pdf form\u00e1t<\/a><\/p>\n<hr \/>\n<p><strong><a href=\"https:\/\/veda.polac.cz\/?page_id=6853\">Vztah z\u00e1kona o slu\u017eebn\u00edm pom\u011bru p\u0159\u00edslu\u0161n\u00edk\u016f bezpe\u010dnostn\u00edch sbor\u016f a\u00a0spr\u00e1vn\u00edho \u0159\u00e1du<\/a><br \/>\n<\/strong>doc. JUDr. PhDr. Zden\u011bk Fiala, Ph.D., Mgr. Krist\u00fdna Mlezivov\u00e1, Policejn\u00ed akademie \u010cesk\u00e9 republiky v\u00a0Praze, Fakulta bezpe\u010dnostn\u00edho managementu, katedra spr\u00e1vn\u00edho pr\u00e1va a spr\u00e1vn\u00ed v\u011bdy<\/p>\n<p><a href=\"https:\/\/veda.polac.cz\/wp-content\/uploads\/2022\/10\/Relationship-Between-the-Act-on-Service-Relationship-of-Members-of-Security-Forces-and-the-Code-of-Administrative-Procedure.pdf\" target=\"_blank\" rel=\"noopener\">pdf form\u00e1t<\/a><\/p>\n<hr \/>\n<p><strong><a href=\"https:\/\/veda.polac.cz\/?page_id=6856\">K\u0159es\u0165ansk\u00fd nacionalismus ve Spojen\u00fdch st\u00e1tech. Pro\u010d na n\u011bm st\u00e1le z\u00e1le\u017e\u00ed ve\u00a021.\u00a0stolet\u00ed?<\/a><br \/>\n<\/strong>Bc. Martin Zilvar, Masarykova univerzita, Fakulta soci\u00e1ln\u00edch v\u011bd, katedra politologie, student magistersk\u00e9ho studijn\u00edho programu<\/p>\n<p><a href=\"https:\/\/veda.polac.cz\/wp-content\/uploads\/2022\/10\/Christian-Nationalism-in-the-United-States..pdf\" target=\"_blank\" rel=\"noopener\">pdf form\u00e1t<\/a><\/p>\n<hr \/>\n<p><strong><a href=\"https:\/\/veda.polac.cz\/?page_id=6858\">Komparace \u010desk\u00e9 a slovensk\u00e9 \u201eprotiextremistick\u00e9\u201c legislativy<\/a><br \/>\n<\/strong>Mgr. Martin Dole\u010dek, Policejn\u00ed akademie \u010cesk\u00e9 republiky v\u00a0Praze, Odd\u011blen\u00ed v\u011bdy a\u00a0v\u00fdzkumu<br \/>\ndoc. PhDr. Josef Smol\u00edk, Ph.D., MBA, LL.M., Policejn\u00ed akademie \u010cesk\u00e9 republiky v\u00a0Praze, Fakulta bezpe\u010dnostn\u00edho managementu, katedra bezpe\u010dnostn\u00edch studi\u00ed<\/p>\n<p><a href=\"https:\/\/veda.polac.cz\/wp-content\/uploads\/2022\/10\/Comparison-of-Czech-and-Slovak-\u2018Anti-Extremism-Legislation.pdf\" target=\"_blank\" rel=\"noopener\">pdf form\u00e1t<\/a><\/p>\n<hr \/>\n<p><strong><a href=\"https:\/\/veda.polac.cz\/?page_id=6860\">N\u00e1r\u016fst antisemitismu v \u010cesk\u00e9 republice v reakci na pandemii covid-19: sou\u010dasn\u00e9 probl\u00e9my vysv\u011btlen\u00e9 na z\u00e1klad\u011b tradi\u010dn\u00edch historick\u00fdch stereotyp\u016f a\u00a0p\u0159edsudk\u016f<\/a><br \/>\n<\/strong>Mgr. Eva Taterov\u00e1, M.A., Ph.D., Akademie v\u011bd \u010cR, \u00dastav pro soudob\u00e9 d\u011bjiny<\/p>\n<p><a href=\"https:\/\/veda.polac.cz\/wp-content\/uploads\/2022\/10\/Increase-of-Antisemitism-in-the-Czech-Republic-in-Response-to-the-Covid-19-Pandemic.pdf\" target=\"_blank\" rel=\"noopener\">pdf form\u00e1t<\/a><\/p>\n<hr \/>\n<p><strong><a href=\"https:\/\/veda.polac.cz\/?page_id=6862\">Mo\u017enosti vyu\u017eit\u00ed krimin\u00e1ln\u00edch statistik org\u00e1ny \u010dinn\u00fdmi v\u00a0trestn\u00edm \u0159\u00edzen\u00ed<\/a><br \/>\n<\/strong>JUDr. V\u00e1clav Ku\u010dera, Policejn\u00ed akademie \u010cesk\u00e9 republiky v\u00a0Praze, student doktorsk\u00e9ho studijn\u00edho programu<\/p>\n<p><a href=\"https:\/\/veda.polac.cz\/wp-content\/uploads\/2022\/10\/Possibilities-of-Using-Criminal-Statistics-by-the-Criminal-Justice-Authorities.pdf\" target=\"_blank\" rel=\"noopener\">pdf form\u00e1t<\/a><\/p>\n<hr \/>\n<p><strong><a href=\"https:\/\/veda.polac.cz\/?page_id=6864\">Kl\u00ed\u010dov\u00e9 faktory ovliv\u0148uj\u00edc\u00ed n\u00e1r\u016fst kyberkriminality<\/a><br \/>\n<\/strong>Ing. Miroslav \u010cerm\u00e1k, Policejn\u00ed akademie \u010cesk\u00e9 republiky v\u00a0Praze<br \/>\nstudent doktorsk\u00e9ho studijn\u00edho programu<\/p>\n<p><a href=\"https:\/\/veda.polac.cz\/wp-content\/uploads\/2022\/10\/Key-Factors-Affecting-the-Increase-in-Cybercrime.pdf\" target=\"_blank\" rel=\"noopener\">pdf form\u00e1t<\/a><\/p>\n<hr \/>\n<p><a href=\"https:\/\/veda.polac.cz\/?page_id=6866\"><strong>Policista jako ob\u011b\u0165?<\/strong><\/a><br \/>\nMgr. Ludmila Fonferov\u00e1, Ph.D., doc. JUDr. Mgr. Jo\u017ea Spurn\u00fd, Ph.D.<br \/>\nPolicejn\u00ed akademie \u010cesk\u00e9 republiky v Praze, Fakulta bezpe\u010dnostn\u00edho managementu, katedra spole\u010densk\u00fdch v\u011bd<\/p>\n<p><a href=\"https:\/\/veda.polac.cz\/wp-content\/uploads\/2022\/10\/Police-Officer-as-a-Victim.pdf\" target=\"_blank\" rel=\"noopener\">pdf form\u00e1t<\/a><\/p>\n<hr \/>\n","protected":false},"excerpt":{"rendered":"<p>Postoje \u010desk\u00fdch v\u011bz\u0148\u016f k uv\u011bzn\u011bn\u00ed Jan Draho\u0148ovsk\u00fd, Univerzita Karlova v\u00a0Praze, Filozofick\u00e1 fakulta, katedra sociologie pdf form\u00e1t Vztah z\u00e1kona o slu\u017eebn\u00edm pom\u011bru p\u0159\u00edslu\u0161n\u00edk\u016f bezpe\u010dnostn\u00edch sbor\u016f a\u00a0spr\u00e1vn\u00edho \u0159\u00e1du doc. JUDr. PhDr. Zden\u011bk Fiala, Ph.D., Mgr. Krist\u00fdna Mlezivov\u00e1, Policejn\u00ed akademie \u010cesk\u00e9 republiky v\u00a0Praze, Fakulta bezpe\u010dnostn\u00edho managementu, katedra spr\u00e1vn\u00edho pr\u00e1va a spr\u00e1vn\u00ed v\u011bdy pdf form\u00e1t K\u0159es\u0165ansk\u00fd nacionalismus ve Spojen\u00fdch [&hellip;]<\/p>\n","protected":false},"author":6,"featured_media":0,"parent":0,"menu_order":0,"comment_status":"closed","ping_status":"closed","template":"","meta":{"footnotes":""},"class_list":["post-6849","page","type-page","status-publish","hentry"],"_links":{"self":[{"href":"https:\/\/veda.polac.cz\/index.php?rest_route=\/wp\/v2\/pages\/6849","targetHints":{"allow":["GET"]}}],"collection":[{"href":"https:\/\/veda.polac.cz\/index.php?rest_route=\/wp\/v2\/pages"}],"about":[{"href":"https:\/\/veda.polac.cz\/index.php?rest_route=\/wp\/v2\/types\/page"}],"author":[{"embeddable":true,"href":"https:\/\/veda.polac.cz\/index.php?rest_route=\/wp\/v2\/users\/6"}],"replies":[{"embeddable":true,"href":"https:\/\/veda.polac.cz\/index.php?rest_route=%2Fwp%2Fv2%2Fcomments&post=6849"}],"version-history":[{"count":3,"href":"https:\/\/veda.polac.cz\/index.php?rest_route=\/wp\/v2\/pages\/6849\/revisions"}],"predecessor-version":[{"id":6879,"href":"https:\/\/veda.polac.cz\/index.php?rest_route=\/wp\/v2\/pages\/6849\/revisions\/6879"}],"wp:attachment":[{"href":"https:\/\/veda.polac.cz\/index.php?rest_route=%2Fwp%2Fv2%2Fmedia&parent=6849"}],"curies":[{"name":"wp","href":"https:\/\/api.w.org\/{rel}","templated":true}]}}