{"id":6772,"date":"2022-06-29T11:51:44","date_gmt":"2022-06-29T11:51:44","guid":{"rendered":"https:\/\/veda.polac.cz\/?page_id=6772"},"modified":"2022-06-29T11:51:44","modified_gmt":"2022-06-29T11:51:44","slug":"6772-2","status":"publish","type":"page","link":"https:\/\/veda.polac.cz\/?page_id=6772","title":{"rendered":""},"content":{"rendered":"<p style=\"text-align: center;\">Resum\u00e9 \u010dl\u00e1nku<\/p>\n<p><strong>Pr\u00e1vne aspekty stre\u013eby na unikaj\u00face motorov\u00e9 vozidlo pod\u013ea z\u00e1kona o\u00a0Policajnom zbore<\/strong><\/p>\n<p><em>doc. JUDr. Miriam Odlerov\u00e1, PhD., Akad\u00e9mia Policajn\u00e9ho zboru v\u00a0Bratislave, Katedra spr\u00e1vneho pr\u00e1va<\/em><\/p>\n<p>Koncepcia z\u00e1konn\u00fdch podmienok pou\u017eitia zbrane pri prenasledovan\u00ed motorov\u00e9ho vozidla je v\u00a0z\u00e1kone o\u00a0Policajnom zbore koncipovan\u00e1 pomerne zlo\u017eito, \u010do m\u00f4\u017ee negat\u00edvne ovplyvni\u0165 rozhodnutie policajta pou\u017ei\u0165 zbra\u0148 (najm\u00e4, ak m\u00e1 na rozhodovanie iba p\u00e1r sek\u00fand). V\u00a0praxi doch\u00e1dza k\u00a0rozdielnym v\u00fdkladom predmetn\u00fdch ustanoven\u00ed z\u00e1kona a ani\u00a0ich aplik\u00e1cia neb\u00fdva jednotn\u00e1. \u010cl\u00e1nok tieto probl\u00e9my podrobne analyzuje s\u00a0poukazom na v\u00fdsledky v\u00fdskumu a\u00a0v\u00a0z\u00e1vere poskytuje nieko\u013eko odpor\u00fa\u010dan\u00ed pre zlep\u0161enie s\u00fa\u010dasn\u00e9ho stavu.<\/p>\n<p><strong>K\u013e\u00fa\u010dov\u00e9 slov\u00e1:<\/strong> stre\u013eba na motorov\u00e9 vozidlo, donucovacie prostriedky, z\u00e1konn\u00e9 podmienky pou\u017eitia zbrane, nebezpe\u010dn\u00fd p\u00e1chate\u013e, bezoh\u013eadn\u00e1 jazda.<\/p>\n<hr \/>\n<p><a href=\"https:\/\/veda.polac.cz\/?page_id=6769\">Zp\u011bt<\/a><\/p>\n","protected":false},"excerpt":{"rendered":"<p>Resum\u00e9 \u010dl\u00e1nku Pr\u00e1vne aspekty stre\u013eby na unikaj\u00face motorov\u00e9 vozidlo pod\u013ea z\u00e1kona o\u00a0Policajnom zbore doc. JUDr. Miriam Odlerov\u00e1, PhD., Akad\u00e9mia Policajn\u00e9ho zboru v\u00a0Bratislave, Katedra spr\u00e1vneho pr\u00e1va Koncepcia z\u00e1konn\u00fdch podmienok pou\u017eitia zbrane pri prenasledovan\u00ed motorov\u00e9ho vozidla je v\u00a0z\u00e1kone o\u00a0Policajnom zbore koncipovan\u00e1 pomerne zlo\u017eito, \u010do m\u00f4\u017ee negat\u00edvne ovplyvni\u0165 rozhodnutie policajta pou\u017ei\u0165 zbra\u0148 (najm\u00e4, ak m\u00e1 na rozhodovanie iba [&hellip;]<\/p>\n","protected":false},"author":6,"featured_media":0,"parent":0,"menu_order":0,"comment_status":"closed","ping_status":"closed","template":"","meta":{"footnotes":""},"class_list":["post-6772","page","type-page","status-publish","hentry"],"_links":{"self":[{"href":"https:\/\/veda.polac.cz\/index.php?rest_route=\/wp\/v2\/pages\/6772","targetHints":{"allow":["GET"]}}],"collection":[{"href":"https:\/\/veda.polac.cz\/index.php?rest_route=\/wp\/v2\/pages"}],"about":[{"href":"https:\/\/veda.polac.cz\/index.php?rest_route=\/wp\/v2\/types\/page"}],"author":[{"embeddable":true,"href":"https:\/\/veda.polac.cz\/index.php?rest_route=\/wp\/v2\/users\/6"}],"replies":[{"embeddable":true,"href":"https:\/\/veda.polac.cz\/index.php?rest_route=%2Fwp%2Fv2%2Fcomments&post=6772"}],"version-history":[{"count":1,"href":"https:\/\/veda.polac.cz\/index.php?rest_route=\/wp\/v2\/pages\/6772\/revisions"}],"predecessor-version":[{"id":6773,"href":"https:\/\/veda.polac.cz\/index.php?rest_route=\/wp\/v2\/pages\/6772\/revisions\/6773"}],"wp:attachment":[{"href":"https:\/\/veda.polac.cz\/index.php?rest_route=%2Fwp%2Fv2%2Fmedia&parent=6772"}],"curies":[{"name":"wp","href":"https:\/\/api.w.org\/{rel}","templated":true}]}}