{"id":6713,"date":"2022-04-05T11:33:50","date_gmt":"2022-04-05T11:33:50","guid":{"rendered":"https:\/\/veda.polac.cz\/?page_id=6713"},"modified":"2022-04-05T11:33:50","modified_gmt":"2022-04-05T11:33:50","slug":"6713-2","status":"publish","type":"page","link":"https:\/\/veda.polac.cz\/?page_id=6713","title":{"rendered":""},"content":{"rendered":"<p style=\"text-align: center;\">Resum\u00e9 \u010dl\u00e1nku<\/p>\n<p><strong>Zaji\u0161\u0165ov\u00e1n\u00ed, zp\u0159\u00edstup\u0148ov\u00e1n\u00ed a vyhodnocov\u00e1n\u00ed digit\u00e1ln\u00edch stop<\/strong><\/p>\n<p><em>plk. v. v. Mgr. Jan \u010c\u00e1p, Ph.D., Policejn\u00ed akademie \u010cesk\u00e9 republiky v\u00a0Praze, Fakulta bezpe\u010dnostn\u011b pr\u00e1vn\u00ed, katedra kriminalistiky<\/em><\/p>\n<p><em>plk. Ing. Bc. Luk\u00e1\u0161 Breu, pplk. Mgr. Zden\u011bk Pro\u0161ek, <\/em><em>Policie \u010cesk\u00e9 republiky, N\u00e1rodn\u00ed centr\u00e1la proti organizovan\u00e9mu zlo\u010dinu SKPV<\/em><\/p>\n<p>Sou\u010dasn\u00e1 policejn\u00ed praxe p\u0159in\u00e1\u0161\u00ed, v\u00a0r\u00e1mci dokumentace protipr\u00e1vn\u00edho jedn\u00e1n\u00ed, \u010d\u00edm d\u00e1l t\u00edm v\u00edce nutnost ze strany p\u0159\u00edslu\u0161n\u00edk\u016f bezpe\u010dnostn\u00edch sbor\u016f, kte\u0159\u00ed zaji\u0161\u0165uj\u00ed, zp\u0159\u00edstup\u0148uj\u00ed a vyhodnocuj\u00ed digit\u00e1ln\u00ed stopy, dovednosti jak technick\u00e9ho, tak procesn\u011b pr\u00e1vn\u00edho r\u00e1zu. Dovednosti byly ze strany pracovn\u00ed skupiny N\u00e1rodn\u00ed centr\u00e1ly proti organizovan\u00e9mu zlo\u010dinu SKPV Policie \u010cR shrnuty do intern\u00edho aktu \u0159\u00edzen\u00ed, kter\u00fd p\u0159edkl\u00e1d\u00e1me odborn\u00e9 ve\u0159ejnosti, k\u00a0p\u0159\u00edpadn\u00e9mu posouzen\u00ed.<\/p>\n<p><strong>Kl\u00ed\u010dov\u00e1 slova:<\/strong> zaji\u0161\u0165ov\u00e1n\u00ed, vyhodnocov\u00e1n\u00ed digit\u00e1ln\u00edch stop, kriminalistick\u00e1 taktika, ohled\u00e1n\u00ed, d\u016fkaz, znalec, kriminalistick\u00fd IT specialista.<\/p>\n<hr \/>\n<p><a href=\"https:\/\/veda.polac.cz\/?page_id=6694\">Zp\u011bt<\/a><\/p>\n","protected":false},"excerpt":{"rendered":"<p>Resum\u00e9 \u010dl\u00e1nku Zaji\u0161\u0165ov\u00e1n\u00ed, zp\u0159\u00edstup\u0148ov\u00e1n\u00ed a vyhodnocov\u00e1n\u00ed digit\u00e1ln\u00edch stop plk. v. v. Mgr. Jan \u010c\u00e1p, Ph.D., Policejn\u00ed akademie \u010cesk\u00e9 republiky v\u00a0Praze, Fakulta bezpe\u010dnostn\u011b pr\u00e1vn\u00ed, katedra kriminalistiky plk. Ing. Bc. Luk\u00e1\u0161 Breu, pplk. Mgr. Zden\u011bk Pro\u0161ek, Policie \u010cesk\u00e9 republiky, N\u00e1rodn\u00ed centr\u00e1la proti organizovan\u00e9mu zlo\u010dinu SKPV Sou\u010dasn\u00e1 policejn\u00ed praxe p\u0159in\u00e1\u0161\u00ed, v\u00a0r\u00e1mci dokumentace protipr\u00e1vn\u00edho jedn\u00e1n\u00ed, \u010d\u00edm d\u00e1l t\u00edm v\u00edce [&hellip;]<\/p>\n","protected":false},"author":6,"featured_media":0,"parent":0,"menu_order":0,"comment_status":"closed","ping_status":"closed","template":"","meta":{"footnotes":""},"class_list":["post-6713","page","type-page","status-publish","hentry"],"_links":{"self":[{"href":"https:\/\/veda.polac.cz\/index.php?rest_route=\/wp\/v2\/pages\/6713","targetHints":{"allow":["GET"]}}],"collection":[{"href":"https:\/\/veda.polac.cz\/index.php?rest_route=\/wp\/v2\/pages"}],"about":[{"href":"https:\/\/veda.polac.cz\/index.php?rest_route=\/wp\/v2\/types\/page"}],"author":[{"embeddable":true,"href":"https:\/\/veda.polac.cz\/index.php?rest_route=\/wp\/v2\/users\/6"}],"replies":[{"embeddable":true,"href":"https:\/\/veda.polac.cz\/index.php?rest_route=%2Fwp%2Fv2%2Fcomments&post=6713"}],"version-history":[{"count":1,"href":"https:\/\/veda.polac.cz\/index.php?rest_route=\/wp\/v2\/pages\/6713\/revisions"}],"predecessor-version":[{"id":6714,"href":"https:\/\/veda.polac.cz\/index.php?rest_route=\/wp\/v2\/pages\/6713\/revisions\/6714"}],"wp:attachment":[{"href":"https:\/\/veda.polac.cz\/index.php?rest_route=%2Fwp%2Fv2%2Fmedia&parent=6713"}],"curies":[{"name":"wp","href":"https:\/\/api.w.org\/{rel}","templated":true}]}}