{"id":6710,"date":"2022-04-05T11:28:09","date_gmt":"2022-04-05T11:28:09","guid":{"rendered":"https:\/\/veda.polac.cz\/?page_id=6710"},"modified":"2022-04-05T11:28:10","modified_gmt":"2022-04-05T11:28:10","slug":"6710-2","status":"publish","type":"page","link":"https:\/\/veda.polac.cz\/?page_id=6710","title":{"rendered":""},"content":{"rendered":"<p style=\"text-align: center;\">Resum\u00e9 \u010dl\u00e1nku<\/p>\n<p><strong>Po\u010d\u00edta\u010dov\u00e1 mravnostn\u00ed kriminalita \u2013 kybergrooming<\/strong><\/p>\n<p><em>PhDr. Marek Hejduk, MBA, Policejn\u00ed akademie \u010cesk\u00e9 republiky v\u00a0Praze, student doktorsk\u00e9ho studijn\u00edho programu<\/em><\/p>\n<p>\u010cl\u00e1nek se zab\u00fdv\u00e1 problematikou po\u010d\u00edta\u010dov\u00e9 mravnostn\u00ed kriminality se zam\u011b\u0159en\u00edm na kybergroomig. V\u00a0\u00favodu pr\u00e1ce je pops\u00e1n a definov\u00e1n kybergrooming jako aktu\u00e1ln\u00ed fenom\u00e9n. D\u00e1le se ji\u017e pr\u00e1ce zam\u011b\u0159uje na trestn\u011b pr\u00e1vn\u00ed vymezen\u00ed kybergroomingu a rovn\u011b\u017e na statistiku sp\u00e1chan\u00fdch skutk\u016f dle policejn\u00ed statistiky. N\u00e1sleduj\u00edc\u00ed \u010d\u00e1st pr\u00e1ce vymezuje ob\u011bti a pachatele kybergroomingu, p\u0159i\u010dem\u017e je vyu\u017eita statistika st\u00e1tn\u00edch zastupitelstv\u00ed. Dal\u0161\u00ed \u010d\u00e1st popisuje jednotliv\u00e9 f\u00e1ze (etapy) kybergroomingu. Z\u00e1v\u011bre\u010dn\u00e1 \u010d\u00e1st pr\u00e1ce se ji\u017e zam\u011b\u0159uje na problematiku preventivn\u00edch aktivit v\u00a0oblasti kybergroomingu a to jak z\u00a0pohledu technick\u00e9 ochrany, tak i\u00a0preventivn\u00edch aktivit sm\u011b\u0159ovan\u00fdch sm\u011brem k\u00a0\u017e\u00e1k\u016fm, u\u010ditel\u016fm a rodi\u010d\u016fm.<\/p>\n<p><strong>Kl\u00ed\u010dov\u00e1 slova: <\/strong>kybergrooming, kybergroomer, trestn\u00ed z\u00e1kon, statistika, ob\u011b\u0165, pachatel, f\u00e1ze kybergroomingu, prevence.<\/p>\n<hr \/>\n<p><a href=\"https:\/\/veda.polac.cz\/?page_id=6694\">Zp\u011bt<\/a><\/p>\n","protected":false},"excerpt":{"rendered":"<p>Resum\u00e9 \u010dl\u00e1nku Po\u010d\u00edta\u010dov\u00e1 mravnostn\u00ed kriminalita \u2013 kybergrooming PhDr. Marek Hejduk, MBA, Policejn\u00ed akademie \u010cesk\u00e9 republiky v\u00a0Praze, student doktorsk\u00e9ho studijn\u00edho programu \u010cl\u00e1nek se zab\u00fdv\u00e1 problematikou po\u010d\u00edta\u010dov\u00e9 mravnostn\u00ed kriminality se zam\u011b\u0159en\u00edm na kybergroomig. V\u00a0\u00favodu pr\u00e1ce je pops\u00e1n a definov\u00e1n kybergrooming jako aktu\u00e1ln\u00ed fenom\u00e9n. D\u00e1le se ji\u017e pr\u00e1ce zam\u011b\u0159uje na trestn\u011b pr\u00e1vn\u00ed vymezen\u00ed kybergroomingu a rovn\u011b\u017e na statistiku [&hellip;]<\/p>\n","protected":false},"author":6,"featured_media":0,"parent":0,"menu_order":0,"comment_status":"closed","ping_status":"closed","template":"","meta":{"footnotes":""},"class_list":["post-6710","page","type-page","status-publish","hentry"],"_links":{"self":[{"href":"https:\/\/veda.polac.cz\/index.php?rest_route=\/wp\/v2\/pages\/6710","targetHints":{"allow":["GET"]}}],"collection":[{"href":"https:\/\/veda.polac.cz\/index.php?rest_route=\/wp\/v2\/pages"}],"about":[{"href":"https:\/\/veda.polac.cz\/index.php?rest_route=\/wp\/v2\/types\/page"}],"author":[{"embeddable":true,"href":"https:\/\/veda.polac.cz\/index.php?rest_route=\/wp\/v2\/users\/6"}],"replies":[{"embeddable":true,"href":"https:\/\/veda.polac.cz\/index.php?rest_route=%2Fwp%2Fv2%2Fcomments&post=6710"}],"version-history":[{"count":1,"href":"https:\/\/veda.polac.cz\/index.php?rest_route=\/wp\/v2\/pages\/6710\/revisions"}],"predecessor-version":[{"id":6711,"href":"https:\/\/veda.polac.cz\/index.php?rest_route=\/wp\/v2\/pages\/6710\/revisions\/6711"}],"wp:attachment":[{"href":"https:\/\/veda.polac.cz\/index.php?rest_route=%2Fwp%2Fv2%2Fmedia&parent=6710"}],"curies":[{"name":"wp","href":"https:\/\/api.w.org\/{rel}","templated":true}]}}