{"id":6569,"date":"2021-11-01T11:45:15","date_gmt":"2021-11-01T11:45:15","guid":{"rendered":"https:\/\/veda.polac.cz\/?page_id=6569"},"modified":"2021-11-03T13:06:23","modified_gmt":"2021-11-03T13:06:23","slug":"03-2021-2","status":"publish","type":"page","link":"https:\/\/veda.polac.cz\/?page_id=6569&lang=en","title":{"rendered":"03\/2021"},"content":{"rendered":"<p><a href=\"https:\/\/veda.polac.cz\/?page_id=6578&amp;lang=en(otev\u0159e se na nov\u00e9 z\u00e1lo\u017ece)\" data-wplink-url-error=\"true\"><strong>Reoffending &#8211; its Criminal, Criminological and Penological Aspects<\/strong><\/a><br \/>JUDr. Patr\u00edcia Kr\u00e1sn\u00e1, PhD., LL.M., Academy of the Police Corps in Bratislava, Department of Criminolog<\/p>\n<p><a href=\"https:\/\/veda.polac.cz\/wp-content\/uploads\/2021\/10\/Reoffending-its-Criminal-Criminological-and-Penological-Aspects1.pdf\" target=\"_blank\" rel=\"noopener\">Download (pdf format)<\/a><\/p>\n<hr \/>\n<p><a href=\"https:\/\/veda.polac.cz\/?page_id=6582&amp;lang=en\"><strong>The Austrian Islam Law Between Religion and Security<\/strong><\/a><br \/>doc. Dr. iur. Harald Christian Scheu, Mag. Phil., Ph.D.<br \/>Police Academy of the Czech Republic in Prague, Department of Public Law<\/p>\n<p><a href=\"https:\/\/veda.polac.cz\/wp-content\/uploads\/2021\/10\/The-Austrian-Islam-Law-between-Religion-and-Security.pdf\" target=\"_blank\" rel=\"noopener\">Download (pdf format)<\/a><\/p>\n<hr \/>\n<p><a href=\"https:\/\/veda.polac.cz\/?page_id=6585&amp;lang=en\"><strong>On Certain Issues of the Protection of Mmembers of Parliament From Their Activities Being Monitored by the Police and Intelligence Services<\/strong><\/a><br \/>doc. JUDr. Jan Kudrna, Ph.D., Police Academy of the Czech Republic in Prague, Faculty of Security Management, Department of Public Law<\/p>\n<p><a href=\"https:\/\/veda.polac.cz\/wp-content\/uploads\/2021\/10\/On-Certain-Issues-of-the-Protection-of-Members-of-Parliament-From-Their-Activities-Being-Monitored-by-the-Police-and-Intelligence-Services1.pdf\" target=\"_blank\" rel=\"noopener\">Download (pdf format)<\/a><\/p>\n<hr \/>\n<p><a href=\"https:\/\/veda.polac.cz\/?page_id=6588&amp;lang=en\"><strong>The Contemporary Ku Klux Klan as an Insurgency<\/strong><\/a><br \/>Bc. Martin Zilvar, Masaryk University, Faculty of Social Studies,<br \/>Department of Politology<\/p>\n<p><a href=\"https:\/\/veda.polac.cz\/wp-content\/uploads\/2021\/10\/The-Contemporary-Ku-Klux-Klan-as-an-Insurgency.pdf\" target=\"_blank\" rel=\"noopener\">Download (pdf format)<\/a><\/p>\n<hr \/>\n<p><a href=\"https:\/\/veda.polac.cz\/?page_id=6591&amp;lang=en\"><strong>Evaluation of the Territory Resilience to Extensive Power Disruption<\/strong><\/a><br \/>PhDr. Tom\u00e1\u0161 Fr\u00f6hlich, DiS., SECURU s.r.o., Czech Technical University in Prague, Faculty of Biomedical Engineering, Department of Health Care and Population Protection<br \/>Ing. Ji\u0159\u00ed Slab\u00fd, Ph.D., SECURU s.r.o.<br \/>doc. Mgr. Zden\u011bk Hon, Ph.D., prof. MUDr. Leo\u0161 Navr\u00e1til, CSc., MBA, dr.h.c. Czech Technical University in Prague, Faculty of Biomedical Engineering,<br \/>Department of Health Care and Population Protection<\/p>\n<p><a href=\"https:\/\/veda.polac.cz\/wp-content\/uploads\/2021\/10\/Evaluation-of-the-Territory-Resilience-to-Extensive-Power-Disruption.pdf\" target=\"_blank\" rel=\"noopener\">Download (pdf format)<\/a><\/p>\n<hr \/>\n<p><a href=\"https:\/\/veda.polac.cz\/?page_id=6593&amp;lang=en\"><strong>COVID-19, its Impacts on Terrorism and Violent Extremism and Unconventional Protective Measures<\/strong><\/a><br \/>doc. Ing. Jozef Sabol, DrSc., doc. Mgr. Old\u0159ich Krul\u00edk, Ph.D., Police Academy of the Czech Republic in Prague, Faculty of Security Management, Department of Crisis Management<\/p>\n<p><a href=\"https:\/\/veda.polac.cz\/wp-content\/uploads\/2021\/10\/Covid-19-its-Impacts-on-Terrorism-and-Violent-Extremism-and-Unconventional-Protective-Measures.pdf\" target=\"_blank\" rel=\"noopener\">Download (pdf format)<\/a><\/p>\n<hr \/>\n<p><a href=\"https:\/\/veda.polac.cz\/?page_id=6596&amp;lang=en\"><strong>A Path Towards the Identification of Racial Profiling in Policing<\/strong><\/a><br \/>Alex del Carmen, Ph.D., Associate Dean, School of Criminology, Criminal Justice and Public Administration, Tarleton State University, Texas, USA<br \/>Mark Brown, M.S., Doctoral Candidate, School of Criminology, Criminal Justice and Public Administration, Tarleton State University, Texas, USA<\/p>\n<p><a href=\"https:\/\/veda.polac.cz\/wp-content\/uploads\/2021\/10\/A-Path-towards-the-Identification-of-Racial-Profiling-in-Policing.pdf\" target=\"_blank\" rel=\"noopener\">Download (pdf format)<\/a><\/p>\n<hr \/>\n<p><a href=\"https:\/\/veda.polac.cz\/?page_id=6598&amp;lang=en\"><strong>Investigating the Causes of Fires &#8211; Intentionally Started Fires<\/strong><\/a><br \/>mjr. PhDr. Mgr. Miroslav Matou\u0161, Police Academy of the Czech Republic in Prague PhD student<\/p>\n<p><a href=\"https:\/\/veda.polac.cz\/wp-content\/uploads\/2021\/10\/Investigating-the-Causes-of-Fires-Intentionally-Started-Fires.pdf\" target=\"_blank\" rel=\"noopener\">Download (pdf format)<\/a><\/p>\n<hr \/>\n\n\n<p><\/p>\n","protected":false},"excerpt":{"rendered":"<p>Reoffending &#8211; its Criminal, Criminological and Penological AspectsJUDr. Patr\u00edcia Kr\u00e1sn\u00e1, PhD., LL.M., Academy of the Police Corps in Bratislava, Department of Criminolog Download (pdf format) The Austrian Islam Law Between Religion and Securitydoc. Dr. iur. Harald Christian Scheu, Mag. Phil., Ph.D.Police Academy of the Czech Republic in Prague, Department of Public Law Download (pdf format) [&hellip;]<\/p>\n","protected":false},"author":6,"featured_media":0,"parent":0,"menu_order":0,"comment_status":"closed","ping_status":"closed","template":"","meta":{"footnotes":""},"class_list":["post-6569","page","type-page","status-publish","hentry"],"_links":{"self":[{"href":"https:\/\/veda.polac.cz\/index.php?rest_route=\/wp\/v2\/pages\/6569","targetHints":{"allow":["GET"]}}],"collection":[{"href":"https:\/\/veda.polac.cz\/index.php?rest_route=\/wp\/v2\/pages"}],"about":[{"href":"https:\/\/veda.polac.cz\/index.php?rest_route=\/wp\/v2\/types\/page"}],"author":[{"embeddable":true,"href":"https:\/\/veda.polac.cz\/index.php?rest_route=\/wp\/v2\/users\/6"}],"replies":[{"embeddable":true,"href":"https:\/\/veda.polac.cz\/index.php?rest_route=%2Fwp%2Fv2%2Fcomments&post=6569"}],"version-history":[{"count":9,"href":"https:\/\/veda.polac.cz\/index.php?rest_route=\/wp\/v2\/pages\/6569\/revisions"}],"predecessor-version":[{"id":6600,"href":"https:\/\/veda.polac.cz\/index.php?rest_route=\/wp\/v2\/pages\/6569\/revisions\/6600"}],"wp:attachment":[{"href":"https:\/\/veda.polac.cz\/index.php?rest_route=%2Fwp%2Fv2%2Fmedia&parent=6569"}],"curies":[{"name":"wp","href":"https:\/\/api.w.org\/{rel}","templated":true}]}}

<p><a href="https://veda.polac.cz/?page_id=6578&amp;lang=en(otevře se na nové záložce)" data-wplink-url-error="true"><strong>Reoffending &#8211; its Criminal, Criminological and Penological Aspects</strong></a><br />JUDr. Patrícia Krásná, PhD., LL.M., Academy of the Police Corps in Bratislava, Department of Criminolog</p>
<p><a href="https://veda.polac.cz/wp-content/uploads/2021/10/Reoffending-its-Criminal-Criminological-and-Penological-Aspects1.pdf" target="_blank" rel="noopener">Download (pdf format)</a></p>
<hr />
<p><a href="https://veda.polac.cz/?page_id=6582&amp;lang=en"><strong>The Austrian Islam Law Between Religion and Security</strong></a><br />doc. Dr. iur. Harald Christian Scheu, Mag. Phil., Ph.D.<br />Police Academy of the Czech Republic in Prague, Department of Public Law</p>
<p><a href="https://veda.polac.cz/wp-content/uploads/2021/10/The-Austrian-Islam-Law-between-Religion-and-Security.pdf" target="_blank" rel="noopener">Download (pdf format)</a></p>
<hr />
<p><a href="https://veda.polac.cz/?page_id=6585&amp;lang=en"><strong>On Certain Issues of the Protection of Mmembers of Parliament From Their Activities Being Monitored by the Police and Intelligence Services</strong></a><br />doc. JUDr. Jan Kudrna, Ph.D., Police Academy of the Czech Republic in Prague, Faculty of Security Management, Department of Public Law</p>
<p><a href="https://veda.polac.cz/wp-content/uploads/2021/10/On-Certain-Issues-of-the-Protection-of-Members-of-Parliament-From-Their-Activities-Being-Monitored-by-the-Police-and-Intelligence-Services1.pdf" target="_blank" rel="noopener">Download (pdf format)</a></p>
<hr />
<p><a href="https://veda.polac.cz/?page_id=6588&amp;lang=en"><strong>The Contemporary Ku Klux Klan as an Insurgency</strong></a><br />Bc. Martin Zilvar, Masaryk University, Faculty of Social Studies,<br />Department of Politology</p>
<p><a href="https://veda.polac.cz/wp-content/uploads/2021/10/The-Contemporary-Ku-Klux-Klan-as-an-Insurgency.pdf" target="_blank" rel="noopener">Download (pdf format)</a></p>
<hr />
<p><a href="https://veda.polac.cz/?page_id=6591&amp;lang=en"><strong>Evaluation of the Territory Resilience to Extensive Power Disruption</strong></a><br />PhDr. Tomáš Fröhlich, DiS., SECURU s.r.o., Czech Technical University in Prague, Faculty of Biomedical Engineering, Department of Health Care and Population Protection<br />Ing. Jiří Slabý, Ph.D., SECURU s.r.o.<br />doc. Mgr. Zdeněk Hon, Ph.D., prof. MUDr. Leoš Navrátil, CSc., MBA, dr.h.c. Czech Technical University in Prague, Faculty of Biomedical Engineering,<br />Department of Health Care and Population Protection</p>
<p><a href="https://veda.polac.cz/wp-content/uploads/2021/10/Evaluation-of-the-Territory-Resilience-to-Extensive-Power-Disruption.pdf" target="_blank" rel="noopener">Download (pdf format)</a></p>
<hr />
<p><a href="https://veda.polac.cz/?page_id=6593&amp;lang=en"><strong>COVID-19, its Impacts on Terrorism and Violent Extremism and Unconventional Protective Measures</strong></a><br />doc. Ing. Jozef Sabol, DrSc., doc. Mgr. Oldřich Krulík, Ph.D., Police Academy of the Czech Republic in Prague, Faculty of Security Management, Department of Crisis Management</p>
<p><a href="https://veda.polac.cz/wp-content/uploads/2021/10/Covid-19-its-Impacts-on-Terrorism-and-Violent-Extremism-and-Unconventional-Protective-Measures.pdf" target="_blank" rel="noopener">Download (pdf format)</a></p>
<hr />
<p><a href="https://veda.polac.cz/?page_id=6596&amp;lang=en"><strong>A Path Towards the Identification of Racial Profiling in Policing</strong></a><br />Alex del Carmen, Ph.D., Associate Dean, School of Criminology, Criminal Justice and Public Administration, Tarleton State University, Texas, USA<br />Mark Brown, M.S., Doctoral Candidate, School of Criminology, Criminal Justice and Public Administration, Tarleton State University, Texas, USA</p>
<p><a href="https://veda.polac.cz/wp-content/uploads/2021/10/A-Path-towards-the-Identification-of-Racial-Profiling-in-Policing.pdf" target="_blank" rel="noopener">Download (pdf format)</a></p>
<hr />
<p><a href="https://veda.polac.cz/?page_id=6598&amp;lang=en"><strong>Investigating the Causes of Fires &#8211; Intentionally Started Fires</strong></a><br />mjr. PhDr. Mgr. Miroslav Matouš, Police Academy of the Czech Republic in Prague PhD student</p>
<p><a href="https://veda.polac.cz/wp-content/uploads/2021/10/Investigating-the-Causes-of-Fires-Intentionally-Started-Fires.pdf" target="_blank" rel="noopener">Download (pdf format)</a></p>
<hr />


<p></p>

<p>Reoffending &#8211; its Criminal, Criminological and Penological AspectsJUDr. Patrícia Krásná, PhD., LL.M., Academy of the Police Corps in Bratislava, Department of Criminolog Download (pdf format) The Austrian Islam Law Between Religion and Securitydoc. Dr. iur. Harald Christian Scheu, Mag. Phil., Ph.D.Police Academy of the Czech Republic in Prague, Department of Public Law Download (pdf format) [&hellip;]</p>
