{"id":6545,"date":"2021-10-25T10:45:04","date_gmt":"2021-10-25T10:45:04","guid":{"rendered":"https:\/\/veda.polac.cz\/?page_id=6545"},"modified":"2021-10-25T10:45:04","modified_gmt":"2021-10-25T10:45:04","slug":"6545-2","status":"publish","type":"page","link":"https:\/\/veda.polac.cz\/?page_id=6545","title":{"rendered":""},"content":{"rendered":"<p style=\"text-align: center;\">Resum\u00e9 \u010dl\u00e1nku<\/p>\n<p><strong>Hodnocen\u00ed bezpe\u010dnosti \u00fazem\u00ed ve vazb\u011b na rozs\u00e1hl\u00fd v\u00fdpadek elektrick\u00e9 energie<\/strong><\/p>\n<p><em>PhDr. Tom\u00e1\u0161 Fr\u00f6hlich, DiS., SECURU s.r.o., \u010cesk\u00e9 vysok\u00e9 u\u010den\u00ed technick\u00e9 v\u00a0Praze, Fakulta biomedic\u00ednsk\u00e9ho in\u017een\u00fdrstv\u00ed, Odd\u011blen\u00ed zdravotn\u00ed p\u00e9\u010de a ochrany obyvatelstva<\/em><\/p>\n<p><em>Ing. Ji\u0159\u00ed Slab\u00fd, Ph.D., <\/em><em>SECURU s.r.o.<\/em><\/p>\n<p><em>doc. Mgr. Zden\u011bk Hon, Ph.D., prof. MUDr. Leo\u0161 Navr\u00e1til, CSc., MBA, dr.h.c., <\/em><em>\u010cesk\u00e9 vysok\u00e9 u\u010den\u00ed technick\u00e9 v\u00a0Praze, Fakulta biomedic\u00ednsk\u00e9ho in\u017een\u00fdrstv\u00ed, Odd\u011blen\u00ed zdravotn\u00ed p\u00e9\u010de a ochrany obyvatelstva<\/em><\/p>\n<p>Spolehliv\u00e9 a bezpe\u010dn\u00e9 dod\u00e1vky elektrick\u00e9 energie p\u0159edstavuj\u00ed z\u00e1sadn\u00ed p\u0159edpoklad pro fungov\u00e1n\u00ed dne\u0161n\u00ed spole\u010dnosti, kter\u00e1 je \u010dasto ozna\u010dov\u00e1na jako postindustri\u00e1ln\u00ed a informa\u010dn\u00ed. Na dod\u00e1vk\u00e1ch t\u00e9to strategick\u00e9 komodity jsou zcela z\u00e1visl\u00e9 ve\u0161ker\u00e9 obory lidsk\u00e9 \u010dinnosti a v kone\u010dn\u00e9m d\u016fsledku i samotn\u00e9 lidsk\u00e9 \u017eivoty a\u00a0jejich zdrav\u00ed. Z tohoto d\u016fvodu p\u0159edstavuje rozs\u00e1hl\u00fd v\u00fdpadek elektrick\u00e9 energie v\u00fdznamnou hrozbu pro ka\u017edou modern\u00ed spole\u010dnost, mezi kter\u00e9 \u010cesk\u00e1 republika jednozna\u010dn\u011b pat\u0159\u00ed. Problematikou zaji\u0161t\u011bn\u00ed nezbytn\u00fdch dod\u00e1vek elektrick\u00e9 energie p\u0159i naru\u0161en\u00ed elektriza\u010dn\u00ed soustavy se detailn\u011b zab\u00fdv\u00e1 v\u00fdzkumn\u00fd projekt \u201eZv\u00fd\u0161en\u00ed odolnosti regionu p\u0159ed hrozbou plo\u0161n\u00e9ho v\u00fdpadku elektrick\u00e9 energie s vyu\u017eit\u00edm nov\u00fdch technologi\u00ed a postup\u016f krizov\u00e9ho \u0159\u00edzen\u00ed\u201c. Tento p\u0159\u00edsp\u011bvek se v\u011bnuje ot\u00e1zk\u00e1m bezpe\u010dnostn\u00edch pot\u0159eb \u00fazem\u00ed v kontextu dan\u00e9ho ohro\u017een\u00ed. P\u0159edev\u0161\u00edm pak zp\u016fsobu stanoven\u00ed d\u016fle\u017eit\u00fdch objekt\u016f a souvisej\u00edc\u00edch slu\u017eeb pro zaji\u0161t\u011bn\u00ed z\u00e1kladn\u00edch pot\u0159eby obyvatelstva a funkc\u00ed na dan\u00e9m teritoriu.<\/p>\n<p><strong>Kl\u00ed\u010dov\u00e1 slova:<\/strong> municipality, hrozba v\u00fdpadku elektrick\u00e9 energie, odolnost, bezpe\u010dnost \u00fazem\u00ed, obyvatelstvo, bezpe\u010dnostn\u011b v\u00fdznamn\u00e9 objekty.<\/p>\n<hr \/>\n<p><a href=\"https:\/\/veda.polac.cz\/?page_id=6532\">Zp\u011bt<\/a><\/p>\n","protected":false},"excerpt":{"rendered":"<p>Resum\u00e9 \u010dl\u00e1nku Hodnocen\u00ed bezpe\u010dnosti \u00fazem\u00ed ve vazb\u011b na rozs\u00e1hl\u00fd v\u00fdpadek elektrick\u00e9 energie PhDr. Tom\u00e1\u0161 Fr\u00f6hlich, DiS., SECURU s.r.o., \u010cesk\u00e9 vysok\u00e9 u\u010den\u00ed technick\u00e9 v\u00a0Praze, Fakulta biomedic\u00ednsk\u00e9ho in\u017een\u00fdrstv\u00ed, Odd\u011blen\u00ed zdravotn\u00ed p\u00e9\u010de a ochrany obyvatelstva Ing. Ji\u0159\u00ed Slab\u00fd, Ph.D., SECURU s.r.o. doc. Mgr. Zden\u011bk Hon, Ph.D., prof. MUDr. Leo\u0161 Navr\u00e1til, CSc., MBA, dr.h.c., \u010cesk\u00e9 vysok\u00e9 u\u010den\u00ed technick\u00e9 v\u00a0Praze, [&hellip;]<\/p>\n","protected":false},"author":6,"featured_media":0,"parent":0,"menu_order":0,"comment_status":"closed","ping_status":"closed","template":"","meta":{"footnotes":""},"class_list":["post-6545","page","type-page","status-publish","hentry"],"_links":{"self":[{"href":"https:\/\/veda.polac.cz\/index.php?rest_route=\/wp\/v2\/pages\/6545","targetHints":{"allow":["GET"]}}],"collection":[{"href":"https:\/\/veda.polac.cz\/index.php?rest_route=\/wp\/v2\/pages"}],"about":[{"href":"https:\/\/veda.polac.cz\/index.php?rest_route=\/wp\/v2\/types\/page"}],"author":[{"embeddable":true,"href":"https:\/\/veda.polac.cz\/index.php?rest_route=\/wp\/v2\/users\/6"}],"replies":[{"embeddable":true,"href":"https:\/\/veda.polac.cz\/index.php?rest_route=%2Fwp%2Fv2%2Fcomments&post=6545"}],"version-history":[{"count":1,"href":"https:\/\/veda.polac.cz\/index.php?rest_route=\/wp\/v2\/pages\/6545\/revisions"}],"predecessor-version":[{"id":6546,"href":"https:\/\/veda.polac.cz\/index.php?rest_route=\/wp\/v2\/pages\/6545\/revisions\/6546"}],"wp:attachment":[{"href":"https:\/\/veda.polac.cz\/index.php?rest_route=%2Fwp%2Fv2%2Fmedia&parent=6545"}],"curies":[{"name":"wp","href":"https:\/\/api.w.org\/{rel}","templated":true}]}}