{"id":6538,"date":"2021-10-25T10:39:05","date_gmt":"2021-10-25T10:39:05","guid":{"rendered":"https:\/\/veda.polac.cz\/?page_id=6538"},"modified":"2021-10-25T10:39:05","modified_gmt":"2021-10-25T10:39:05","slug":"6538-2","status":"publish","type":"page","link":"https:\/\/veda.polac.cz\/?page_id=6538","title":{"rendered":""},"content":{"rendered":"<p style=\"text-align: center;\">Resum\u00e9 \u010dl\u00e1nku<\/p>\n<p><strong>Rakousk\u00fd isl\u00e1msk\u00fd z\u00e1kon mezi n\u00e1bo\u017eenstv\u00edm a bezpe\u010dnost\u00ed<\/strong><\/p>\n<p><em>doc. Dr. iur. Harald Christian Scheu, Mag. Phil., Ph.D., Policejn\u00ed akademie \u010cesk\u00e9 republiky v Praze, <\/em><em>katedra ve\u0159ejn\u00e9ho pr\u00e1va<\/em><\/p>\n<p>\u010cl\u00e1nek se zab\u00fdv\u00e1 vztahem mezi n\u00e1bo\u017eenstv\u00edm a bezpe\u010dnost\u00ed z pohledu rakousk\u00e9ho z\u00e1kona o isl\u00e1mu z roku 2015. Autor ukazuje, jak tento z\u00e1kon zam\u011b\u0159en\u00fd na ot\u00e1zky v\u00fdkonu n\u00e1bo\u017eenstv\u00ed \u0159e\u0161\u00ed probl\u00e9m ve\u0159ejn\u00e9 bezpe\u010dnosti. Nejprve je stru\u010dn\u011b p\u0159edstavena geneze rakousk\u00e9ho z\u00e1kona o isl\u00e1mu v \u0161ir\u0161\u00edch historick\u00fdch souvislostech. Pot\u00e9 autor poukazuje na relevantn\u00ed bezpe\u010dnostn\u00ed ot\u00e1zky obsa\u017een\u00e9 v z\u00e1kon\u011b. V posledn\u00ed \u010d\u00e1sti studie autor analyzuje aktu\u00e1ln\u00ed n\u00e1vrh novely z\u00e1kona o isl\u00e1mu, kter\u00fd byl rakouskou vl\u00e1dou p\u0159edlo\u017een v prosinci 2020.<\/p>\n<p><strong>Kl\u00ed\u010dov\u00e1 slova:<\/strong> N\u00e1bo\u017eenstv\u00ed, pr\u00e1vo, politick\u00fd isl\u00e1m, bezpe\u010dnost, Rakousko, financov\u00e1n\u00ed ze zahrani\u010d\u00ed, diskriminace.<\/p>\n<hr \/>\n<p><a href=\"https:\/\/veda.polac.cz\/?page_id=6532\">Zp\u011bt<\/a><\/p>\n","protected":false},"excerpt":{"rendered":"<p>Resum\u00e9 \u010dl\u00e1nku Rakousk\u00fd isl\u00e1msk\u00fd z\u00e1kon mezi n\u00e1bo\u017eenstv\u00edm a bezpe\u010dnost\u00ed doc. Dr. iur. Harald Christian Scheu, Mag. Phil., Ph.D., Policejn\u00ed akademie \u010cesk\u00e9 republiky v Praze, katedra ve\u0159ejn\u00e9ho pr\u00e1va \u010cl\u00e1nek se zab\u00fdv\u00e1 vztahem mezi n\u00e1bo\u017eenstv\u00edm a bezpe\u010dnost\u00ed z pohledu rakousk\u00e9ho z\u00e1kona o isl\u00e1mu z roku 2015. Autor ukazuje, jak tento z\u00e1kon zam\u011b\u0159en\u00fd na ot\u00e1zky v\u00fdkonu n\u00e1bo\u017eenstv\u00ed \u0159e\u0161\u00ed [&hellip;]<\/p>\n","protected":false},"author":6,"featured_media":0,"parent":0,"menu_order":0,"comment_status":"closed","ping_status":"closed","template":"","meta":{"footnotes":""},"class_list":["post-6538","page","type-page","status-publish","hentry"],"_links":{"self":[{"href":"https:\/\/veda.polac.cz\/index.php?rest_route=\/wp\/v2\/pages\/6538","targetHints":{"allow":["GET"]}}],"collection":[{"href":"https:\/\/veda.polac.cz\/index.php?rest_route=\/wp\/v2\/pages"}],"about":[{"href":"https:\/\/veda.polac.cz\/index.php?rest_route=\/wp\/v2\/types\/page"}],"author":[{"embeddable":true,"href":"https:\/\/veda.polac.cz\/index.php?rest_route=\/wp\/v2\/users\/6"}],"replies":[{"embeddable":true,"href":"https:\/\/veda.polac.cz\/index.php?rest_route=%2Fwp%2Fv2%2Fcomments&post=6538"}],"version-history":[{"count":1,"href":"https:\/\/veda.polac.cz\/index.php?rest_route=\/wp\/v2\/pages\/6538\/revisions"}],"predecessor-version":[{"id":6540,"href":"https:\/\/veda.polac.cz\/index.php?rest_route=\/wp\/v2\/pages\/6538\/revisions\/6540"}],"wp:attachment":[{"href":"https:\/\/veda.polac.cz\/index.php?rest_route=%2Fwp%2Fv2%2Fmedia&parent=6538"}],"curies":[{"name":"wp","href":"https:\/\/api.w.org\/{rel}","templated":true}]}}