{"id":652,"date":"2018-09-13T18:49:33","date_gmt":"2018-09-13T18:49:33","guid":{"rendered":"http:\/\/veda.polac.cz\/?page_id=652"},"modified":"2018-10-27T18:53:05","modified_gmt":"2018-10-27T18:53:05","slug":"2-2","status":"publish","type":"page","link":"https:\/\/veda.polac.cz\/?page_id=652","title":{"rendered":""},"content":{"rendered":"<p style=\"text-align: center;\">Resum\u00e9 \u010dl\u00e1nku<\/p>\n<p><strong>Propaga\u010dn\u00ed n\u00e1stroje a t\u00e9mata extremismu v \u010cR &#8211; v\u00fdstupy v\u00fdzkumn\u00e9ho projektu &#8211; II. \u010d\u00e1st<\/strong><br \/>\n<i>pplk. Mgr. Barbora Vegrichtov\u00e1, Ph.D., MBA., Fakulta bezpe\u010dnostn\u011b pr\u00e1vn\u00ed PA \u010cR v Praze, katedra krimin\u00e1ln\u00ed policie<\/p>\n<p><\/i>\u010cl\u00e1nek p\u0159edstavuje v\u00fdzkumn\u00fd projekt zam\u011b\u0159en\u00fd na propaga\u010dn\u00ed n\u00e1stroje a t\u00e9mata extremismu. V detailn\u00ed podob\u011b jsou zde pops\u00e1ny metody pou\u017eit\u00e9 p\u0159i v\u00fdzkumu, anal\u00fdza dat a jejich vyhodnocen\u00ed a interpretace nejv\u00fdznamn\u011bj\u0161\u00edch v\u00fdstup\u016f. Hlavn\u00edm c\u00edlem projektu je p\u0159isp\u011bt k zefektivn\u011bn\u00ed procesu odhalov\u00e1n\u00ed, identifikace a vy\u0161et\u0159ov\u00e1n\u00ed trestn\u00e9 \u010dinnosti s extremistick\u00fdm podtextem v \u010cesk\u00e9 republice.<br \/>\n<strong>Kl\u00ed\u010dov\u00e1 slova:<\/strong>\u00a0extremismus, extremistick\u00fd projev, identifikace, odhalov\u00e1n\u00ed, propaganda.<i><br \/>\n<\/i><\/p>\n<p><a href=\"https:\/\/veda.polac.cz\/?page_id=648\">03\/2015<\/a><\/p>\n","protected":false},"excerpt":{"rendered":"<p>Resum\u00e9 \u010dl\u00e1nku Propaga\u010dn\u00ed n\u00e1stroje a t\u00e9mata extremismu v \u010cR &#8211; v\u00fdstupy v\u00fdzkumn\u00e9ho projektu &#8211; II. \u010d\u00e1st pplk. Mgr. Barbora Vegrichtov\u00e1, Ph.D., MBA., Fakulta bezpe\u010dnostn\u011b pr\u00e1vn\u00ed PA \u010cR v Praze, katedra krimin\u00e1ln\u00ed policie \u010cl\u00e1nek p\u0159edstavuje v\u00fdzkumn\u00fd projekt zam\u011b\u0159en\u00fd na propaga\u010dn\u00ed n\u00e1stroje a t\u00e9mata extremismu. V detailn\u00ed podob\u011b jsou zde pops\u00e1ny metody pou\u017eit\u00e9 p\u0159i v\u00fdzkumu, anal\u00fdza dat [&hellip;]<\/p>\n","protected":false},"author":2,"featured_media":0,"parent":648,"menu_order":2,"comment_status":"closed","ping_status":"closed","template":"","meta":{"footnotes":""},"class_list":["post-652","page","type-page","status-publish","hentry"],"_links":{"self":[{"href":"https:\/\/veda.polac.cz\/index.php?rest_route=\/wp\/v2\/pages\/652","targetHints":{"allow":["GET"]}}],"collection":[{"href":"https:\/\/veda.polac.cz\/index.php?rest_route=\/wp\/v2\/pages"}],"about":[{"href":"https:\/\/veda.polac.cz\/index.php?rest_route=\/wp\/v2\/types\/page"}],"author":[{"embeddable":true,"href":"https:\/\/veda.polac.cz\/index.php?rest_route=\/wp\/v2\/users\/2"}],"replies":[{"embeddable":true,"href":"https:\/\/veda.polac.cz\/index.php?rest_route=%2Fwp%2Fv2%2Fcomments&post=652"}],"version-history":[{"count":2,"href":"https:\/\/veda.polac.cz\/index.php?rest_route=\/wp\/v2\/pages\/652\/revisions"}],"predecessor-version":[{"id":672,"href":"https:\/\/veda.polac.cz\/index.php?rest_route=\/wp\/v2\/pages\/652\/revisions\/672"}],"up":[{"embeddable":true,"href":"https:\/\/veda.polac.cz\/index.php?rest_route=\/wp\/v2\/pages\/648"}],"wp:attachment":[{"href":"https:\/\/veda.polac.cz\/index.php?rest_route=%2Fwp%2Fv2%2Fmedia&parent=652"}],"curies":[{"name":"wp","href":"https:\/\/api.w.org\/{rel}","templated":true}]}}