{"id":6449,"date":"2021-07-09T12:38:19","date_gmt":"2021-07-09T12:38:19","guid":{"rendered":"https:\/\/veda.polac.cz\/?page_id=6449"},"modified":"2021-07-09T13:03:24","modified_gmt":"2021-07-09T13:03:24","slug":"6449-2","status":"publish","type":"page","link":"https:\/\/veda.polac.cz\/?page_id=6449","title":{"rendered":""},"content":{"rendered":"<p style=\"text-align: center;\">Resum\u00e9 \u010dl\u00e1nku<\/p>\n<p><strong>Techniky neutralizace a motivy trestn\u00e9 \u010dinnosti v\u011bzn\u011bn\u00fdch osob<\/strong><\/p>\n<p><em>PhDr. Marcela Moulisov\u00e1, Ph.D., Policejn\u00ed akademie \u010cesk\u00e9 republiky v\u00a0Praze, Fakulta bezpe\u010dnostn\u011b pr\u00e1vn\u00ed, katedra kriminologie<\/em><\/p>\n<p>V\u00a0r. 2019 byl proveden v\u00fdzkum v\u011bzn\u011bn\u00fdch osob (400 mu\u017e\u016f a 200 \u017een). Zji\u0161\u0165ovalo se za prv\u00e9, jak pachatel\u00e9 pou\u017e\u00edvaj\u00ed techniky neutralizace (Sykes a Matza, 1957) jako prost\u0159edku sebeomluvy sv\u00e9ho \u010dinu. Za druh\u00e9 byly sledov\u00e1ny souvislosti mezi pou\u017eit\u00edm dan\u00e9 techniky a charakteristikami osob a motivy jejich trestn\u00e9 \u010dinnosti, za kterou jsou ve v\u011bzen\u00ed. Zji\u0161t\u011bn\u00ed v\u00fdzkumu byla porovn\u00e1v\u00e1na s\u00a0v\u00fdsledky v\u00fdzkumu v\u011bzn\u011bn\u00fdch osob z\u00a0r. 2011, kter\u00fd sledoval n\u011bkter\u00e9 stejn\u00e9 prom\u011bnn\u00e9.<br \/>\nUk\u00e1zalo se, \u017ee i p\u0159es ur\u010dit\u00e9 rozd\u00edly byla v\u00a0\u0159ad\u011b p\u0159\u00edpad\u016f zji\u0161t\u011bn\u00ed z\u00a0obou v\u00fdzkum\u016f shodn\u00e1. Pou\u017eit\u00ed jednotliv\u00fdch technik neutralizace m\u011blo souvislost s n\u011bkter\u00fdmi charakteristikami pachatel\u016f a motivy jejich trestn\u00e9 \u010dinnosti. Zd\u00e1 se v\u0161ak, \u017ee motivy \u010dinu v tom m\u011bly v\u00a0tom v\u00fdrazn\u011bj\u0161\u00ed \u00falohu. Uk\u00e1zalo se tak\u00e9, \u017ee motivem trestn\u00e9 \u010dinnosti velk\u00e9 \u010d\u00e1sti pachatel\u016f, kte\u0159\u00ed byli odsouzeni za majetkov\u00e9 a n\u00e1siln\u00e9 trestn\u00e9 \u010diny, byly drogy.<\/p>\n<p><strong>Kl\u00ed\u010dov\u00e1 slova:<\/strong> techniky neutralizace, motivy trestn\u00e9 \u010dinnosti, v\u011bzn\u011bn\u00e9 osoby, v\u00fdzkum.<\/p>\n<hr \/>\n<p><a href=\"https:\/\/veda.polac.cz\/?page_id=6436\">Zp\u011bt<\/a><\/p>\n","protected":false},"excerpt":{"rendered":"<p>Resum\u00e9 \u010dl\u00e1nku Techniky neutralizace a motivy trestn\u00e9 \u010dinnosti v\u011bzn\u011bn\u00fdch osob PhDr. Marcela Moulisov\u00e1, Ph.D., Policejn\u00ed akademie \u010cesk\u00e9 republiky v\u00a0Praze, Fakulta bezpe\u010dnostn\u011b pr\u00e1vn\u00ed, katedra kriminologie V\u00a0r. 2019 byl proveden v\u00fdzkum v\u011bzn\u011bn\u00fdch osob (400 mu\u017e\u016f a 200 \u017een). Zji\u0161\u0165ovalo se za prv\u00e9, jak pachatel\u00e9 pou\u017e\u00edvaj\u00ed techniky neutralizace (Sykes a Matza, 1957) jako prost\u0159edku sebeomluvy sv\u00e9ho \u010dinu. Za [&hellip;]<\/p>\n","protected":false},"author":6,"featured_media":0,"parent":0,"menu_order":0,"comment_status":"closed","ping_status":"closed","template":"","meta":{"footnotes":""},"class_list":["post-6449","page","type-page","status-publish","hentry"],"_links":{"self":[{"href":"https:\/\/veda.polac.cz\/index.php?rest_route=\/wp\/v2\/pages\/6449","targetHints":{"allow":["GET"]}}],"collection":[{"href":"https:\/\/veda.polac.cz\/index.php?rest_route=\/wp\/v2\/pages"}],"about":[{"href":"https:\/\/veda.polac.cz\/index.php?rest_route=\/wp\/v2\/types\/page"}],"author":[{"embeddable":true,"href":"https:\/\/veda.polac.cz\/index.php?rest_route=\/wp\/v2\/users\/6"}],"replies":[{"embeddable":true,"href":"https:\/\/veda.polac.cz\/index.php?rest_route=%2Fwp%2Fv2%2Fcomments&post=6449"}],"version-history":[{"count":2,"href":"https:\/\/veda.polac.cz\/index.php?rest_route=\/wp\/v2\/pages\/6449\/revisions"}],"predecessor-version":[{"id":6470,"href":"https:\/\/veda.polac.cz\/index.php?rest_route=\/wp\/v2\/pages\/6449\/revisions\/6470"}],"wp:attachment":[{"href":"https:\/\/veda.polac.cz\/index.php?rest_route=%2Fwp%2Fv2%2Fmedia&parent=6449"}],"curies":[{"name":"wp","href":"https:\/\/api.w.org\/{rel}","templated":true}]}}