{"id":633,"date":"2018-09-13T18:41:45","date_gmt":"2018-09-13T18:41:45","guid":{"rendered":"http:\/\/veda.polac.cz\/?page_id=633"},"modified":"2018-10-27T18:53:05","modified_gmt":"2018-10-27T18:53:05","slug":"10-2","status":"publish","type":"page","link":"https:\/\/veda.polac.cz\/?page_id=633","title":{"rendered":""},"content":{"rendered":"<p style=\"text-align: center;\">Resum\u00e9 \u010dl\u00e1nku<\/p>\n<p><strong>Vzd\u011bl\u00e1v\u00e1n\u00ed a v\u00fdcvik v oblasti povod\u0148ov\u00e9 ochrany s vyu\u017eit\u00edm simula\u010dn\u00edch technologi\u00ed<br \/>\n<\/strong><i>JUDr. Karin Plincnerov\u00e1, Ing. Zden\u011bk Rathausk\u00fd, Mgr. So\u0148a Cemp\u00edrkov\u00e1, Centrum pro bezpe\u010dn\u00fd st\u00e1t o.s.<\/p>\n<p><\/i>\u010cl\u00e1nek pojedn\u00e1v\u00e1 o mo\u017enostech zapojen\u00ed simula\u010dn\u00edch technologi\u00ed do procesu vzd\u011bl\u00e1v\u00e1n\u00ed v oblasti krizov\u00e9ho \u0159\u00edzen\u00ed, konkr\u00e9tn\u011b povod\u0148ov\u00e9 ochrany. Popisuje projekt vyv\u00edjen\u00fd v r\u00e1mci bezpe\u010dnostn\u00edho v\u00fdzkumu, kter\u00fd si klade za c\u00edl zlep\u0161it vzd\u011bl\u00e1v\u00e1n\u00ed a v\u00fdcvik v t\u00e9to oblasti a popisuje jednotliv\u00e9 f\u00e1ze procesu a v\u00fdsledk\u016f tohoto projektu. Hlavn\u00ed v\u00fdsledek v\u00fdzkumu &#8211; Simul\u00e1tor 3D povode\u0148 je pops\u00e1n z hlediska z\u00e1kladn\u00edch funkc\u00ed a potenci\u00e1lu jeho dal\u0161\u00edho vyu\u017eit\u00ed v praxi. V\u011bdomostn\u00ed b\u00e1zi problematiky vhodn\u011b dopl\u0148uje I p\u0159\u00edru\u010dka s podp\u016frn\u00fdm webem, kterou \u010dl\u00e1nek tak\u00e9 zmi\u0148uje spolu s mo\u017enost\u00ed z\u00edsk\u00e1n\u00ed p\u0159ehledu o mo\u017enostech financov\u00e1n\u00ed opat\u0159en\u00ed na ochranu p\u0159ed mimo\u0159\u00e1dn\u00fdmi ud\u00e1lostmi a jejich \u0159e\u0161en\u00ed.<br \/>\n<strong>Kl\u00ed\u010dov\u00e1 slova:\u00a0<\/strong>povode\u0148, simul\u00e1tor, vzd\u011bl\u00e1v\u00e1n\u00ed, v\u00fdcvik, financov\u00e1n\u00ed.<\/p>\n<p><a href=\"https:\/\/veda.polac.cz\/?page_id=610\">04\/2015<\/a><\/p>\n","protected":false},"excerpt":{"rendered":"<p>Resum\u00e9 \u010dl\u00e1nku Vzd\u011bl\u00e1v\u00e1n\u00ed a v\u00fdcvik v oblasti povod\u0148ov\u00e9 ochrany s vyu\u017eit\u00edm simula\u010dn\u00edch technologi\u00ed JUDr. Karin Plincnerov\u00e1, Ing. Zden\u011bk Rathausk\u00fd, Mgr. So\u0148a Cemp\u00edrkov\u00e1, Centrum pro bezpe\u010dn\u00fd st\u00e1t o.s. \u010cl\u00e1nek pojedn\u00e1v\u00e1 o mo\u017enostech zapojen\u00ed simula\u010dn\u00edch technologi\u00ed do procesu vzd\u011bl\u00e1v\u00e1n\u00ed v oblasti krizov\u00e9ho \u0159\u00edzen\u00ed, konkr\u00e9tn\u011b povod\u0148ov\u00e9 ochrany. Popisuje projekt vyv\u00edjen\u00fd v r\u00e1mci bezpe\u010dnostn\u00edho v\u00fdzkumu, kter\u00fd si klade za [&hellip;]<\/p>\n","protected":false},"author":2,"featured_media":0,"parent":610,"menu_order":10,"comment_status":"closed","ping_status":"closed","template":"","meta":{"footnotes":""},"class_list":["post-633","page","type-page","status-publish","hentry"],"_links":{"self":[{"href":"https:\/\/veda.polac.cz\/index.php?rest_route=\/wp\/v2\/pages\/633","targetHints":{"allow":["GET"]}}],"collection":[{"href":"https:\/\/veda.polac.cz\/index.php?rest_route=\/wp\/v2\/pages"}],"about":[{"href":"https:\/\/veda.polac.cz\/index.php?rest_route=\/wp\/v2\/types\/page"}],"author":[{"embeddable":true,"href":"https:\/\/veda.polac.cz\/index.php?rest_route=\/wp\/v2\/users\/2"}],"replies":[{"embeddable":true,"href":"https:\/\/veda.polac.cz\/index.php?rest_route=%2Fwp%2Fv2%2Fcomments&post=633"}],"version-history":[{"count":2,"href":"https:\/\/veda.polac.cz\/index.php?rest_route=\/wp\/v2\/pages\/633\/revisions"}],"predecessor-version":[{"id":642,"href":"https:\/\/veda.polac.cz\/index.php?rest_route=\/wp\/v2\/pages\/633\/revisions\/642"}],"up":[{"embeddable":true,"href":"https:\/\/veda.polac.cz\/index.php?rest_route=\/wp\/v2\/pages\/610"}],"wp:attachment":[{"href":"https:\/\/veda.polac.cz\/index.php?rest_route=%2Fwp%2Fv2%2Fmedia&parent=633"}],"curies":[{"name":"wp","href":"https:\/\/api.w.org\/{rel}","templated":true}]}}