{"id":629,"date":"2018-09-13T18:39:42","date_gmt":"2018-09-13T18:39:42","guid":{"rendered":"http:\/\/veda.polac.cz\/?page_id=629"},"modified":"2018-10-27T18:53:04","modified_gmt":"2018-10-27T18:53:04","slug":"8-2","status":"publish","type":"page","link":"https:\/\/veda.polac.cz\/?page_id=629","title":{"rendered":""},"content":{"rendered":"<p style=\"text-align: center;\">Resum\u00e9 \u010dl\u00e1nku<\/p>\n<p><strong>Cezhrani\u010dn\u00e1 v\u00fdmena inform\u00e1ci\u00ed o dopravn\u00fdch deliktoch &#8211; EUCARIS<br \/>\n<\/strong><i>JUDr. Jana Morav\u010d\u00edkov\u00e1, Ministerstvo dopravy, v\u00fdstavby a region\u00e1lneho rozvoja Slovenskej republiky, pr\u00e1vny odbor<\/p>\n<p><\/i>Zlep\u0161ovanie bezpe\u010dnosti cestnej prem\u00e1vky je prvorad\u00fdm cie\u013eom dopravnej politiky Eur\u00f3pskej \u00fanie. V\u00fdznamn\u00fdm prvkom tejto politiky je jednotn\u00e9 uplat\u0148ovanie sankci\u00ed za dopravn\u00e9 delikty, ktor\u00e9 boli sp\u00e1chan\u00e9 kdeko\u013evek v \u00danii, ktor\u00e9 zna\u010dne ohrozuj\u00fa bezpe\u010dnos\u0165 cestnej prem\u00e1vky. S cie\u013eom zlep\u0161i\u0165 bezpe\u010dnos\u0165 cestnej prem\u00e1vky v celej \u00danii a zabezpe\u010di\u0165 rovnak\u00e9 zaobch\u00e1dzanie s vodi\u010dmi, konkr\u00e9tne s p\u00e1chate\u013emi, ktor\u00ed maj\u00fa pobyt v pr\u00edslu\u0161nom \u010dlenskom \u0161t\u00e1te a s p\u00e1chate\u013emi, ktor\u00ed pobyt v pr\u00edslu\u0161nom \u010dlenskom \u0161t\u00e1te nemaj\u00fa, by sa malo zjednodu\u0161i\u0165 presadzovanie pravidiel bez oh\u013eadu na to, v ktorom \u010dlenskom \u0161t\u00e1te je vozidlo evidovan\u00e9. Na tieto \u00fa\u010dely by sa mal pou\u017e\u00edva\u0165 syst\u00e9m cezhrani\u010dnej v\u00fdmeny inform\u00e1ci\u00ed pre niektor\u00e9 ur\u010den\u00e9 dopravn\u00e9 delikty s\u00favisiace s bezpe\u010dnos\u0165ou cestnej prem\u00e1vky bez oh\u013eadu na ich administrat\u00edvnu alebo trestnopr\u00e1vnu povahu vypl\u00fdvaj\u00facu z pr\u00e1va dotknut\u00e9ho \u010dlensk\u00e9ho \u0161t\u00e1tu, \u010d\u00edm by sa \u010dlensk\u00e9mu \u0161t\u00e1tu deliktu umo\u017enil pr\u00edstup k \u00fadajom o evidencii vozidla \u010dlensk\u00e9ho \u0161t\u00e1tu evidencie. Efekt\u00edvnej\u0161ia cezhrani\u010dn\u00e1 v\u00fdmena \u00fadajov o evidencii vozidiel, ktor\u00e1 by mala u\u013eah\u010di\u0165 identifik\u00e1ciu os\u00f4b podozriv\u00fdch zo sp\u00e1chania dopravn\u00e9ho deliktu s\u00favisiaceho s bezpe\u010dnos\u0165ou cestnej prem\u00e1vky, m\u00f4\u017ee zv\u00fd\u0161i\u0165 odradzuj\u00faci \u00fa\u010dinok a vies\u0165 k opatrnej\u0161iemu spr\u00e1vaniu vodi\u010da vozidla evidovan\u00e9ho v inom \u010dlenskom \u0161t\u00e1te, ako je \u0161t\u00e1t, v ktorom bol delikt sp\u00e1chan\u00fd, \u010d\u00edm sa pred\u00edde ujm\u00e1m na zdrav\u00ed a \u00famrtiam v d\u00f4sledku dopravn\u00fdch neh\u00f4d.<br \/>\n<strong>K\u013e\u00fa\u010dov\u00e9 slov\u00e1:<\/strong>\u00a0dopravn\u00fd delikt, cezhrani\u010dn\u00e1 v\u00fdmena inform\u00e1ci\u00ed, \u00fadaje o registr\u00e1cii vozidla, vlastn\u00edk vozidla, dr\u017eite\u013e vozidla, EUCARIS.<\/p>\n<p><a href=\"https:\/\/veda.polac.cz\/?page_id=610\">04\/2015<\/a><\/p>\n","protected":false},"excerpt":{"rendered":"<p>Resum\u00e9 \u010dl\u00e1nku Cezhrani\u010dn\u00e1 v\u00fdmena inform\u00e1ci\u00ed o dopravn\u00fdch deliktoch &#8211; EUCARIS JUDr. Jana Morav\u010d\u00edkov\u00e1, Ministerstvo dopravy, v\u00fdstavby a region\u00e1lneho rozvoja Slovenskej republiky, pr\u00e1vny odbor Zlep\u0161ovanie bezpe\u010dnosti cestnej prem\u00e1vky je prvorad\u00fdm cie\u013eom dopravnej politiky Eur\u00f3pskej \u00fanie. V\u00fdznamn\u00fdm prvkom tejto politiky je jednotn\u00e9 uplat\u0148ovanie sankci\u00ed za dopravn\u00e9 delikty, ktor\u00e9 boli sp\u00e1chan\u00e9 kdeko\u013evek v \u00danii, ktor\u00e9 zna\u010dne ohrozuj\u00fa bezpe\u010dnos\u0165 [&hellip;]<\/p>\n","protected":false},"author":2,"featured_media":0,"parent":610,"menu_order":8,"comment_status":"closed","ping_status":"closed","template":"","meta":{"footnotes":""},"class_list":["post-629","page","type-page","status-publish","hentry"],"_links":{"self":[{"href":"https:\/\/veda.polac.cz\/index.php?rest_route=\/wp\/v2\/pages\/629","targetHints":{"allow":["GET"]}}],"collection":[{"href":"https:\/\/veda.polac.cz\/index.php?rest_route=\/wp\/v2\/pages"}],"about":[{"href":"https:\/\/veda.polac.cz\/index.php?rest_route=\/wp\/v2\/types\/page"}],"author":[{"embeddable":true,"href":"https:\/\/veda.polac.cz\/index.php?rest_route=\/wp\/v2\/users\/2"}],"replies":[{"embeddable":true,"href":"https:\/\/veda.polac.cz\/index.php?rest_route=%2Fwp%2Fv2%2Fcomments&post=629"}],"version-history":[{"count":2,"href":"https:\/\/veda.polac.cz\/index.php?rest_route=\/wp\/v2\/pages\/629\/revisions"}],"predecessor-version":[{"id":640,"href":"https:\/\/veda.polac.cz\/index.php?rest_route=\/wp\/v2\/pages\/629\/revisions\/640"}],"up":[{"embeddable":true,"href":"https:\/\/veda.polac.cz\/index.php?rest_route=\/wp\/v2\/pages\/610"}],"wp:attachment":[{"href":"https:\/\/veda.polac.cz\/index.php?rest_route=%2Fwp%2Fv2%2Fmedia&parent=629"}],"curies":[{"name":"wp","href":"https:\/\/api.w.org\/{rel}","templated":true}]}}